-- Table structure for table `Distributions`
--

CREATE TABLE `Distributions` (
  `id` int NOT NULL AUTO_INCREMENT,
  `ModelCategorySizeID` int NOT NULL,
  `DistributionPercentage` int DEFAULT NULL,
  `isActive` tinyint(1) NOT NULL,
  `createdBy` varchar(255) NOT NULL,
  `updatedBy` varchar(255) DEFAULT NULL,
  `createdAt` datetime NOT NULL,
  `updatedAt` datetime NOT NULL,
  PRIMARY KEY (`id`),
  KEY `ModelCategorySizeID` (`ModelCategorySizeID`),
  CONSTRAINT `Distributions_ibfk_1` FOREIGN KEY (`ModelCategorySizeID`) REFERENCES `ApplicationCategorySizes` (`id`),
  CONSTRAINT `Distributions_ibfk_2` FOREIGN KEY (`ModelCategorySizeID`) REFERENCES `ApplicationCategorySizes` (`id`)
) ENGINE=InnoDB AUTO_INCREMENT=111 DEFAULT CHARSET=utf8mb4 COLLATE=utf8mb4_0900_ai_ci;

--
-- Dumping data for table `Distributions`
--

INSERT INTO `Distributions` VALUES (1,1,100,1,'GCG','GCG','2024-05-06 10:51:50','2024-05-06 10:51:50'),(2,10,45,1,'GCG','GCG','2024-05-06 10:51:50','2024-05-06 10:51:50'),(3,2,27,1,'GCG','GCG','2024-05-06 10:51:50','2024-05-06 10:51:50'),(4,3,10,1,'GCG','GCG','2024-05-06 10:51:50','2024-05-06 10:51:50'),(5,11,150,1,'GCG','GCG','2024-05-06 10:51:50','2024-05-06 10:51:50'),(6,12,100,1,'GCG','GCG','2024-05-06 10:51:50','2024-05-06 10:51:50'),(7,13,50,1,'GCG','GCG','2024-05-06 10:51:50','2024-05-06 10:51:50'),(8,4,0,1,'GCG','GCG','2024-05-06 10:51:50','2024-05-06 10:51:50'),(9,5,0,1,'GCG','GCG','2024-05-06 10:51:50','2024-05-06 10:51:50'),(10,6,0,1,'GCG','GCG','2024-05-06 10:51:50','2024-05-06 10:51:50'),(11,7,0,1,'GCG','GCG','2024-05-06 10:51:50','2024-05-06 10:51:50'),(12,14,0,1,'GCG','GCG','2024-05-06 10:51:50','2024-05-06 10:51:50'),(13,15,0,1,'GCG','GCG','2024-05-06 10:51:50','2024-05-06 10:51:50'),(14,16,0,1,'GCG','GCG','2024-05-06 10:51:50','2024-05-06 10:51:50'),(15,17,200,1,'GCG','GCG','2024-05-06 10:51:50','2024-05-06 10:51:50'),(16,18,150,1,'GCG','GCG','2024-05-06 10:51:50','2024-05-06 10:51:50'),(17,19,100,1,'GCG','GCG','2024-05-06 10:51:50','2024-05-06 10:51:50'),(18,20,30,1,'GCG','GCG','2024-05-06 10:51:50','2024-05-06 10:51:50'),(19,21,200,1,'GCG','GCG','2024-05-06 10:51:50','2024-05-06 10:51:50'),(20,22,100,1,'GCG','GCG','2024-05-06 10:51:50','2024-05-06 10:51:50'),(21,23,35,1,'GCG','GCG','2024-05-06 10:51:50','2024-05-06 10:51:50'),(22,24,180,1,'GCG','GCG','2024-05-06 10:51:50','2024-05-06 10:51:50'),(23,25,145,1,'GCG','GCG','2024-05-06 10:51:50','2024-05-06 10:51:50'),(24,26,100,1,'GCG','GCG','2024-05-06 10:51:50','2024-05-06 10:51:50'),(25,27,40,1,'GCG','GCG','2024-05-06 10:51:50','2024-05-06 10:51:50'),(26,28,200,1,'GCG','GCG','2024-05-06 10:51:50','2024-05-06 10:51:50'),(27,29,150,1,'GCG','GCG','2024-05-06 10:51:50','2024-05-06 10:51:50'),(28,30,100,1,'GCG','GCG','2024-05-06 10:51:50','2024-05-06 10:51:50'),(29,31,35,1,'GCG','GCG','2024-05-06 10:51:50','2024-05-06 10:51:50'),(30,32,100,1,'GCG','GCG','2024-05-06 10:51:50','2024-05-06 10:51:50'),(31,33,45,1,'GCG','GCG','2024-05-06 10:51:50','2024-05-06 10:51:50'),(32,34,20,1,'GCG','GCG','2024-05-06 10:51:50','2024-05-06 10:51:50'),(33,35,100,1,'GCG','GCG','2024-05-06 10:51:50','2024-05-06 10:51:50'),(34,36,60,1,'GCG','GCG','2024-05-06 10:51:50','2024-05-06 10:51:50'),(35,37,40,1,'GCG','GCG','2024-05-06 10:51:50','2024-05-06 10:51:50'),(36,38,100,1,'GCG','GCG','2024-05-06 10:51:50','2024-05-06 10:51:50'),(37,39,50,1,'GCG','GCG','2024-05-06 10:51:50','2024-05-06 10:51:50'),(38,40,0,1,'GCG','GCG','2024-05-06 10:51:50','2024-05-06 10:51:50'),(39,41,5,1,'GCG','GCG','2024-05-06 10:51:50','2024-05-06 10:51:50'),(40,42,100,1,'GCG','GCG','2024-05-06 10:51:50','2024-05-06 10:51:50'),(41,43,60,1,'GCG','GCG','2024-05-06 10:51:50','2024-05-06 10:51:50'),(42,44,40,1,'GCG','GCG','2024-05-06 10:51:50','2024-05-06 10:51:50'),(43,45,100,1,'GCG','GCG','2024-05-06 10:51:50','2024-05-06 10:51:50'),(44,46,60,1,'GCG','GCG','2024-05-06 10:51:50','2024-05-06 10:51:50'),(45,47,35,1,'GCG','GCG','2024-05-06 10:51:50','2024-05-06 10:51:50'),(46,48,100,1,'GCG','GCG','2024-05-06 10:51:50','2024-05-06 10:51:50'),(47,49,66,1,'GCG','GCG','2024-05-06 10:51:50','2024-05-06 10:51:50'),(48,50,33,1,'GCG','GCG','2024-05-06 10:51:50','2024-05-06 10:51:50'),(49,51,10,1,'GCG','GCG','2024-05-06 10:51:50','2024-05-06 10:51:50'),(50,52,0,1,'GCG','GCG','2024-05-06 10:51:50','2024-05-06 10:51:50'),(51,53,0,1,'GCG','GCG','2024-05-06 10:51:50','2024-05-06 10:51:50'),(52,54,0,1,'GCG','GCG','2024-05-06 10:51:50','2024-05-06 10:51:50'),(53,55,15,1,'GCG','GCG','2024-05-06 10:51:50','2024-05-06 10:51:50'),(54,56,15,1,'GCG','GCG','2024-05-06 10:51:50','2024-05-06 10:51:50'),(55,57,15,1,'GCG','GCG','2024-05-06 10:51:50','2024-05-06 10:51:50'),(56,58,100,1,'GCG','GCG','2024-05-06 10:51:50','2024-05-06 10:51:50'),(57,65,45,1,'GCG','GCG','2024-05-06 10:51:50','2024-05-06 10:51:50'),(58,59,27,1,'GCG','GCG','2024-05-06 10:51:50','2024-05-06 10:51:50'),(59,60,10,1,'GCG','GCG','2024-05-06 10:51:50','2024-05-06 10:51:50'),(60,66,150,1,'GCG','GCG','2024-05-06 10:51:50','2024-05-06 10:51:50'),(61,67,100,1,'GCG','GCG','2024-05-06 10:51:50','2024-05-06 10:51:50'),(62,68,50,1,'GCG','GCG','2024-05-06 10:51:50','2024-05-06 10:51:50'),(63,61,0,1,'GCG','GCG','2024-05-06 10:51:50','2024-05-06 10:51:50'),(64,62,0,1,'GCG','GCG','2024-05-06 10:51:50','2024-05-06 10:51:50'),(65,63,0,1,'GCG','GCG','2024-05-06 10:51:50','2024-05-06 10:51:50'),(66,64,0,1,'GCG','GCG','2024-05-06 10:51:50','2024-05-06 10:51:50'),(67,69,0,1,'GCG','GCG','2024-05-06 10:51:50','2024-05-06 10:51:50'),(68,70,0,1,'GCG','GCG','2024-05-06 10:51:50','2024-05-06 10:51:50'),(69,71,0,1,'GCG','GCG','2024-05-06 10:51:50','2024-05-06 10:51:50'),(70,72,200,1,'GCG','GCG','2024-05-06 10:51:50','2024-05-06 10:51:50'),(71,73,150,1,'GCG','GCG','2024-05-06 10:51:50','2024-05-06 10:51:50'),(72,74,100,1,'GCG','GCG','2024-05-06 10:51:50','2024-05-06 10:51:50'),(73,75,30,1,'GCG','GCG','2024-05-06 10:51:50','2024-05-06 10:51:50'),(74,76,200,1,'GCG','GCG','2024-05-06 10:51:50','2024-05-06 10:51:50'),(75,77,100,1,'GCG','GCG','2024-05-06 10:51:50','2024-05-06 10:51:50'),(76,78,35,1,'GCG','GCG','2024-05-06 10:51:50','2024-05-06 10:51:50'),(77,79,180,1,'GCG','GCG','2024-05-06 10:51:50','2024-05-06 10:51:50'),(78,80,145,1,'GCG','GCG','2024-05-06 10:51:50','2024-05-06 10:51:50'),(79,81,100,1,'GCG','GCG','2024-05-06 10:51:50','2024-05-06 10:51:50'),(80,82,40,1,'GCG','GCG','2024-05-06 10:51:50','2024-05-06 10:51:50'),(81,83,200,1,'GCG','GCG','2024-05-06 10:51:50','2024-05-06 10:51:50'),(82,84,150,1,'GCG','GCG','2024-05-06 10:51:50','2024-05-06 10:51:50'),(83,85,100,1,'GCG','GCG','2024-05-06 10:51:50','2024-05-06 10:51:50'),(84,86,35,1,'GCG','GCG','2024-05-06 10:51:50','2024-05-06 10:51:50'),(85,87,100,1,'GCG','GCG','2024-05-06 10:51:50','2024-05-06 10:51:50'),(86,88,45,1,'GCG','GCG','2024-05-06 10:51:50','2024-05-06 10:51:50'),(87,89,20,1,'GCG','GCG','2024-05-06 10:51:50','2024-05-06 10:51:50'),(88,90,100,1,'GCG','GCG','2024-05-06 10:51:50','2024-05-06 10:51:50'),(89,91,60,1,'GCG','GCG','2024-05-06 10:51:50','2024-05-06 10:51:50'),(90,92,40,1,'GCG','GCG','2024-05-06 10:51:50','2024-05-06 10:51:50'),(91,93,100,1,'GCG','GCG','2024-05-06 10:51:50','2024-05-06 10:51:50'),(92,94,50,1,'GCG','GCG','2024-05-06 10:51:50','2024-05-06 10:51:50'),(93,95,0,1,'GCG','GCG','2024-05-06 10:51:50','2024-05-06 10:51:50'),(94,96,5,1,'GCG','GCG','2024-05-06 10:51:50','2024-05-06 10:51:50'),(95,97,100,1,'GCG','GCG','2024-05-06 10:51:50','2024-05-06 10:51:50'),(96,98,60,1,'GCG','GCG','2024-05-06 10:51:50','2024-05-06 10:51:50'),(97,99,40,1,'GCG','GCG','2024-05-06 10:51:50','2024-05-06 10:51:50'),(98,100,100,1,'GCG','GCG','2024-05-06 10:51:50','2024-05-06 10:51:50'),(99,101,60,1,'GCG','GCG','2024-05-06 10:51:50','2024-05-06 10:51:50'),(100,102,35,1,'GCG','GCG','2024-05-06 10:51:50','2024-05-06 10:51:50'),(101,103,100,1,'GCG','GCG','2024-05-06 10:51:50','2024-05-06 10:51:50'),(102,104,66,1,'GCG','GCG','2024-05-06 10:51:50','2024-05-06 10:51:50'),(103,105,33,1,'GCG','GCG','2024-05-06 10:51:50','2024-05-06 10:51:50'),(104,106,10,1,'GCG','GCG','2024-05-06 10:51:50','2024-05-06 10:51:50'),(105,107,0,1,'GCG','GCG','2024-05-06 10:51:50','2024-05-06 10:51:50'),(106,108,0,1,'GCG','GCG','2024-05-06 10:51:50','2024-05-06 10:51:50'),(107,109,0,1,'GCG','GCG','2024-05-06 10:51:50','2024-05-06 10:51:50'),(108,110,15,1,'GCG','GCG','2024-05-06 10:51:50','2024-05-06 10:51:50'),(109,111,15,1,'GCG','GCG','2024-05-06 10:51:50','2024-05-06 10:51:50'),(110,112,15,1,'GCG','GCG','2024-05-06 10:51:50','2024-05-06 10:51:50');

--
-- Table structure for table `Forms`
--

CREATE TABLE `Forms` (
  `id` int NOT NULL AUTO_INCREMENT,
  `formsDescription` varchar(255) NOT NULL,
  `isActive` tinyint(1) NOT NULL,
  `createdBy` varchar(255) NOT NULL,
  `updatedBy` varchar(255) NOT NULL,
  `createdAt` datetime NOT NULL,
  `updatedAt` datetime NOT NULL,
  `ProductId` int DEFAULT NULL,
  `StatusId` int DEFAULT NULL,
  PRIMARY KEY (`id`),
  KEY `ProductId` (`ProductId`),
  KEY `StatusId` (`StatusId`),
  CONSTRAINT `Forms_ibfk_213` FOREIGN KEY (`ProductId`) REFERENCES `Products` (`id`) ON DELETE SET NULL ON UPDATE CASCADE,
  CONSTRAINT `Forms_ibfk_214` FOREIGN KEY (`StatusId`) REFERENCES `Statuses` (`id`) ON DELETE SET NULL ON UPDATE CASCADE
) ENGINE=InnoDB AUTO_INCREMENT=111 DEFAULT CHARSET=utf8mb4 COLLATE=utf8mb4_0900_ai_ci;

--
-- Dumping data for table `Forms`
--

INSERT INTO `Forms` VALUES (1,'Cedar Form V1.0',1,'GCG','GCG','0000-00-00 00:00:00','2024-04-11 09:13:31',1,NULL),(2,'Sequoia Form V1.0',1,'GCG','GCG','0000-00-00 00:00:00','2024-04-11 08:36:15',2,NULL),(99,'Dummy',1,'GCG','GCG','0000-00-00 00:00:00','0000-00-00 00:00:00',NULL,NULL),(107,'Atlas V1.0',1,'GCG','GCG','2024-05-06 10:52:53','2024-05-06 10:52:53',107,28),(108,'Dummy Form',1,'GCG','GCG','2024-06-13 15:37:53','2024-06-13 15:37:53',NULL,28),(109,'CYPRESS',1,'GCG','GCG','0000-00-00 00:00:00','0000-00-00 00:00:00',111,28),(110,'REDWOOD',1,'GCG','GCG','0000-00-00 00:00:00','0000-00-00 00:00:00',109,28);

--
-- Table structure for table `GCPPricingCalculators`
--

CREATE TABLE `GCPPricingCalculators` (
  `id` int NOT NULL AUTO_INCREMENT,
  `instanceType` varchar(255) DEFAULT NULL,
  `vCPU` int DEFAULT NULL,
  `memory` double DEFAULT NULL,
  `storage` double DEFAULT NULL,
  `isActive` tinyint(1) DEFAULT NULL,
  `createdBy` varchar(255) DEFAULT NULL,
  `updatedBy` varchar(255) DEFAULT NULL,
  `createdAt` datetime NOT NULL,
  `updatedAt` datetime NOT NULL,
  PRIMARY KEY (`id`)
) ENGINE=InnoDB AUTO_INCREMENT=321 DEFAULT CHARSET=utf8mb4 COLLATE=utf8mb4_0900_ai_ci;

--
-- Dumping data for table `GCPPricingCalculators`
--

INSERT INTO `GCPPricingCalculators` VALUES (1,'c4-standard-2',2,0,10,1,'GCG','GCG','2025-01-14 10:57:02','2025-01-14 10:57:02'),(2,'c4a-standard-32',32,0,0,1,'GCG','GCG','2025-01-14 10:57:02','2025-01-14 10:57:02'),(3,'c4a-standard-1',1,0,0,1,'GCG','GCG','2025-01-14 10:57:02','2025-01-14 10:57:02'),(4,'c4a-highmem-64',64,0,0,1,'GCG','GCG','2025-01-14 10:57:02','2025-01-14 10:57:02'),(5,'c4a-highmem-32',32,0,0,1,'GCG','GCG','2025-01-14 10:57:02','2025-01-14 10:57:02'),(6,'c4a-highmem-1',1,0,0,1,'GCG','GCG','2025-01-14 10:57:02','2025-01-14 10:57:02'),(7,'c4a-highcpu-64',64,0,0,1,'GCG','GCG','2025-01-14 10:57:02','2025-01-14 10:57:02'),(8,'c4a-highcpu-32',32,0,0,1,'GCG','GCG','2025-01-14 10:57:02','2025-01-14 10:57:02'),(9,'c4a-highcpu-1',1,0,0,1,'GCG','GCG','2025-01-14 10:57:02','2025-01-14 10:57:02'),(10,'c4-standard-48',48,0,0,1,'GCG','GCG','2025-01-14 10:57:02','2025-01-14 10:57:02'),(11,'c4a-standard-64',64,0,0,1,'GCG','GCG','2025-01-14 10:57:03','2025-01-14 10:57:03'),(12,'c4-highmem-192',192,0,0,1,'GCG','GCG','2025-01-14 10:57:03','2025-01-14 10:57:03'),(13,'c3d-standard-60',60,0,0,1,'GCG','GCG','2025-01-14 10:57:03','2025-01-14 10:57:03'),(14,'c3d-standard-360',360,0,0,1,'GCG','GCG','2025-01-14 10:57:03','2025-01-14 10:57:03'),(15,'c3d-standard-180-lssd',180,0,0,1,'GCG','GCG','2025-01-14 10:57:03','2025-01-14 10:57:03'),(16,'c3d-highmem-90',90,0,0,1,'GCG','GCG','2025-01-14 10:57:03','2025-01-14 10:57:03'),(17,'c3d-highmem-8-lssd',8,0,0,1,'GCG','GCG','2025-01-14 10:57:03','2025-01-14 10:57:03'),(18,'c3d-highmem-8',8,0,0,1,'GCG','GCG','2025-01-14 10:57:03','2025-01-14 10:57:03'),(19,'c3d-highmem-60-lssd',60,0,0,1,'GCG','GCG','2025-01-14 10:57:03','2025-01-14 10:57:03'),(20,'c3d-highmem-4',4,0,0,1,'GCG','GCG','2025-01-14 10:57:03','2025-01-14 10:57:03'),(21,'t2a-standard-32',32,0,0,1,'GCG','GCG','2025-01-14 10:57:03','2025-01-14 10:57:03'),(22,'c3d-highmem-360',360,0,0,1,'GCG','GCG','2025-01-14 10:57:03','2025-01-14 10:57:03'),(23,'c3d-highmem-30',30,0,0,1,'GCG','GCG','2025-01-14 10:57:03','2025-01-14 10:57:03'),(24,'c3d-highmem-180-lssd',180,0,0,1,'GCG','GCG','2025-01-14 10:57:03','2025-01-14 10:57:03'),(25,'c3d-highmem-180',180,0,0,1,'GCG','GCG','2025-01-14 10:57:03','2025-01-14 10:57:03'),(26,'c3d-highcpu-16',16,0,0,1,'GCG','GCG','2025-01-14 10:57:03','2025-01-14 10:57:03'),(27,'c3-standard-176-lssd',176,0,0,1,'GCG','GCG','2025-01-14 10:57:03','2025-01-14 10:57:03'),(28,'c3-highmem-22',22,0,0,1,'GCG','GCG','2025-01-14 10:57:03','2025-01-14 10:57:03'),(29,'c2d-highmem-56',56,0,0,1,'GCG','GCG','2025-01-14 10:57:03','2025-01-14 10:57:03'),(30,'t2a-standard-48',48,0,0,1,'GCG','GCG','2025-01-14 10:57:03','2025-01-14 10:57:03'),(31,'c3d-highmem-30-lssd',30,0,0,1,'GCG','GCG','2025-01-14 10:57:03','2025-01-14 10:57:03'),(32,'n4-highmem-64',64,0,0,1,'GCG','GCG','2025-01-14 10:57:03','2025-01-14 10:57:03'),(33,'n4-highcpu-80',80,0,0,1,'GCG','GCG','2025-01-14 10:57:03','2025-01-14 10:57:03'),(34,'n4-highcpu-48',48,0,0,1,'GCG','GCG','2025-01-14 10:57:03','2025-01-14 10:57:03'),(35,'n2d-standard-80',80,0,0,1,'GCG','GCG','2025-01-14 10:57:04','2025-01-14 10:57:04'),(36,'n2d-highmem-8',8,0,0,1,'GCG','GCG','2025-01-14 10:57:04','2025-01-14 10:57:04'),(37,'n2d-highmem-4',4,0,0,1,'GCG','GCG','2025-01-14 10:57:04','2025-01-14 10:57:04'),(38,'n1-standard-32',32,0,0,1,'GCG','GCG','2025-01-14 10:57:04','2025-01-14 10:57:04'),(39,'n1-highcpu-32',32,0,0,1,'GCG','GCG','2025-01-14 10:57:04','2025-01-14 10:57:04'),(40,'m3-megamem-64',64,0,0,1,'GCG','GCG','2025-01-14 10:57:04','2025-01-14 10:57:04'),(41,'c2d-highcpu-8',8,0,0,1,'GCG','GCG','2025-01-14 10:57:04','2025-01-14 10:57:04'),(42,'n4-standard-4',4,0,0,1,'GCG','GCG','2025-01-14 10:57:04','2025-01-14 10:57:04'),(43,'n4-standard-16',16,0,0,1,'GCG','GCG','2025-01-14 10:57:04','2025-01-14 10:57:04'),(44,'n4-highmem-32',32,0,0,1,'GCG','GCG','2025-01-14 10:57:04','2025-01-14 10:57:04'),(45,'n2-highcpu-2',2,0,0,1,'GCG','GCG','2025-01-14 10:57:04','2025-01-14 10:57:04'),(46,'n1-highcpu-8',8,0,0,1,'GCG','GCG','2025-01-14 10:57:04','2025-01-14 10:57:04'),(47,'g2-standard-32',32,0,0,1,'GCG','GCG','2025-01-14 10:57:04','2025-01-14 10:57:04'),(48,'c4-highcpu-8',8,0,0,1,'GCG','GCG','2025-01-14 10:57:04','2025-01-14 10:57:04'),(49,'c4-highcpu-16',16,0,0,1,'GCG','GCG','2025-01-14 10:57:04','2025-01-14 10:57:04'),(50,'c2d-highmem-2',2,0,0,1,'GCG','GCG','2025-01-14 10:57:04','2025-01-14 10:57:04'),(51,'c3d-highmem-16-lssd',16,0,0,1,'GCG','GCG','2025-01-14 10:57:04','2025-01-14 10:57:04'),(52,'c2d-highcpu-112',112,0,0,1,'GCG','GCG','2025-01-14 10:57:04','2025-01-14 10:57:04'),(53,'n2d-standard-128',128,0,0,1,'GCG','GCG','2025-01-14 10:57:04','2025-01-14 10:57:04'),(54,'n2d-highcpu-4',4,0,0,1,'GCG','GCG','2025-01-14 10:57:04','2025-01-14 10:57:04'),(55,'n2-highmem-16',16,0,0,1,'GCG','GCG','2025-01-14 10:57:04','2025-01-14 10:57:04'),(56,'n1-highmem-2',2,0,0,1,'GCG','GCG','2025-01-14 10:57:04','2025-01-14 10:57:04'),(57,'e2-micro',2,0,0,1,'GCG','GCG','2025-01-14 10:57:05','2025-01-14 10:57:05'),(58,'c3-standard-44',44,0,0,1,'GCG','GCG','2025-01-14 10:57:05','2025-01-14 10:57:05'),(59,'c2-standard-4',4,0,0,1,'GCG','GCG','2025-01-14 10:57:05','2025-01-14 10:57:05'),(60,'n1-standard-8',8,0,0,1,'GCG','GCG','2025-01-14 10:57:05','2025-01-14 10:57:05'),(61,'m1-ultramem-80',80,0,0,1,'GCG','GCG','2025-01-14 10:57:05','2025-01-14 10:57:05'),(62,'c3d-highcpu-8',8,0,0,1,'GCG','GCG','2025-01-14 10:57:05','2025-01-14 10:57:05'),(63,'c3d-highcpu-360',360,0,0,1,'GCG','GCG','2025-01-14 10:57:05','2025-01-14 10:57:05'),(64,'c3-standard-8-lssd',8,0,0,1,'GCG','GCG','2025-01-14 10:57:05','2025-01-14 10:57:05'),(65,'c3-standard-22-lssd',22,0,0,1,'GCG','GCG','2025-01-14 10:57:05','2025-01-14 10:57:05'),(66,'c3-highmem-8',8,0,0,1,'GCG','GCG','2025-01-14 10:57:05','2025-01-14 10:57:05'),(67,'a3-highgpu-8g',208,0,0,1,'GCG','GCG','2025-01-14 10:57:05','2025-01-14 10:57:05'),(68,'a2-ultragpu-2g',24,0,0,1,'GCG','GCG','2025-01-14 10:57:05','2025-01-14 10:57:05'),(69,'n2d-highmem-16',16,0,0,1,'GCG','GCG','2025-01-14 10:57:05','2025-01-14 10:57:05'),(70,'n2d-highcpu-2',2,0,0,1,'GCG','GCG','2025-01-14 10:57:05','2025-01-14 10:57:05'),(71,'c3d-highmem-360-lssd',360,0,0,1,'GCG','GCG','2025-01-14 10:57:05','2025-01-14 10:57:05'),(72,'t2d-standard-32',32,0,0,1,'GCG','GCG','2025-01-14 10:57:05','2025-01-14 10:57:05'),(73,'n4-standard-8',8,0,0,1,'GCG','GCG','2025-01-14 10:57:05','2025-01-14 10:57:05'),(74,'n2-standard-64',64,0,0,1,'GCG','GCG','2025-01-14 10:57:05','2025-01-14 10:57:05'),(75,'m2-ultramem-208',208,0,0,1,'GCG','GCG','2025-01-14 10:57:05','2025-01-14 10:57:05'),(76,'c2d-standard-4',4,0,0,1,'GCG','GCG','2025-01-14 10:57:05','2025-01-14 10:57:05'),(77,'c2d-standard-16',16,0,0,1,'GCG','GCG','2025-01-14 10:57:05','2025-01-14 10:57:05'),(78,'c2d-highcpu-32',32,0,0,1,'GCG','GCG','2025-01-14 10:57:05','2025-01-14 10:57:05'),(79,'c4-highmem-96',96,0,0,1,'GCG','GCG','2025-01-14 10:57:06','2025-01-14 10:57:06'),(80,'c4-highcpu-32',32,0,0,1,'GCG','GCG','2025-01-14 10:57:06','2025-01-14 10:57:06'),(81,'n2-highmem-32',32,0,0,1,'GCG','GCG','2025-01-14 10:57:06','2025-01-14 10:57:06'),(82,'n2-standard-80',80,0,0,1,'GCG','GCG','2025-01-14 10:57:06','2025-01-14 10:57:06'),(83,'n2-highcpu-16',16,0,0,1,'GCG','GCG','2025-01-14 10:57:06','2025-01-14 10:57:06'),(84,'n1-standard-2',2,0,0,1,'GCG','GCG','2025-01-14 10:57:06','2025-01-14 10:57:06'),(85,'n1-highcpu-2',2,0,0,1,'GCG','GCG','2025-01-14 10:57:06','2025-01-14 10:57:06'),(86,'e2-highmem-16',16,0,0,1,'GCG','GCG','2025-01-14 10:57:06','2025-01-14 10:57:06'),(87,'n4-standard-64',64,0,0,1,'GCG','GCG','2025-01-14 10:57:06','2025-01-14 10:57:06'),(88,'n4-standard-32',32,0,0,1,'GCG','GCG','2025-01-14 10:57:06','2025-01-14 10:57:06'),(89,'n2d-highcpu-64',64,0,0,1,'GCG','GCG','2025-01-14 10:57:06','2025-01-14 10:57:06'),(90,'n2-standard-2',2,0,0,1,'GCG','GCG','2025-01-14 10:57:06','2025-01-14 10:57:06'),(91,'n2d-highcpu-32',32,0,0,1,'GCG','GCG','2025-01-14 10:57:06','2025-01-14 10:57:06'),(92,'n2-highmem-128',128,0,0,1,'GCG','GCG','2025-01-14 10:57:06','2025-01-14 10:57:06'),(93,'n1-highmem-96',96,0,0,1,'GCG','GCG','2025-01-14 10:57:06','2025-01-14 10:57:06'),(94,'n1-highmem-16',16,0,0,1,'GCG','GCG','2025-01-14 10:57:06','2025-01-14 10:57:06'),(95,'n4-highmem-2',2,0,0,1,'GCG','GCG','2025-01-14 10:57:06','2025-01-14 10:57:06'),(96,'n4-highcpu-8',8,0,0,1,'GCG','GCG','2025-01-14 10:57:06','2025-01-14 10:57:06'),(97,'n4-highcpu-16',16,0,0,1,'GCG','GCG','2025-01-14 10:57:06','2025-01-14 10:57:06'),(98,'n2-highcpu-8',8,0,0,1,'GCG','GCG','2025-01-14 10:57:06','2025-01-14 10:57:06'),(99,'n2-highcpu-4',4,0,0,1,'GCG','GCG','2025-01-14 10:57:06','2025-01-14 10:57:06'),(100,'n2-highmem-64',64,0,0,1,'GCG','GCG','2025-01-14 10:57:06','2025-01-14 10:57:06'),(101,'n2d-standard-2',2,0,0,1,'GCG','GCG','2025-01-14 10:57:07','2025-01-14 10:57:07'),(102,'n2-highmem-96',96,0,0,1,'GCG','GCG','2025-01-14 10:57:07','2025-01-14 10:57:07'),(103,'n1-standard-64',64,0,0,1,'GCG','GCG','2025-01-14 10:57:07','2025-01-14 10:57:07'),(104,'m3-ultramem-32',32,0,0,1,'GCG','GCG','2025-01-14 10:57:07','2025-01-14 10:57:07'),(105,'g2-standard-4',4,0,0,1,'GCG','GCG','2025-01-14 10:57:07','2025-01-14 10:57:07'),(106,'e2-highcpu-2',2,0,0,1,'GCG','GCG','2025-01-14 10:57:07','2025-01-14 10:57:07'),(107,'c3d-standard-60-lssd',60,0,0,1,'GCG','GCG','2025-01-14 10:57:07','2025-01-14 10:57:07'),(108,'c3d-standard-360-lssd',360,0,0,1,'GCG','GCG','2025-01-14 10:57:07','2025-01-14 10:57:07'),(109,'c3d-standard-16-lssd',16,0,0,1,'GCG','GCG','2025-01-14 10:57:07','2025-01-14 10:57:07'),(110,'n2d-standard-4',4,0,0,1,'GCG','GCG','2025-01-14 10:57:07','2025-01-14 10:57:07'),(111,'e2-small',2,0,0,1,'GCG','GCG','2025-01-14 10:57:07','2025-01-14 10:57:07'),(112,'n2d-highmem-64',64,0,0,1,'GCG','GCG','2025-01-14 10:57:07','2025-01-14 10:57:07'),(113,'n2d-highcpu-16',16,0,0,1,'GCG','GCG','2025-01-14 10:57:07','2025-01-14 10:57:07'),(114,'n1-highmem-4',4,0,0,1,'GCG','GCG','2025-01-14 10:57:07','2025-01-14 10:57:07'),(115,'n1-highcpu-64',64,0,0,1,'GCG','GCG','2025-01-14 10:57:07','2025-01-14 10:57:07'),(116,'e2-standard-32',32,0,0,1,'GCG','GCG','2025-01-14 10:57:07','2025-01-14 10:57:07'),(117,'a2-highgpu-8g',96,0,0,1,'GCG','GCG','2025-01-14 10:57:07','2025-01-14 10:57:07'),(118,'a2-highgpu-1g',12,0,0,1,'GCG','GCG','2025-01-14 10:57:07','2025-01-14 10:57:07'),(119,'n2d-standard-8',8,0,0,1,'GCG','GCG','2025-01-14 10:57:07','2025-01-14 10:57:07'),(120,'n2d-highcpu-96',96,0,0,1,'GCG','GCG','2025-01-14 10:57:07','2025-01-14 10:57:07'),(121,'g2-standard-16',16,0,0,1,'GCG','GCG','2025-01-14 10:57:07','2025-01-14 10:57:07'),(122,'c3d-standard-90',90,0,0,1,'GCG','GCG','2025-01-14 10:57:07','2025-01-14 10:57:07'),(123,'a3-megagpu-8g',208,0,0,1,'GCG','GCG','2025-01-14 10:57:07','2025-01-14 10:57:07'),(124,'a3-highgpu-2g',52,0,0,1,'GCG','GCG','2025-01-14 10:57:07','2025-01-14 10:57:07'),(125,'a2-ultragpu-4g',48,0,0,1,'GCG','GCG','2025-01-14 10:57:08','2025-01-14 10:57:08'),(126,'n4-highmem-80',80,0,0,1,'GCG','GCG','2025-01-14 10:57:08','2025-01-14 10:57:08'),(127,'n2d-highmem-96',96,0,0,1,'GCG','GCG','2025-01-14 10:57:08','2025-01-14 10:57:08'),(128,'m3-megamem-128',128,0,0,1,'GCG','GCG','2025-01-14 10:57:08','2025-01-14 10:57:08'),(129,'m1-ultramem-40',40,0,0,1,'GCG','GCG','2025-01-14 10:57:08','2025-01-14 10:57:08'),(130,'g2-standard-96',96,0,0,1,'GCG','GCG','2025-01-14 10:57:08','2025-01-14 10:57:08'),(131,'c4-standard-16',16,0,0,1,'GCG','GCG','2025-01-14 10:57:08','2025-01-14 10:57:08'),(132,'e2-highmem-8',8,0,0,1,'GCG','GCG','2025-01-14 10:57:08','2025-01-14 10:57:08'),(133,'c4a-standard-4',4,0,0,1,'GCG','GCG','2025-01-14 10:57:08','2025-01-14 10:57:08'),(134,'c4a-standard-16',16,0,0,1,'GCG','GCG','2025-01-14 10:57:08','2025-01-14 10:57:08'),(135,'c4a-highmem-72',72,0,0,1,'GCG','GCG','2025-01-14 10:57:08','2025-01-14 10:57:08'),(136,'c4a-highcpu-72',72,0,0,1,'GCG','GCG','2025-01-14 10:57:08','2025-01-14 10:57:08'),(137,'c4-highmem-4',4,0,0,1,'GCG','GCG','2025-01-14 10:57:08','2025-01-14 10:57:08'),(138,'c3d-standard-8-lssd',8,0,0,1,'GCG','GCG','2025-01-14 10:57:08','2025-01-14 10:57:08'),(139,'c3d-standard-16',16,0,0,1,'GCG','GCG','2025-01-14 10:57:08','2025-01-14 10:57:08'),(140,'c3d-highmem-90-lssd',90,0,0,1,'GCG','GCG','2025-01-14 10:57:08','2025-01-14 10:57:08'),(141,'n2d-highmem-32',32,0,0,1,'GCG','GCG','2025-01-14 10:57:08','2025-01-14 10:57:08'),(142,'c4-standard-8',8,0,0,1,'GCG','GCG','2025-01-14 10:57:08','2025-01-14 10:57:08'),(143,'c4-highmem-48',48,0,0,1,'GCG','GCG','2025-01-14 10:57:08','2025-01-14 10:57:08'),(144,'c4-highmem-2',2,0,0,1,'GCG','GCG','2025-01-14 10:57:08','2025-01-14 10:57:08'),(145,'c4-highcpu-96',96,0,0,1,'GCG','GCG','2025-01-14 10:57:08','2025-01-14 10:57:08'),(146,'c4-highcpu-4',4,0,0,1,'GCG','GCG','2025-01-14 10:57:08','2025-01-14 10:57:08'),(147,'c4-highcpu-192',192,0,0,1,'GCG','GCG','2025-01-14 10:57:08','2025-01-14 10:57:08'),(148,'c3d-standard-30',30,0,0,1,'GCG','GCG','2025-01-14 10:57:09','2025-01-14 10:57:09'),(149,'n4-highmem-48',48,0,0,1,'GCG','GCG','2025-01-14 10:57:09','2025-01-14 10:57:09'),(150,'n4-highcpu-4',4,0,0,1,'GCG','GCG','2025-01-14 10:57:09','2025-01-14 10:57:09'),(151,'n1-standard-1',1,0,0,1,'GCG','GCG','2025-01-14 10:57:09','2025-01-14 10:57:09'),(152,'n2-standard-48',48,0,0,1,'GCG','GCG','2025-01-14 10:57:09','2025-01-14 10:57:09'),(153,'m2-megamem-416',416,0,0,1,'GCG','GCG','2025-01-14 10:57:09','2025-01-14 10:57:09'),(154,'f1-micro',1,0,0,1,'GCG','GCG','2025-01-14 10:57:09','2025-01-14 10:57:09'),(155,'c4a-standard-72',72,0,0,1,'GCG','GCG','2025-01-14 10:57:09','2025-01-14 10:57:09'),(156,'c4a-highmem-4',4,0,0,1,'GCG','GCG','2025-01-14 10:57:09','2025-01-14 10:57:09'),(157,'c4a-highmem-16',16,0,0,1,'GCG','GCG','2025-01-14 10:57:10','2025-01-14 10:57:10'),(158,'c4a-highcpu-4',4,0,0,1,'GCG','GCG','2025-01-14 10:57:10','2025-01-14 10:57:10'),(159,'c4a-highcpu-16',16,0,0,1,'GCG','GCG','2025-01-14 10:57:10','2025-01-14 10:57:10'),(160,'c4-standard-32',32,0,0,1,'GCG','GCG','2025-01-14 10:57:10','2025-01-14 10:57:10'),(161,'n2-highcpu-96',96,0,0,1,'GCG','GCG','2025-01-14 10:57:10','2025-01-14 10:57:10'),(162,'c2d-highmem-16',16,0,0,1,'GCG','GCG','2025-01-14 10:57:10','2025-01-14 10:57:10'),(163,'c2d-highcpu-56',56,0,0,1,'GCG','GCG','2025-01-14 10:57:10','2025-01-14 10:57:10'),(164,'c2d-highcpu-2',2,0,0,1,'GCG','GCG','2025-01-14 10:57:10','2025-01-14 10:57:10'),(165,'n2d-highcpu-128',128,0,0,1,'GCG','GCG','2025-01-14 10:57:10','2025-01-14 10:57:10'),(166,'n2-standard-4',4,0,0,1,'GCG','GCG','2025-01-14 10:57:10','2025-01-14 10:57:10'),(167,'n1-standard-96',96,0,0,1,'GCG','GCG','2025-01-14 10:57:10','2025-01-14 10:57:10'),(168,'n1-highmem-8',8,0,0,1,'GCG','GCG','2025-01-14 10:57:10','2025-01-14 10:57:10'),(169,'n2d-highmem-2',2,0,0,1,'GCG','GCG','2025-01-14 10:57:10','2025-01-14 10:57:10'),(170,'n2-highmem-2',2,0,0,1,'GCG','GCG','2025-01-14 10:57:10','2025-01-14 10:57:10'),(171,'n2-highcpu-64',64,0,0,1,'GCG','GCG','2025-01-14 10:57:10','2025-01-14 10:57:10'),(172,'n1-standard-4',4,0,0,1,'GCG','GCG','2025-01-14 10:57:10','2025-01-14 10:57:10'),(173,'n1-highmem-32',32,0,0,1,'GCG','GCG','2025-01-14 10:57:10','2025-01-14 10:57:10'),(174,'t2d-standard-48',48,0,0,1,'GCG','GCG','2025-01-14 10:57:10','2025-01-14 10:57:10'),(175,'n2d-standard-96',96,0,0,1,'GCG','GCG','2025-01-14 10:57:11','2025-01-14 10:57:11'),(176,'m3-ultramem-128',128,0,0,1,'GCG','GCG','2025-01-14 10:57:11','2025-01-14 10:57:11'),(177,'z3-highmem-176',176,0,0,1,'GCG','GCG','2025-01-14 10:57:11','2025-01-14 10:57:11'),(178,'n4-standard-2',2,0,0,1,'GCG','GCG','2025-01-14 10:57:11','2025-01-14 10:57:11'),(179,'n2d-highcpu-224',224,0,0,1,'GCG','GCG','2025-01-14 10:57:11','2025-01-14 10:57:11'),(180,'c3-highcpu-44',44,0,0,1,'GCG','GCG','2025-01-14 10:57:11','2025-01-14 10:57:11'),(181,'c4-highcpu-2',2,0,0,1,'GCG','GCG','2025-01-14 10:57:11','2025-01-14 10:57:11'),(182,'n4-standard-80',80,0,0,1,'GCG','GCG','2025-01-14 10:57:11','2025-01-14 10:57:11'),(183,'n4-standard-48',48,0,0,1,'GCG','GCG','2025-01-14 10:57:11','2025-01-14 10:57:11'),(184,'n4-highmem-8',8,0,0,1,'GCG','GCG','2025-01-14 10:57:11','2025-01-14 10:57:11'),(185,'n4-highmem-16',16,0,0,1,'GCG','GCG','2025-01-14 10:57:11','2025-01-14 10:57:11'),(186,'n4-highcpu-32',32,0,0,1,'GCG','GCG','2025-01-14 10:57:11','2025-01-14 10:57:11'),(187,'n2-highmem-48',48,0,0,1,'GCG','GCG','2025-01-14 10:57:11','2025-01-14 10:57:11'),(188,'m1-ultramem-160',160,0,0,1,'GCG','GCG','2025-01-14 10:57:11','2025-01-14 10:57:11'),(189,'c4a-highcpu-8',8,0,0,1,'GCG','GCG','2025-01-14 10:57:11','2025-01-14 10:57:11'),(190,'c4a-highcpu-48',48,0,0,1,'GCG','GCG','2025-01-14 10:57:11','2025-01-14 10:57:11'),(191,'t2a-standard-8',8,0,0,1,'GCG','GCG','2025-01-14 10:57:11','2025-01-14 10:57:11'),(192,'c3d-standard-4',4,0,0,1,'GCG','GCG','2025-01-14 10:57:11','2025-01-14 10:57:11'),(193,'c3d-highcpu-30',30,0,0,1,'GCG','GCG','2025-01-14 10:57:11','2025-01-14 10:57:11'),(194,'c3-standard-8',8,0,0,1,'GCG','GCG','2025-01-14 10:57:11','2025-01-14 10:57:11'),(195,'c3-standard-4-lssd',4,0,0,1,'GCG','GCG','2025-01-14 10:57:11','2025-01-14 10:57:11'),(196,'c3-highmem-192-metal',192,0,0,1,'GCG','GCG','2025-01-14 10:57:11','2025-01-14 10:57:11'),(197,'c3-highcpu-8',8,0,0,1,'GCG','GCG','2025-01-14 10:57:11','2025-01-14 10:57:11'),(198,'c2-standard-8',8,0,0,1,'GCG','GCG','2025-01-14 10:57:12','2025-01-14 10:57:12'),(199,'n2d-highmem-48',48,0,0,1,'GCG','GCG','2025-01-14 10:57:12','2025-01-14 10:57:12'),(200,'n2-standard-8',8,0,0,1,'GCG','GCG','2025-01-14 10:57:12','2025-01-14 10:57:12'),(201,'c2d-standard-56',56,0,0,1,'GCG','GCG','2025-01-14 10:57:12','2025-01-14 10:57:12'),(202,'c2d-standard-2',2,0,0,1,'GCG','GCG','2025-01-14 10:57:12','2025-01-14 10:57:12'),(203,'a2-highgpu-4g',48,0,0,1,'GCG','GCG','2025-01-14 10:57:12','2025-01-14 10:57:12'),(204,'c2d-highcpu-16',16,0,0,1,'GCG','GCG','2025-01-14 10:57:12','2025-01-14 10:57:12'),(205,'c2-standard-16',16,0,0,1,'GCG','GCG','2025-01-14 10:57:12','2025-01-14 10:57:12'),(206,'t2d-standard-4',4,0,0,1,'GCG','GCG','2025-01-14 10:57:12','2025-01-14 10:57:12'),(207,'g2-standard-24',24,0,0,1,'GCG','GCG','2025-01-14 10:57:12','2025-01-14 10:57:12'),(208,'e2-standard-16',16,0,0,1,'GCG','GCG','2025-01-14 10:57:12','2025-01-14 10:57:12'),(209,'e2-medium',2,0,0,1,'GCG','GCG','2025-01-14 10:57:12','2025-01-14 10:57:12'),(210,'c3-highmem-176',176,0,0,1,'GCG','GCG','2025-01-14 10:57:12','2025-01-14 10:57:12'),(211,'g2-standard-48',48,0,0,1,'GCG','GCG','2025-01-14 10:57:12','2025-01-14 10:57:12'),(212,'c2d-highmem-32',32,0,0,1,'GCG','GCG','2025-01-14 10:57:12','2025-01-14 10:57:12'),(213,'c2d-highcpu-4',4,0,0,1,'GCG','GCG','2025-01-14 10:57:12','2025-01-14 10:57:12'),(214,'t2d-standard-8',8,0,0,1,'GCG','GCG','2025-01-14 10:57:12','2025-01-14 10:57:12'),(215,'t2d-standard-16',16,0,0,1,'GCG','GCG','2025-01-14 10:57:12','2025-01-14 10:57:12'),(216,'g1-small',1,0,0,1,'GCG','GCG','2025-01-14 10:57:12','2025-01-14 10:57:12'),(217,'e2-highmem-2',2,0,0,1,'GCG','GCG','2025-01-14 10:57:12','2025-01-14 10:57:12'),(218,'e2-highcpu-4',4,0,0,1,'GCG','GCG','2025-01-14 10:57:12','2025-01-14 10:57:12'),(219,'c3d-highcpu-90',90,0,0,1,'GCG','GCG','2025-01-14 10:57:12','2025-01-14 10:57:12'),(220,'c3d-highcpu-4',4,0,0,1,'GCG','GCG','2025-01-14 10:57:12','2025-01-14 10:57:12'),(221,'c3-highmem-88',88,0,0,1,'GCG','GCG','2025-01-14 10:57:12','2025-01-14 10:57:12'),(222,'t2a-standard-4',4,0,0,1,'GCG','GCG','2025-01-14 10:57:13','2025-01-14 10:57:13'),(223,'t2a-standard-2',2,0,0,1,'GCG','GCG','2025-01-14 10:57:13','2025-01-14 10:57:13'),(224,'t2a-standard-1',1,0,0,1,'GCG','GCG','2025-01-14 10:57:13','2025-01-14 10:57:13'),(225,'e2-standard-4',4,0,0,1,'GCG','GCG','2025-01-14 10:57:13','2025-01-14 10:57:13'),(226,'c3d-highmem-60',60,0,0,1,'GCG','GCG','2025-01-14 10:57:13','2025-01-14 10:57:13'),(227,'c3-standard-88',88,0,0,1,'GCG','GCG','2025-01-14 10:57:13','2025-01-14 10:57:13'),(228,'c3-standard-44-lssd',44,0,0,1,'GCG','GCG','2025-01-14 10:57:13','2025-01-14 10:57:13'),(229,'c3-standard-4',4,0,0,1,'GCG','GCG','2025-01-14 10:57:13','2025-01-14 10:57:13'),(230,'c3-standard-192-metal',192,0,0,1,'GCG','GCG','2025-01-14 10:57:13','2025-01-14 10:57:13'),(231,'n2d-highmem-80',80,0,0,1,'GCG','GCG','2025-01-14 10:57:13','2025-01-14 10:57:13'),(232,'c3-highmem-4',4,0,0,1,'GCG','GCG','2025-01-14 10:57:13','2025-01-14 10:57:13'),(233,'c3-highcpu-192-metal',192,0,0,1,'GCG','GCG','2025-01-14 10:57:13','2025-01-14 10:57:13'),(234,'a3-highgpu-4g',104,0,0,1,'GCG','GCG','2025-01-14 10:57:13','2025-01-14 10:57:13'),(235,'a2-ultragpu-8g',96,0,0,1,'GCG','GCG','2025-01-14 10:57:13','2025-01-14 10:57:13'),(236,'a2-ultragpu-1g',12,0,0,1,'GCG','GCG','2025-01-14 10:57:13','2025-01-14 10:57:13'),(237,'c2d-highmem-8',8,0,0,1,'GCG','GCG','2025-01-14 10:57:13','2025-01-14 10:57:13'),(238,'c2-standard-60',60,0,0,1,'GCG','GCG','2025-01-14 10:57:13','2025-01-14 10:57:13'),(239,'c3d-highcpu-180',180,0,0,1,'GCG','GCG','2025-01-14 10:57:13','2025-01-14 10:57:13'),(240,'c2d-highmem-112',112,0,0,1,'GCG','GCG','2025-01-14 10:57:13','2025-01-14 10:57:13'),(241,'n4-highmem-4',4,0,0,1,'GCG','GCG','2025-01-14 10:57:13','2025-01-14 10:57:13'),(242,'e2-standard-2',2,0,0,1,'GCG','GCG','2025-01-14 10:57:13','2025-01-14 10:57:13'),(243,'e2-highcpu-8',8,0,0,1,'GCG','GCG','2025-01-14 10:57:14','2025-01-14 10:57:14'),(244,'a3-highgpu-1g',26,0,0,1,'GCG','GCG','2025-01-14 10:57:14','2025-01-14 10:57:14'),(245,'n2-standard-96',96,0,0,1,'GCG','GCG','2025-01-14 10:57:14','2025-01-14 10:57:14'),(246,'n2-highcpu-48',48,0,0,1,'GCG','GCG','2025-01-14 10:57:14','2025-01-14 10:57:14'),(247,'m1-megamem-96',96,0,0,1,'GCG','GCG','2025-01-14 10:57:14','2025-01-14 10:57:14'),(248,'e2-standard-8',8,0,0,1,'GCG','GCG','2025-01-14 10:57:14','2025-01-14 10:57:14'),(249,'z3-highmem-88',88,0,0,1,'GCG','GCG','2025-01-14 10:57:14','2025-01-14 10:57:14'),(250,'t2a-standard-16',16,0,0,1,'GCG','GCG','2025-01-14 10:57:14','2025-01-14 10:57:14'),(251,'m3-ultramem-64',64,0,0,1,'GCG','GCG','2025-01-14 10:57:14','2025-01-14 10:57:14'),(252,'n2-standard-16',16,0,0,1,'GCG','GCG','2025-01-14 10:57:14','2025-01-14 10:57:14'),(253,'n1-standard-16',16,0,0,1,'GCG','GCG','2025-01-14 10:57:14','2025-01-14 10:57:14'),(254,'n1-highcpu-4',4,0,0,1,'GCG','GCG','2025-01-14 10:57:14','2025-01-14 10:57:14'),(255,'n1-highcpu-16',16,0,0,1,'GCG','GCG','2025-01-14 10:57:14','2025-01-14 10:57:14'),(256,'m2-ultramem-416',416,0,0,1,'GCG','GCG','2025-01-14 10:57:14','2025-01-14 10:57:14'),(257,'h3-standard-88',88,0,0,1,'GCG','GCG','2025-01-14 10:57:14','2025-01-14 10:57:14'),(258,'c4a-standard-8',8,0,0,1,'GCG','GCG','2025-01-14 10:57:14','2025-01-14 10:57:14'),(259,'c4a-standard-48',48,0,0,1,'GCG','GCG','2025-01-14 10:57:14','2025-01-14 10:57:14'),(260,'c4a-standard-2',2,0,0,1,'GCG','GCG','2025-01-14 10:57:14','2025-01-14 10:57:14'),(261,'n2d-standard-224',224,0,0,1,'GCG','GCG','2025-01-14 10:57:14','2025-01-14 10:57:14'),(262,'n1-highmem-64',64,0,0,1,'GCG','GCG','2025-01-14 10:57:14','2025-01-14 10:57:14'),(263,'n2-standard-32',32,0,0,1,'GCG','GCG','2025-01-14 10:57:14','2025-01-14 10:57:14'),(264,'g2-standard-8',8,0,0,1,'GCG','GCG','2025-01-14 10:57:14','2025-01-14 10:57:14'),(265,'g2-standard-12',12,0,0,1,'GCG','GCG','2025-01-14 10:57:14','2025-01-14 10:57:14'),(266,'e2-highmem-4',4,0,0,1,'GCG','GCG','2025-01-14 10:57:15','2025-01-14 10:57:15'),(267,'c3-highcpu-88',88,0,0,1,'GCG','GCG','2025-01-14 10:57:15','2025-01-14 10:57:15'),(268,'c3-highcpu-4',4,0,0,1,'GCG','GCG','2025-01-14 10:57:15','2025-01-14 10:57:15'),(269,'c3-highcpu-176',176,0,0,1,'GCG','GCG','2025-01-14 10:57:15','2025-01-14 10:57:15'),(270,'t2d-standard-1',1,0,0,1,'GCG','GCG','2025-01-14 10:57:15','2025-01-14 10:57:15'),(271,'c4-standard-96',96,0,0,1,'GCG','GCG','2025-01-14 10:57:15','2025-01-14 10:57:15'),(272,'n2-highmem-4',4,0,0,1,'GCG','GCG','2025-01-14 10:57:15','2025-01-14 10:57:15'),(273,'n4-highcpu-2',2,0,0,1,'GCG','GCG','2025-01-14 10:57:15','2025-01-14 10:57:15'),(274,'e2-highcpu-16',16,0,0,1,'GCG','GCG','2025-01-14 10:57:15','2025-01-14 10:57:15'),(275,'t2d-standard-60',60,0,0,1,'GCG','GCG','2025-01-14 10:57:15','2025-01-14 10:57:15'),(276,'n2d-standard-48',48,0,0,1,'GCG','GCG','2025-01-14 10:57:15','2025-01-14 10:57:15'),(277,'n2d-highcpu-8',8,0,0,1,'GCG','GCG','2025-01-14 10:57:15','2025-01-14 10:57:15'),(278,'n2-standard-128',128,0,0,1,'GCG','GCG','2025-01-14 10:57:15','2025-01-14 10:57:15'),(279,'n2-highmem-8',8,0,0,1,'GCG','GCG','2025-01-14 10:57:15','2025-01-14 10:57:15'),(280,'n2-highcpu-80',80,0,0,1,'GCG','GCG','2025-01-14 10:57:15','2025-01-14 10:57:15'),(281,'c4a-highmem-2',2,0,0,1,'GCG','GCG','2025-01-14 10:57:15','2025-01-14 10:57:15'),(282,'c2d-standard-112',112,0,0,1,'GCG','GCG','2025-01-14 10:57:15','2025-01-14 10:57:15'),(283,'n2d-standard-16',16,0,0,1,'GCG','GCG','2025-01-14 10:57:15','2025-01-14 10:57:15'),(284,'n2d-highcpu-80',80,0,0,1,'GCG','GCG','2025-01-14 10:57:15','2025-01-14 10:57:15'),(285,'n2-highmem-80',80,0,0,1,'GCG','GCG','2025-01-14 10:57:15','2025-01-14 10:57:15'),(286,'n2-highcpu-32',32,0,0,1,'GCG','GCG','2025-01-14 10:57:15','2025-01-14 10:57:15'),(287,'n1-highcpu-96',96,0,0,1,'GCG','GCG','2025-01-14 10:57:15','2025-01-14 10:57:15'),(288,'m2-hypermem-416',416,0,0,1,'GCG','GCG','2025-01-14 10:57:15','2025-01-14 10:57:15'),(289,'c4a-highmem-8',8,0,0,1,'GCG','GCG','2025-01-14 10:57:16','2025-01-14 10:57:16'),(290,'c4a-highmem-48',48,0,0,1,'GCG','GCG','2025-01-14 10:57:16','2025-01-14 10:57:16'),(291,'c3-highcpu-22',22,0,0,1,'GCG','GCG','2025-01-14 10:57:16','2025-01-14 10:57:16'),(292,'c4-standard-192',192,0,0,1,'GCG','GCG','2025-01-14 10:57:16','2025-01-14 10:57:16'),(293,'c4-highmem-8',8,0,0,1,'GCG','GCG','2025-01-14 10:57:16','2025-01-14 10:57:16'),(294,'c4-highmem-32',32,0,0,1,'GCG','GCG','2025-01-14 10:57:16','2025-01-14 10:57:16'),(295,'c4-highcpu-48',48,0,0,1,'GCG','GCG','2025-01-14 10:57:16','2025-01-14 10:57:16'),(296,'c3-standard-176',176,0,0,1,'GCG','GCG','2025-01-14 10:57:16','2025-01-14 10:57:16'),(297,'c2d-standard-8',8,0,0,1,'GCG','GCG','2025-01-14 10:57:16','2025-01-14 10:57:16'),(298,'c2-standard-30',30,0,0,1,'GCG','GCG','2025-01-14 10:57:16','2025-01-14 10:57:16'),(299,'t2d-standard-2',2,0,0,1,'GCG','GCG','2025-01-14 10:57:16','2025-01-14 10:57:16'),(300,'n2d-standard-32',32,0,0,1,'GCG','GCG','2025-01-14 10:57:16','2025-01-14 10:57:16'),(301,'n2d-standard-64',64,0,0,1,'GCG','GCG','2025-01-14 10:57:16','2025-01-14 10:57:16'),(302,'c4-highmem-16',16,0,0,1,'GCG','GCG','2025-01-14 10:57:16','2025-01-14 10:57:16'),(303,'c3d-standard-30-lssd',30,0,0,1,'GCG','GCG','2025-01-14 10:57:16','2025-01-14 10:57:16'),(304,'c3d-highmem-16',16,0,0,1,'GCG','GCG','2025-01-14 10:57:16','2025-01-14 10:57:16'),(305,'c3-highmem-44',44,0,0,1,'GCG','GCG','2025-01-14 10:57:16','2025-01-14 10:57:16'),(306,'c2d-standard-32',32,0,0,1,'GCG','GCG','2025-01-14 10:57:16','2025-01-14 10:57:16'),(307,'c2d-highmem-4',4,0,0,1,'GCG','GCG','2025-01-14 10:57:16','2025-01-14 10:57:16'),(308,'a2-megagpu-16g',96,0,0,1,'GCG','GCG','2025-01-14 10:57:16','2025-01-14 10:57:16'),(309,'a2-highgpu-2g',24,0,0,1,'GCG','GCG','2025-01-14 10:57:16','2025-01-14 10:57:16'),(310,'n4-highcpu-64',64,0,0,1,'GCG','GCG','2025-01-14 10:57:16','2025-01-14 10:57:16'),(311,'e2-highcpu-32',32,0,0,1,'GCG','GCG','2025-01-14 10:57:16','2025-01-14 10:57:16'),(312,'n2d-highcpu-48',48,0,0,1,'GCG','GCG','2025-01-14 10:57:16','2025-01-14 10:57:16'),(313,'c4a-highcpu-2',2,0,0,1,'GCG','GCG','2025-01-14 10:57:17','2025-01-14 10:57:17'),(314,'c4-standard-4',4,0,0,1,'GCG','GCG','2025-01-14 10:57:17','2025-01-14 10:57:17'),(315,'c3d-standard-90-lssd',90,0,0,1,'GCG','GCG','2025-01-14 10:57:17','2025-01-14 10:57:17'),(316,'c3d-standard-8',8,0,0,1,'GCG','GCG','2025-01-14 10:57:17','2025-01-14 10:57:17'),(317,'c3d-standard-180',180,0,0,1,'GCG','GCG','2025-01-14 10:57:17','2025-01-14 10:57:17'),(318,'c3d-highcpu-60',60,0,0,1,'GCG','GCG','2025-01-14 10:57:17','2025-01-14 10:57:17'),(319,'c3-standard-88-lssd',88,0,0,1,'GCG','GCG','2025-01-14 10:57:17','2025-01-14 10:57:17'),(320,'c3-standard-22',22,0,0,1,'GCG','GCG','2025-01-14 10:57:17','2025-01-14 10:57:17');

--
-- Table structure for table `Grouparents`
--

CREATE TABLE `Grouparents` (
  `id` int NOT NULL AUTO_INCREMENT,
  `groupParentName` varchar(255) NOT NULL,
  `groupDescription` varchar(255) NOT NULL,
  `isActive` tinyint(1) NOT NULL,
  `createdBy` varchar(255) NOT NULL,
  `updatedBy` varchar(255) NOT NULL,
  `createdAt` datetime NOT NULL,
  `updatedAt` datetime NOT NULL,
  `FormId` int DEFAULT NULL,
  PRIMARY KEY (`id`),
  KEY `FormId` (`FormId`),
  CONSTRAINT `Grouparents_ibfk_1` FOREIGN KEY (`FormId`) REFERENCES `Forms` (`id`) ON DELETE SET NULL ON UPDATE CASCADE
) ENGINE=InnoDB AUTO_INCREMENT=102 DEFAULT CHARSET=utf8mb4 COLLATE=utf8mb4_0900_ai_ci;

--
-- Dumping data for table `Grouparents`
--

INSERT INTO `Grouparents` VALUES (1,'Information','',1,'GCG','GCG','0000-00-00 00:00:00','0000-00-00 00:00:00',1),(2,'Summary Data','',1,'GCG','GCG','0000-00-00 00:00:00','0000-00-00 00:00:00',1),(3,'Original Build Estimate','',1,'GCG','GCG','0000-00-00 00:00:00','0000-00-00 00:00:00',1),(4,'Original Build Full Assessment','',1,'GCG','GCG','0000-00-00 00:00:00','0000-00-00 00:00:00',1),(5,'Release','',1,'GCG','GCG','0000-00-00 00:00:00','0000-00-00 00:00:00',1),(6,'Use','',1,'GCG','GCG','0000-00-00 00:00:00','0000-00-00 00:00:00',1),(7,'SEQUOIA - DMS','',1,'GCG','GCG','0000-00-00 00:00:00','0000-00-00 00:00:00',2),(11,'Data Input Sell Decom Atlas','GCG ATLAS™ SCREENING ESTIMATION - SELL / DECOM',1,'GCG','GCG','2024-05-06 10:54:21','2024-05-06 10:54:21',107),(12,'Data Input Keep Hold Atlas','GCG ATLAS™ SCREENING ESTIMATION - KEEP / HOLD / INVEST',1,'GCG','GCG','2024-05-06 10:54:42','2024-05-06 10:54:42',107),(13,'End of Life Assessment','',1,'GCG','GCG','0000-00-00 00:00:00','0000-00-00 00:00:00',1),(99,'Dummy','',0,'','','0000-00-00 00:00:00','0000-00-00 00:00:00',99),(100,'CYPRESS ONPREM','CYPRESS ONPREM',1,'GCG','GCG','0000-00-00 00:00:00','0000-00-00 00:00:00',109),(101,'REDWOOD TNMS','REDWOOD  TNMS',1,'GCG','GCG','0000-00-00 00:00:00','0000-00-00 00:00:00',110);

--
-- Table structure for table `Groupings`
--

CREATE TABLE `Groupings` (
  `id` int NOT NULL AUTO_INCREMENT,
  `groupName` varchar(255) NOT NULL,
  `groupDescription` varchar(255) NOT NULL,
  `isActive` tinyint(1) NOT NULL,
  `createdBy` varchar(255) NOT NULL,
  `updatedBy` varchar(255) NOT NULL,
  `createdAt` datetime NOT NULL,
  `updatedAt` datetime NOT NULL,
  `GrouparentId` int DEFAULT NULL,
  `orderGrpId` int NOT NULL DEFAULT '0',
  PRIMARY KEY (`id`),
  KEY `GrouparentId` (`GrouparentId`),
  CONSTRAINT `Groupings_ibfk_1` FOREIGN KEY (`GrouparentId`) REFERENCES `Grouparents` (`id`) ON DELETE SET NULL ON UPDATE CASCADE
) ENGINE=InnoDB AUTO_INCREMENT=121 DEFAULT CHARSET=utf8mb4 COLLATE=utf8mb4_0900_ai_ci;

--
-- Dumping data for table `Groupings`
--

INSERT INTO `Groupings` VALUES (1,'Information','',1,'GCG','GCG','0000-00-00 00:00:00','0000-00-00 00:00:00',1,1),(2,'Summary Data','',1,'GCG','GCG','0000-00-00 00:00:00','0000-00-00 00:00:00',2,1),(3,'Development Environment','',1,'GCG','GCG','0000-00-00 00:00:00','0000-00-00 00:00:00',3,1),(4,'Test Environment','',1,'GCG','GCG','0000-00-00 00:00:00','0000-00-00 00:00:00',3,2),(5,'People, Tools and Travels','',1,'GCG','GCG','0000-00-00 00:00:00','0000-00-00 00:00:00',3,3),(6,'Engineering Factors','',1,'GCG','GCG','0000-00-00 00:00:00','0000-00-00 00:00:00',3,4),(7,'Development Environment','',1,'GCG','GCG','0000-00-00 00:00:00','0000-00-00 00:00:00',5,1),(8,'Test Environment','',1,'GCG','GCG','0000-00-00 00:00:00','0000-00-00 00:00:00',5,2),(10,'Engineering Factors','',1,'GCG','GCG','0000-00-00 00:00:00','0000-00-00 00:00:00',5,4),(23,'Key Data Points','',1,'GCG','GCG','0000-00-00 00:00:00','0000-00-00 00:00:00',7,1),(24,'Desktop PCs','',1,'GCG','GCG','0000-00-00 00:00:00','0000-00-00 00:00:00',NULL,0),(25,'Thin Clients','',1,'GCG','GCG','0000-00-00 00:00:00','0000-00-00 00:00:00',NULL,0),(26,'Non-standard Desktop','',0,'GCG','GCG','0000-00-00 00:00:00','0000-00-00 00:00:00',NULL,0),(27,'Screen','',0,'GCG','GCG','0000-00-00 00:00:00','0000-00-00 00:00:00',NULL,0),(28,'Laptops','',0,'GCG','GCG','0000-00-00 00:00:00','0000-00-00 00:00:00',NULL,0),(29,'VOIP Desktops Phone','',0,'GCG','GCG','0000-00-00 00:00:00','0000-00-00 00:00:00',NULL,0),(30,'Smartphones','',0,'GCG','GCG','0000-00-00 00:00:00','0000-00-00 00:00:00',NULL,0),(31,'Printers','',0,'GCG','GCG','0000-00-00 00:00:00','0000-00-00 00:00:00',NULL,0),(32,'Servers','',0,'GCG','GCG','0000-00-00 00:00:00','0000-00-00 00:00:00',NULL,0),(33,'Email and File servers','',0,'GCG','GCG','0000-00-00 00:00:00','0000-00-00 00:00:00',NULL,0),(34,'RDS / Thin Client Servers','',0,'GCG','GCG','0000-00-00 00:00:00','0000-00-00 00:00:00',NULL,0),(35,'RDS Application Servers','',0,'GCG','GCG','0000-00-00 00:00:00','0000-00-00 00:00:00',NULL,0),(36,'Print Servers','',0,'GCG','GCG','0000-00-00 00:00:00','0000-00-00 00:00:00',NULL,0),(37,'Operational Activities','',1,'GCG','GCG','0000-00-00 00:00:00','0000-00-00 00:00:00',NULL,0),(38,'Specify service provider or team name','',0,'GCG','GCG','0000-00-00 00:00:00','0000-00-00 00:00:00',NULL,0),(40,'CORE BANKING','CORE BANKING',1,'GCG','GCG','2024-05-06 10:56:01','2024-05-06 10:56:01',NULL,0),(41,'DEVELOPMENT PLATFORMS','DEVELOPMENT PLATFORMS',0,'GCG','GCG','2024-05-06 10:56:21','2024-05-06 10:56:21',NULL,0),(42,'DIGITAL CHANNEL','DIGITAL CHANNEL',1,'GCG','GCG','2024-05-06 10:56:45','2024-05-06 10:56:45',NULL,0),(43,'INTERNAL DATA PROCESSING','INTERNAL DATA PROCESSING',0,'GCG','GCG','2024-05-06 10:57:01','2024-05-06 10:57:01',NULL,0),(44,'MAINFRAME','MAINFRAME',0,'GCG','GCG','2024-05-06 10:57:19','2024-05-06 10:57:19',NULL,0),(45,'MICROSERVICES','MICROSERVICES',0,'GCG','GCG','2024-05-06 10:57:35','2024-05-06 10:57:35',NULL,0),(46,'PAYMENTS','PAYMENTS',0,'GCG','GCG','2024-05-06 10:57:53','2024-05-06 10:57:53',NULL,0),(47,'SAAS','SAAS',0,'GCG','GCG','2024-05-06 10:58:08','2024-05-06 10:58:08',NULL,0),(48,'SECURITY','SECURITY',0,'GCG','GCG','2024-05-06 10:58:26','2024-05-06 10:58:26',NULL,0),(49,'TESTING','TESTING',0,'GCG','GCG','2024-05-06 10:58:41','2024-05-06 10:58:41',NULL,0),(50,'TRADING & RISK ','TRADING & RISK ',0,'GCG','GCG','2024-05-06 10:58:57','2024-05-06 10:58:57',NULL,0),(51,'GRID COMPUTE','GRID COMPUTE',0,'GCG','GCG','2024-05-06 10:59:10','2024-05-06 10:59:10',NULL,0),(52,'REPORTING & ANALYTICS','REPORTING & ANALYTICS',0,'GCG','GCG','2024-05-06 10:59:26','2024-05-06 10:59:26',NULL,0),(53,'AI','AI',0,'GCG','GCG','2024-05-06 10:59:41','2024-05-06 10:59:41',NULL,0),(54,'OTHER GENERAL','OTHER GENERAL',0,'GCG','GCG','2024-05-06 10:59:56','2024-05-06 10:59:56',NULL,0),(55,'OTHER - SMALL','OTHER - SMALL',0,'GCG','GCG','2024-05-06 11:00:15','2024-05-06 11:00:15',NULL,0),(56,'CORE BANKING','CORE BANKING',1,'GCG','GCG','2024-05-06 11:03:02','2024-05-06 11:03:02',NULL,0),(57,'DEVELOPMENT PLATFORMS','DEVELOPMENT PLATFORMS',0,'GCG','GCG','2024-05-06 11:03:20','2024-05-06 11:03:20',NULL,0),(58,'DIGITAL CHANNEL','DIGITAL CHANNEL',0,'GCG','GCG','2024-05-06 11:03:37','2024-05-06 11:03:37',NULL,0),(59,'INTERNAL DATA PROCESSING','INTERNAL DATA PROCESSING',0,'GCG','GCG','2024-05-06 11:03:52','2024-05-06 11:03:52',NULL,0),(60,'MAINFRAME','MAINFRAME',0,'GCG','GCG','2024-05-06 11:04:14','2024-05-06 11:04:14',NULL,0),(61,'PAYMENTS','PAYMENTS',0,'GCG','GCG','2024-05-06 11:04:31','2024-05-06 11:04:31',NULL,0),(62,'SAAS','SAAS',0,'GCG','GCG','2024-05-06 11:04:46','2024-05-06 11:04:46',NULL,0),(63,'SECURITY','SECURITY',0,'GCG','GCG','2024-05-06 11:05:04','2024-05-06 11:05:04',NULL,0),(64,'TESTING','TESTING',0,'GCG','GCG','2024-05-06 11:05:17','2024-05-06 11:05:17',NULL,0),(65,'TRADING & RISK ','TRADING & RISK ',0,'GCG','GCG','2024-05-06 11:05:31','2024-05-06 11:05:31',NULL,0),(66,'GRID COMPUTE','GRID COMPUTE',0,'GCG','GCG','2024-05-06 11:05:45','2024-05-06 11:05:45',NULL,0),(67,'REPORTING & ANALYTICS','REPORTING & ANALYTICS',0,'GCG','GCG','2024-05-06 11:06:01','2024-05-06 11:06:01',NULL,0),(68,'AI','AI',0,'GCG','GCG','2024-05-06 11:06:14','2024-05-06 11:06:14',NULL,0),(69,'OTHER GENERAL','OTHER GENERAL',0,'GCG','GCG','2024-05-06 11:06:27','2024-05-06 11:06:27',NULL,0),(70,'OTHER - SMALL','OTHER - SMALL',0,'GCG','GCG','2024-05-06 11:06:41','2024-05-06 11:06:41',NULL,0),(71,'INTERNAL DATA PROCESSING','INTERNAL DATA PROCESSING',1,'GCG','GCG','2024-06-18 09:19:47','2024-06-18 09:19:47',NULL,0),(72,'MAINFRAME','MAINFRAME',0,'GCG','GCG','2024-06-18 09:20:09','2024-06-18 09:20:09',NULL,0),(73,'MICROSERVICES','MICROSERVICES',0,'GCG','GCG','2024-06-18 09:20:26','2024-06-18 09:20:26',NULL,0),(74,'PAYMENTS','PAYMENTS',0,'GCG','GCG','2024-06-18 09:20:41','2024-06-18 09:20:41',NULL,0),(75,'SAAS','SAAS',0,'GCG','GCG','2024-06-18 09:20:55','2024-06-18 09:20:55',NULL,0),(76,'SECURITY','SECURITY',0,'GCG','GCG','2024-06-18 09:21:15','2024-06-18 09:21:15',NULL,0),(77,'TESTING','TESTING',0,'GCG','GCG','2024-06-18 09:21:31','2024-06-18 09:21:31',NULL,0),(78,'TRADING & RISK','TRADING & RISK',0,'GCG','GCG','2024-06-18 09:21:48','2024-06-18 09:21:48',NULL,0),(79,'GRID COMPUTE','GRID COMPUTE',0,'GCG','GCG','2024-06-18 09:22:02','2024-06-18 09:22:02',NULL,0),(80,'REPORTING & ANALYTICS','REPORTING & ANALYTICS',0,'GCG','GCG','2024-06-18 09:22:24','2024-06-18 09:22:24',NULL,0),(81,'AI','AI',0,'GCG','GCG','2024-06-18 09:22:48','2024-06-18 09:22:48',NULL,0),(82,'OTHER GENERAL','OTHER GENERAL',0,'GCG','GCG','2024-06-18 09:23:04','2024-06-18 09:23:04',NULL,0),(83,'OTHER SMALL','OTHER SMALL',0,'GCG','GCG','2024-06-18 09:23:19','2024-06-18 09:23:19',NULL,0),(88,'People, Tools and Travels','',1,'GCG','GCG','0000-00-00 00:00:00','0000-00-00 00:00:00',5,3),(90,'Production Environment','',1,'','','0000-00-00 00:00:00','0000-00-00 00:00:00',6,1),(92,'People, Tools and Travels','',1,'','','0000-00-00 00:00:00','0000-00-00 00:00:00',6,2),(93,'Engineering Factors','',1,'','','0000-00-00 00:00:00','0000-00-00 00:00:00',6,3),(94,'End of Life Assessment','',1,'','','0000-00-00 00:00:00','0000-00-00 00:00:00',13,0),(99,'Dummy','',0,'','','0000-00-00 00:00:00','0000-00-00 00:00:00',99,0),(100,'Development Environment','',1,'GCG','GCG','0000-00-00 00:00:00','0000-00-00 00:00:00',4,1),(101,'Test Environment','',1,'GCG','GCG','0000-00-00 00:00:00','0000-00-00 00:00:00',4,2),(102,'People, Tools and Travels','',1,'GCG','GCG','0000-00-00 00:00:00','0000-00-00 00:00:00',4,3),(103,'Engineering Factors','',1,'GCG','GCG','0000-00-00 00:00:00','0000-00-00 00:00:00',4,4),(104,'GCG ATLAS™ SCREENING ESTIMATION - SELL / DECOM','',1,'GCG','GCG','0000-00-00 00:00:00','0000-00-00 00:00:00',11,1),(105,'GCG ATLAS™ SCREENING ESTIMATION - KEEP / HOLD / INVEST','',1,'GCG','GCG','0000-00-00 00:00:00','0000-00-00 00:00:00',12,2),(106,'Head Office Location','',1,'GCG','GCG','0000-00-00 00:00:00','0000-00-00 00:00:00',7,2),(107,'Main Data Centre Location','',1,'GCG','GCG','0000-00-00 00:00:00','0000-00-00 00:00:00',7,6),(108,'Satellite Location-1','',1,'GCG','GCG','0000-00-00 00:00:00','0000-00-00 00:00:00',7,3),(109,'Satellite Location-2','',1,'GCG','GCG','0000-00-00 00:00:00','0000-00-00 00:00:00',7,4),(110,'Satellite Location-3','',1,'GCG','GCG','0000-00-00 00:00:00','0000-00-00 00:00:00',7,5),(111,'Key Data Points','',1,'GCG','GCG','0000-00-00 00:00:00','0000-00-00 00:00:00',100,1),(112,'Data Centre Location-1','',1,'GCG','GCG','0000-00-00 00:00:00','0000-00-00 00:00:00',100,2),(113,'Data Centre Location-2','',1,'GCG','GCG','0000-00-00 00:00:00','0000-00-00 00:00:00',100,3),(114,'Data Centre Location-3','',1,'GCG','GCG','0000-00-00 00:00:00','0000-00-00 00:00:00',100,4),(115,'Key Data Points','',1,'GCG','GCG','0000-00-00 00:00:00','0000-00-00 00:00:00',101,1),(116,'Data Centre Location','',1,'GCG','GCG','0000-00-00 00:00:00','0000-00-00 00:00:00',101,2),(117,'Office Location 1','',1,'GCG','GCG','0000-00-00 00:00:00','0000-00-00 00:00:00',101,3),(118,'Office Location 2','',1,'GCG','GCG','0000-00-00 00:00:00','0000-00-00 00:00:00',101,4),(119,'Office Location 3','',1,'GCG','GCG','0000-00-00 00:00:00','0000-00-00 00:00:00',101,5);

--
-- Table structure for table `ICTActions`
--

CREATE TABLE `ICTActions` (
  `id` int NOT NULL AUTO_INCREMENT,
  `impactOBActionDMS` float NOT NULL,
  `impactOBActionTNS` float NOT NULL,
  `impactOBActionCDCS` float NOT NULL,
  `impactOBActionSoftware` float NOT NULL,
  `impactReleaseActionDMS` float NOT NULL,
  `impactReleaseActionTNS` float NOT NULL,
  `impactReleaseActionCDCS` float NOT NULL,
  `impactReleaseActionSoftware` float NOT NULL,
  `impactUseActionDMS` float NOT NULL,
  `impactUseActionTNS` float NOT NULL,
  `impactUseActionCDCS` float NOT NULL,
  `impactUseActionSoftware` float NOT NULL,
  `isActive` tinyint(1) NOT NULL,
  `createdBy` varchar(255) NOT NULL,
  `updatedBy` varchar(255) NOT NULL,
  `createdAt` datetime NOT NULL,
  `updatedAt` datetime NOT NULL,
  PRIMARY KEY (`id`)
) ENGINE=InnoDB DEFAULT CHARSET=utf8mb4 COLLATE=utf8mb4_0900_ai_ci;

--
-- Dumping data for table `ICTActions`
--


--
-- Table structure for table `ICTCalculations`
--

CREATE TABLE `ICTCalculations` (
  `id` int NOT NULL AUTO_INCREMENT,
  `averageImpactOBDMS` float NOT NULL,
  `averageImpactOBTNS` float NOT NULL,
  `averageImpactOBCDCS` float NOT NULL,
  `averageImpactOBSoftware` float NOT NULL,
  `averageImpactReleaseDMS` float NOT NULL,
  `averageImpactReleaseTNS` float NOT NULL,
  `averageImpactReleaseCDCS` float NOT NULL,
  `averageImpactReleaseSoftware` float NOT NULL,
  `averageImpactUseDMS` float NOT NULL,
  `averageImpactUseTNS` float NOT NULL,
  `averageImpactUseCDCS` float NOT NULL,
  `averageImpactUseSoftware` float NOT NULL,
  `averageActionOBDMS` float NOT NULL,
  `averageActionOBTNS` float NOT NULL,
  `averageActionOBCDCS` float NOT NULL,
  `averageActionOBSoftware` float NOT NULL,
  `averageActionReleaseDMS` float NOT NULL,
  `averageActionReleaseTNS` float NOT NULL,
  `averageActionReleaseCDCS` float NOT NULL,
  `averageActionReleaseSoftware` float NOT NULL,
  `averageActionUseDMS` float NOT NULL,
  `averageActionUseTNS` float NOT NULL,
  `averageActionUseCDCS` float NOT NULL,
  `averageActionUseSoftware` float NOT NULL,
  `modelledImpactOBDMS` float NOT NULL,
  `modelledImpactOBTNS` float NOT NULL,
  `modelledImpactOBCDCS` float NOT NULL,
  `modelledImpactOBSoftware` float NOT NULL,
  `modelledImpactReleaseDMS` float NOT NULL,
  `modelledImpactReleaseTNS` float NOT NULL,
  `modelledImpactReleaseCDCS` float NOT NULL,
  `modelledImpactReleaseSoftware` float NOT NULL,
  `modelledImpactUseDMS` float NOT NULL,
  `modelledImpactUseTNS` float NOT NULL,
  `modelledImpactUseCDCS` float NOT NULL,
  `modelledImpactUseSoftware` float NOT NULL,
  `modelledActionOBDMS` float NOT NULL,
  `modelledActionOBTNS` float NOT NULL,
  `modelledActionOBCDCS` float NOT NULL,
  `modelledActionOBSoftware` float NOT NULL,
  `modelledActionReleaseDMS` float NOT NULL,
  `modelledActionReleaseTNS` float NOT NULL,
  `modelledActionReleaseCDCS` float NOT NULL,
  `modelledActionReleaseSoftware` float NOT NULL,
  `modelledActionUseDMS` float NOT NULL,
  `modelledActionUseTNS` float NOT NULL,
  `modelledActionUseCDCS` float NOT NULL,
  `modelledActionUseSoftware` float NOT NULL,
  `isActive` tinyint(1) NOT NULL,
  `createdAt` datetime NOT NULL,
  `updatedAt` datetime NOT NULL,
  PRIMARY KEY (`id`)
) ENGINE=InnoDB AUTO_INCREMENT=2 DEFAULT CHARSET=utf8mb4 COLLATE=utf8mb4_0900_ai_ci;

--
-- Dumping data for table `ICTCalculations`
--

INSERT INTO `ICTCalculations` VALUES (1,22.02,0.05,19.28,59.09,19.28,0.03,23.09,57.37,14.49,0.05,32.03,53.42,11.58,0.02,46.36,29.54,12.96,0.04,48.43,26.86,2.82,1.26,38.16,46.66,21.82,0.05,19.26,58.89,19.28,0.03,23.09,57.37,14.49,0.05,32.03,53.42,11.58,0.02,46.36,29.54,12.96,0.04,48.43,26.86,2.82,1.26,38.16,46.66,1,'2024-07-08 09:56:22','2024-07-15 07:59:39');

--
-- Table structure for table `ICTImpactActions`
--

CREATE TABLE `ICTImpactActions` (
  `id` int NOT NULL AUTO_INCREMENT,
  `impactOBDMS` float NOT NULL,
  `impactOBTNS` float NOT NULL,
  `impactOBCDCS` float NOT NULL,
  `impactOBSoftware` float NOT NULL,
  `impactReleaseDMS` float NOT NULL,
  `impactReleaseTNS` float NOT NULL,
  `impactReleaseCDCS` float NOT NULL,
  `impactReleaseSoftware` float NOT NULL,
  `impactUseDMS` float NOT NULL,
  `impactUseTNS` float NOT NULL,
  `impactUseCDCS` float NOT NULL,
  `impactUseSoftware` float NOT NULL,
  `isActive` tinyint(1) NOT NULL,
  `createdBy` varchar(255) NOT NULL,
  `updatedBy` varchar(255) NOT NULL,
  `createdAt` datetime NOT NULL,
  `updatedAt` datetime NOT NULL,
  `actionOBDMS` float NOT NULL,
  `actionOBTNS` float NOT NULL,
  `actionOBCDCS` float NOT NULL,
  `actionOBSoftware` float NOT NULL,
  `actionReleaseDMS` float NOT NULL,
  `actionReleaseTNS` float NOT NULL,
  `actionReleaseCDCS` float NOT NULL,
  `actionReleaseSoftware` float NOT NULL,
  `actionUseDMS` float NOT NULL,
  `actionUseTNS` float NOT NULL,
  `actionUseCDCS` float NOT NULL,
  `actionUseSoftware` float NOT NULL,
  PRIMARY KEY (`id`)
) ENGINE=InnoDB AUTO_INCREMENT=20 DEFAULT CHARSET=utf8mb4 COLLATE=utf8mb4_0900_ai_ci;

--
-- Dumping data for table `ICTImpactActions`
--

INSERT INTO `ICTImpactActions` VALUES (1,-1,-1,-1,-1,-1,-1,-1,-1,-1,-1,-1,-1,1,'GCG','GCG','2024-07-08 09:56:22','2024-07-15 07:10:02',-1,-1,-1,-1,44.03,0.01,21.47,35.49,0.17,0.22,30.37,69.29),(2,-1,-1,-1,-1,-1,-1,-1,-1,-1,-1,-1,-1,1,'GCG','GCG','2024-07-08 09:56:22','2024-07-08 09:56:22',14.06,0.01,33.8,52.14,5.88,0.01,75.7,18.42,0.21,21.42,53.04,25.33),(3,-1,-1,-1,-1,-1,-1,-1,-1,-1,-1,-1,-1,1,'GCG','GCG','2024-07-08 09:56:22','2024-07-08 09:56:22',-1,-1,-1,-1,21.1,0.01,28.19,50.69,0.12,0.07,30.68,69.13),(4,-1,-1,-1,-1,-1,-1,-1,-1,-1,-1,-1,-1,1,'GCG','GCG','2024-07-08 09:56:22','2024-07-08 09:56:22',23.82,0.05,27.97,48.16,20.66,0.51,41.33,37.5,2.77,0.47,42.09,54.67),(5,-1,-1,-1,-1,-1,-1,-1,-1,-1,-1,-1,-1,1,'GCG','GCG','2024-07-08 09:56:22','2024-07-08 09:56:22',2.88,0,88.04,9.08,2.78,0,89.2,8.02,1.96,0,25.87,72.17),(6,-1,-1,-1,-1,-1,-1,-1,-1,-1,-1,-1,-1,1,'GCG','GCG','2024-07-08 09:56:22','2024-07-08 09:56:22',4.78,0,88.14,7.08,4.62,0,88.54,6.84,3.32,0,49.51,47.17),(7,-1,-1,-1,-1,-1,-1,-1,-1,-1,-1,-1,-1,1,'GCG','GCG','2024-07-08 09:56:22','2024-07-08 09:56:22',-1,-1,-1,-1,-1,-1,-1,-1,-1,-1,-1,-1),(8,-1,-1,-1,-1,-1,-1,-1,-1,-1,-1,-1,-1,1,'GCG','GCG','2024-07-08 09:56:22','2024-07-08 09:56:22',20.63,0.01,28.65,50.71,24.49,0.01,34.06,41.44,0,0.26,72.43,27.31),(9,-1,-1,-1,-1,-1,-1,-1,-1,-1,-1,-1,-1,1,'GCG','GCG','2024-07-08 09:56:22','2024-07-08 09:56:22',3.32,0.01,58.94,37.73,3.46,0,61.4,35.14,3.01,0.01,57.95,39.03),(10,-1,-1,-1,-1,-1,-1,-1,-1,-1,-1,-1,-1,1,'GCG','GCG','2024-07-08 09:56:22','2024-07-08 09:56:22',12.89,0,28.89,58.22,4.18,0,55.8,40.02,0.69,0.05,35.52,63.74),(11,-1,-1,-1,-1,-1,-1,-1,-1,-1,-1,-1,-1,1,'GCG','GCG','2024-07-08 09:56:22','2024-07-08 09:56:22',10.07,0.04,42.91,46.98,11.13,0.07,71.85,16.95,0.44,0.04,37.58,61.94),(12,-1,-1,-1,-1,-1,-1,-1,-1,-1,-1,-1,-1,1,'GCG','GCG','2024-07-08 09:56:22','2024-07-08 09:56:22',1.36,0.01,98.63,0,-1,-1,-1,-1,0,0.09,54.29,45.63),(13,26.32,0,1.72,71.97,23,0,1.78,75.22,15.55,0.01,20.42,64.03,1,'GCG','GCG','2024-07-08 09:56:22','2024-07-08 09:56:22',11.92,0,8.82,79.27,15.75,0,9.44,74.81,3.99,0,43.36,52.65),(14,-1,-1,-1,-1,-1,-1,-1,-1,-1,-1,-1,-1,1,'GCG','GCG','2024-07-08 09:56:22','2024-07-08 09:56:22',11.16,0.04,64,24.79,8.36,0.03,73.6,18.01,7.14,0.03,30.66,62.16),(15,5.91,0.05,69.34,24.71,2.46,0.02,88.27,9.25,0.47,0.12,96.04,3.36,1,'GCG','GCG','2024-07-08 09:56:22','2024-07-08 09:56:22',2.84,0.02,87.01,10.12,1.14,0.01,95.54,3.31,0.13,0.03,67.63,32.22),(16,25.28,0.06,11.75,62.9,23.98,0.06,11.82,64.18,20.45,0.05,11.64,67.85,1,'GCG','GCG','2024-07-08 09:56:22','2024-07-08 09:56:22',17.59,0.04,60.29,22.09,15.8,0.04,61.89,22.28,17.4,0.04,39.23,43.34),(17,-1,-1,-1,-1,-1,-1,-1,-1,-1,-1,-1,-1,1,'GCG','GCG','2024-07-08 09:56:22','2024-07-08 09:56:22',48.02,0.01,25.71,26.26,36.94,0,15.33,47.73,9.4,0.01,16.59,74.01),(18,27.32,0.09,1.82,72.97,23,0.01,1.78,74,15.55,0.01,20.42,64.03,1,'GCG','GCG','2024-07-15 06:58:11','2024-07-15 07:13:02',0,0,0,0,0,0,0,0,0,0,0,0),(19,25.28,0.06,11.75,62.9,23.98,0.06,11.82,64.18,20.45,0.05,11.64,67.85,1,'GCG','GCG','2024-07-15 07:04:11','2024-07-15 07:04:11',0,0,0,0,0,0,0,0,0,0,0,0);

--
-- Table structure for table `ImpactScopes`
--

CREATE TABLE `ImpactScopes` (
  `id` int NOT NULL AUTO_INCREMENT,
  `impactOBScope1and2` float NOT NULL,
  `impactOBScope3` float NOT NULL,
  `impactReleaseScope1and2` float NOT NULL,
  `impactReleaseScope3` float NOT NULL,
  `impactUseScope1and2` float NOT NULL,
  `impactUseScope3` float NOT NULL,
  `isActive` tinyint(1) NOT NULL,
  `createdBy` varchar(255) NOT NULL,
  `updatedBy` varchar(255) NOT NULL,
  `createdAt` datetime NOT NULL,
  `updatedAt` datetime NOT NULL,
  `scopeMapCategoryID` int NOT NULL,
  `actionOBScope1and2` float NOT NULL,
  `actionOBScope3` float NOT NULL,
  `actionReleaseScope1and2` float NOT NULL,
  `actionReleaseScope3` float NOT NULL,
  `actionUseScope1and2` float NOT NULL,
  `actionUseScope3` float NOT NULL,
  PRIMARY KEY (`id`),
  KEY `scopeMapCategoryID_idx` (`scopeMapCategoryID`),
  CONSTRAINT `scopeMapCategoryID` FOREIGN KEY (`scopeMapCategoryID`) REFERENCES `Mastervalues` (`id`)
) ENGINE=InnoDB AUTO_INCREMENT=6 DEFAULT CHARSET=utf8mb4 COLLATE=utf8mb4_0900_ai_ci;

--
-- Dumping data for table `ImpactScopes`
--

INSERT INTO `ImpactScopes` VALUES (1,52,68,40,64,24,76,1,'GCG','GCG','2024-07-02 10:30:07','2024-07-15 10:41:11',44,52,48,53,47,4,96),(2,19,81,19,81,13,87,1,'GCG','GCG','2024-07-02 10:30:07','2024-07-02 10:30:07',44,10,90,10,90,8,92),(3,80,20,92,8,97,3,1,'GCG','GCG','2024-07-02 10:30:07','2024-07-15 10:42:50',42,91,9,96,4,99,1),(4,39,61,36,64,15,85,1,'GCG','GCG','2024-07-02 10:30:07','2024-07-15 10:36:49',44,49,51,38,62,42,86);

--
-- Table structure for table `MainLifecycleStageTables`
--

CREATE TABLE `MainLifecycleStageTables` (
  `id` int NOT NULL AUTO_INCREMENT,
  `productId` int NOT NULL,
  `name` varchar(255) DEFAULT NULL,
  `createdBy` varchar(255) DEFAULT 'GCG',
  `updatedBy` varchar(255) DEFAULT 'GCG',
  `createdAt` datetime NOT NULL,
  `updatedAt` datetime NOT NULL,
  `lifecycleId` int NOT NULL,
  PRIMARY KEY (`id`),
  KEY `productId` (`productId`),
  KEY `lifecycleId` (`lifecycleId`),
  CONSTRAINT `MainLifecycleStageTables_ibfk_39` FOREIGN KEY (`productId`) REFERENCES `Products` (`id`),
  CONSTRAINT `MainLifecycleStageTables_ibfk_40` FOREIGN KEY (`lifecycleId`) REFERENCES `ProductLifecycleStages` (`id`)
) ENGINE=InnoDB AUTO_INCREMENT=25 DEFAULT CHARSET=utf8mb4 COLLATE=utf8mb4_0900_ai_ci;

--
-- Dumping data for table `MainLifecycleStageTables`
--

INSERT INTO `MainLifecycleStageTables` VALUES (1,1,'CedarActions','GCG','GCG','0000-00-00 00:00:00','0000-00-00 00:00:00',1),(2,1,'CedarICTAlignment','GCG','GCG','0000-00-00 00:00:00','0000-00-00 00:00:00',2),(3,1,'CedarScopeAlignments','GCG','GCG','0000-00-00 00:00:00','0000-00-00 00:00:00',3),(4,1,'CedarSummaryResults','GCG','GCG','0000-00-00 00:00:00','0000-00-00 00:00:00',1),(5,1,'CedarOriginalFullAssessments','GCG','GCG','0000-00-00 00:00:00','0000-00-00 00:00:00',2),(6,1,'CedarMiscellaneousData','GCG','GCG','0000-00-00 00:00:00','0000-00-00 00:00:00',3);

--
-- Table structure for table `Mappingorganizationsproducts`
--

CREATE TABLE `Mappingorganizationsproducts` (
  `id` int NOT NULL AUTO_INCREMENT,
  `isActive` tinyint(1) NOT NULL,
  `createdBy` varchar(255) NOT NULL,
  `updatedBy` varchar(255) NOT NULL,
  `createdAt` datetime NOT NULL,
  `updatedAt` datetime NOT NULL,
  `OrganizationId` int DEFAULT NULL,
  `ProductId` int DEFAULT NULL,
  PRIMARY KEY (`id`),
  KEY `OrganizationId` (`OrganizationId`),
  KEY `ProductId` (`ProductId`),
  CONSTRAINT `Mappingorganizationsproducts_ibfk_177` FOREIGN KEY (`OrganizationId`) REFERENCES `Organizations` (`id`) ON DELETE SET NULL ON UPDATE CASCADE,
  CONSTRAINT `Mappingorganizationsproducts_ibfk_178` FOREIGN KEY (`ProductId`) REFERENCES `Products` (`id`) ON DELETE SET NULL ON UPDATE CASCADE
) ENGINE=InnoDB AUTO_INCREMENT=155 DEFAULT CHARSET=utf8mb4 COLLATE=utf8mb4_0900_ai_ci;

--
-- Dumping data for table `Mappingorganizationsproducts`
--

INSERT INTO `Mappingorganizationsproducts` VALUES (66,1,'GCG','GCG','2024-07-10 09:11:00','2024-07-10 09:11:00',68,107),(69,1,'GCG','GCG','2024-08-01 07:54:51','2024-08-01 07:54:51',92,107),(71,1,'GCG','GCG','2024-08-02 11:48:05','2024-08-02 11:48:05',67,107),(72,1,'GCG','GCG','2024-08-09 05:37:39','2024-08-09 05:37:39',93,1),(73,1,'GCG','GCG','2024-10-25 09:58:31','2024-10-25 09:58:31',98,1),(74,1,'GCG','GCG','2024-10-28 07:22:21','2024-10-28 07:22:21',99,1),(75,1,'GCG','GCG','2024-10-28 07:22:33','2024-10-28 07:22:33',100,1),(76,1,'GCG','GCG','2024-10-28 08:04:07','2024-10-28 08:04:07',94,1),(77,1,'GCG','GCG','2024-10-28 09:43:55','2024-10-28 09:43:55',96,1),(78,1,'GCG','GCG','2024-10-28 09:44:15','2024-10-28 09:44:15',97,1),(79,1,'GCG','GCG','2024-10-28 09:44:43','2024-10-28 09:44:43',95,1),(80,1,'GCG','GCG','2024-10-30 09:02:20','2024-10-30 09:02:20',1,1),(81,1,'GCG','GCG','2024-11-04 05:29:15','2024-11-04 05:29:15',101,1),(82,1,'GCG','GCG','2024-11-04 06:59:53','2024-11-04 06:59:53',102,1),(83,1,'GCG','GCG','2024-11-04 07:45:42','2024-11-04 07:45:42',103,1),(84,1,'GCG','GCG','2024-11-04 08:19:35','2024-11-04 08:19:35',104,1),(85,1,'GCG','GCG','2024-11-29 08:24:59','2024-11-29 08:24:59',68,2),(87,1,'GCG','GCG','2024-12-16 06:56:54','2024-12-16 06:56:54',106,1),(88,1,'GCG','GCG','2024-12-17 16:12:15','2024-12-17 16:12:15',108,1),(89,1,'GCG','GCG','2024-12-17 16:12:24','2024-12-17 16:12:24',107,1),(90,1,'GCG','GCG','2024-12-23 15:06:23','2024-12-23 15:06:23',70,1),(93,1,'GCG','GCG','2025-01-25 15:49:04','2025-01-25 15:49:04',110,1),(94,1,'GCG','GCG','2025-01-27 06:03:09','2025-01-27 06:03:09',111,1),(95,1,'GCG','GCG','2025-01-27 06:06:05','2025-01-27 06:06:05',112,1),(96,1,'GCG','GCG','2025-01-27 06:07:07','2025-01-27 06:07:07',113,1),(97,1,'GCG','GCG','2025-01-27 09:52:07','2025-01-27 09:52:07',117,1),(98,1,'GCG','GCG','2025-01-27 10:52:59','2025-01-27 10:52:59',131,1),(99,1,'GCG','GCG','2025-01-28 07:35:30','2025-01-28 07:35:30',132,107),(100,1,'GCG','GCG','2025-01-28 07:35:30','2025-01-28 07:35:30',132,1),(101,1,'GCG','GCG','2025-01-28 11:18:02','2025-01-28 11:18:02',135,2),(102,1,'GCG','GCG','2025-01-28 11:18:02','2025-01-28 11:18:02',135,107),(103,1,'GCG','GCG','2025-01-28 11:18:02','2025-01-28 11:18:02',135,1),(104,1,'GCG','GCG','2025-01-28 18:45:54','2025-01-28 18:45:54',136,1),(105,1,'GCG','GCG','2025-01-29 09:24:41','2025-01-29 09:24:41',137,1),(106,1,'GCG','GCG','2025-01-29 10:07:59','2025-01-29 10:07:59',138,1),(107,1,'GCG','GCG','2025-01-29 10:36:05','2025-01-29 10:36:05',139,1),(108,1,'GCG','GCG','2025-01-29 10:36:05','2025-01-29 10:36:05',139,2),(109,1,'GCG','GCG','2025-01-29 10:36:05','2025-01-29 10:36:05',139,107),(110,1,'GCG','GCG','2025-01-29 12:24:50','2025-01-29 12:24:50',142,1),(111,1,'GCG','GCG','2025-01-29 12:24:50','2025-01-29 12:24:50',142,107),(112,1,'GCG','GCG','2025-01-29 14:25:00','2025-01-29 14:25:00',145,1),(113,1,'GCG','GCG','2025-01-29 14:26:06','2025-01-29 14:26:06',146,1),(114,1,'GCG','GCG','2025-01-30 05:24:32','2025-01-30 05:24:32',152,1),(115,1,'GCG','GCG','2025-01-30 05:37:20','2025-01-30 05:37:20',154,107),(116,1,'GCG','GCG','2025-01-30 05:37:20','2025-01-30 05:37:20',154,111),(117,1,'GCG','GCG','2025-01-30 05:37:20','2025-01-30 05:37:20',154,1),(118,1,'GCG','GCG','2025-01-30 05:57:03','2025-01-30 05:57:03',155,1),(119,1,'GCG','GCG','2025-01-30 05:57:03','2025-01-30 05:57:03',155,110),(120,1,'GCG','GCG','2025-01-30 05:57:03','2025-01-30 05:57:03',155,111),(121,1,'GCG','GCG','2025-01-30 05:57:03','2025-01-30 05:57:03',155,2),(122,1,'GCG','GCG','2025-01-30 05:57:03','2025-01-30 05:57:03',155,109),(123,1,'GCG','GCG','2025-01-30 09:15:19','2025-01-30 09:15:19',160,1),(125,1,'GCG','GCG','2025-01-30 10:40:24','2025-01-30 10:40:24',161,2),(126,1,'GCG','GCG','2025-01-30 10:40:24','2025-01-30 10:40:24',161,107),(128,1,'GCG','GCG','2025-01-31 13:18:50','2025-01-31 13:18:50',162,1),(131,1,'GCG','GCG','2025-02-04 13:50:55','2025-02-04 13:50:55',162,111),(135,1,'GCG','GCG','2025-02-05 07:38:04','2025-02-05 07:38:04',163,1),(136,1,'GCG','GCG','2025-02-05 10:41:36','2025-02-05 10:41:36',161,1),(138,1,'GCG','GCG','2025-02-05 10:59:34','2025-02-05 10:59:34',161,109),(140,1,'GCG','GCG','2025-02-06 05:08:48','2025-02-06 05:08:48',164,2),(141,1,'GCG','GCG','2025-02-06 06:02:34','2025-02-06 06:02:34',164,107),(142,1,'GCG','GCG','2025-02-07 07:13:51','2025-02-07 07:13:51',164,1),(143,1,'GCG','GCG','2025-02-07 07:16:35','2025-02-07 07:16:35',165,107),(144,1,'GCG','GCG','2025-02-07 07:16:35','2025-02-07 07:16:35',165,109),(145,1,'GCG','GCG','2025-02-07 07:16:35','2025-02-07 07:16:35',165,110),(147,1,'GCG','GCG','2025-02-07 07:16:35','2025-02-07 07:16:35',165,2),(148,1,'GCG','GCG','2025-02-07 07:25:54','2025-02-07 07:25:54',169,1),(149,1,'GCG','GCG','2025-02-11 06:49:27','2025-02-11 06:49:27',171,1),(150,1,'GCG','GCG','2025-02-11 07:01:15','2025-02-11 07:01:15',165,1),(151,1,'GCG','GCG','2025-02-11 07:01:37','2025-02-11 07:01:37',165,111),(152,1,'GCG','GCG','2025-02-15 17:16:56','2025-02-15 17:16:56',171,2),(153,1,'GCG','GCG','2025-02-18 05:34:24','2025-02-18 05:34:24',164,111),(154,1,'GCG','GCG','2025-02-19 09:15:17','2025-02-19 09:15:17',171,107);

--
-- Table structure for table `Mappingprivilegesroles`
--

CREATE TABLE `Mappingprivilegesroles` (
  `id` int NOT NULL AUTO_INCREMENT,
  `isActive` tinyint(1) NOT NULL,
  `createdBy` varchar(255) NOT NULL,
  `updatedBy` varchar(255) NOT NULL,
  `createdAt` datetime NOT NULL,
  `updatedAt` datetime NOT NULL,
  `PrivilegeId` int DEFAULT NULL,
  `RoleId` int DEFAULT NULL,
  `ProductId` int DEFAULT NULL,
  PRIMARY KEY (`id`),
  KEY `PrivilegeId` (`PrivilegeId`),
  KEY `RoleId` (`RoleId`),
  KEY `ProductId` (`ProductId`),
  CONSTRAINT `Mappingprivilegesroles_ibfk_262` FOREIGN KEY (`PrivilegeId`) REFERENCES `Privileges` (`id`) ON DELETE SET NULL ON UPDATE CASCADE,
  CONSTRAINT `Mappingprivilegesroles_ibfk_263` FOREIGN KEY (`RoleId`) REFERENCES `Roles` (`id`) ON DELETE SET NULL ON UPDATE CASCADE,
  CONSTRAINT `Mappingprivilegesroles_ibfk_264` FOREIGN KEY (`ProductId`) REFERENCES `Products` (`id`) ON DELETE SET NULL ON UPDATE CASCADE
) ENGINE=InnoDB AUTO_INCREMENT=36 DEFAULT CHARSET=utf8mb4 COLLATE=utf8mb4_0900_ai_ci;

--
-- Dumping data for table `Mappingprivilegesroles`
--

INSERT INTO `Mappingprivilegesroles` VALUES (25,0,'GCG','GCG','2024-05-04 09:10:25','2024-05-04 09:10:25',NULL,4,1),(26,1,'GCG','GCG','2024-05-06 11:46:04','2024-05-06 11:46:04',NULL,8,2),(27,1,'GCG','GCG','2024-05-06 11:46:04','2024-05-06 11:46:04',NULL,4,2),(34,1,'GCG','GCG','2024-07-15 05:42:12','2024-07-15 05:42:12',39,5,107),(35,0,'GCG','GCG','2024-11-22 11:51:30','2024-11-22 11:51:30',37,5,1);

--
-- Table structure for table `Mastervalues`
--

CREATE TABLE `Mastervalues` (
  `id` int NOT NULL AUTO_INCREMENT,
  `mastervalues` varchar(255) NOT NULL,
  `isActive` tinyint(1) NOT NULL,
  `createdBy` varchar(255) NOT NULL,
  `updatedBy` varchar(255) NOT NULL,
  `createdAt` datetime NOT NULL,
  `updatedAt` datetime NOT NULL,
  `QuestionsmastervalueId` int DEFAULT NULL,
  PRIMARY KEY (`id`),
  KEY `QuestionsmastervalueId` (`QuestionsmastervalueId`),
  CONSTRAINT `Mastervalues_ibfk_1` FOREIGN KEY (`QuestionsmastervalueId`) REFERENCES `Questionsmastervalues` (`id`) ON DELETE SET NULL ON UPDATE CASCADE
) ENGINE=InnoDB AUTO_INCREMENT=183 DEFAULT CHARSET=utf8mb4 COLLATE=utf8mb4_0900_ai_ci;

--
-- Dumping data for table `Mastervalues`
--

INSERT INTO `Mastervalues` VALUES (1,'Intel',1,'GCG','GCG','0000-00-00 00:00:00','2024-04-11 11:06:35',20),(2,'AMD',1,'GCG','GCG','2024-02-27 09:40:29','2024-02-27 09:40:29',20),(3,'Cisco',1,'GCG','GCG','2024-02-27 09:40:29','2024-02-27 09:40:29',20),(6,'Other',1,'GCG','GCG','2024-02-27 09:40:29','2024-02-27 09:40:29',20),(7,'Linux',1,'GCG','GCG','2024-02-27 09:40:29','2024-02-27 09:40:29',21),(8,'Window',1,'GCG','GCG','2024-02-27 09:40:29','2024-02-27 09:40:29',21),(9,'Ubuntu',1,'GCG','GCG','2024-02-27 09:40:29','2024-02-27 09:40:29',21),(10,'Other',1,'GCG','GCG','2024-02-27 09:40:29','2024-02-27 09:40:29',21),(11,'System',1,'GCG','GCG','2024-02-27 09:40:29','2024-02-27 09:40:29',1),(12,'General',1,'GCG','GCG','2024-02-27 09:40:29','2024-02-27 09:40:29',1),(13,'Educational',1,'GCG','GCG','2024-02-27 09:40:29','2024-02-27 09:40:29',1),(14,'Entertainment',1,'GCG','GCG','2024-02-27 09:40:29','2024-02-27 09:40:29',1),(15,'Web Application',1,'GCG','GCG','2024-02-27 09:40:29','2024-02-27 09:40:29',1),(16,'Channel Layer',1,'GCG','GCG','2024-02-27 09:40:29','2024-02-27 09:40:29',1),(17,'CRM',1,'GCG','GCG','2024-02-27 09:40:29','2024-02-27 09:40:29',1),(18,'ERP',1,'GCG','GCG','2024-02-27 09:40:29','2024-02-27 09:40:29',1),(19,'HRM',1,'GCG','GCG','2024-02-27 09:40:29','2024-02-27 09:40:29',1),(20,'Accounting',1,'GCG','GCG','2024-02-27 09:40:29','2024-02-27 09:40:29',1),(21,'SCM',1,'GCG','GCG','2024-02-27 09:40:29','2024-02-27 09:40:29',1),(22,'ESG',1,'GCG','GCG','2024-02-27 09:40:29','2024-02-27 09:40:29',1),(23,'Manufacturing',1,'GCG','GCG','2024-02-27 09:40:29','2024-02-27 09:40:29',1),(24,'Business Intelligence',1,'GCG','GCG','2024-02-27 09:40:29','2024-02-27 09:40:29',1),(25,'Health',1,'GCG','GCG','2024-02-27 09:40:29','2024-02-27 09:40:29',1),(26,'Gaming',1,'GCG','GCG','2024-02-27 09:40:29','2024-02-27 09:40:29',1),(27,'Developer Tooling',1,'GCG','GCG','2024-02-27 09:40:29','2024-02-27 09:40:29',1),(28,'Core Processing',1,'GCG','GCG','2024-02-27 09:40:29','2024-02-27 09:40:29',1),(29,'Microservices',1,'GCG','GCG','2024-02-27 09:40:29','2024-02-27 09:40:29',1),(33,'Client Build Public Cloud',1,'GCG','GCG','2024-02-27 09:40:29','2024-02-27 09:40:29',2),(34,'Partner Build / Client On-Prem',1,'GCG','GCG','2024-02-27 09:40:29','2024-02-27 09:40:29',2),(35,'Partner Build / Partner/ Public Cloud',1,'GCG','GCG','2024-02-27 09:40:29','2024-02-27 09:40:29',2),(36,'Hybrid Build / On Client On-Prem /  Private Cloud',1,'GCG','GCG','2024-02-27 09:40:29','2024-02-27 09:40:29',2),(37,'Hybrid Build / On Partner/ Public Cloud',1,'GCG','GCG','2024-02-27 09:40:29','2024-04-08 06:43:50',2),(38,'0-8',1,'GCG','GCG','2024-02-27 09:40:29','2024-02-27 09:40:29',3),(39,'8-12',1,'GCG','GCG','2024-02-27 09:40:29','2024-02-27 09:40:29',3),(40,'12-16',1,'GCG','GCG','2024-02-27 09:40:29','2024-02-27 09:40:29',3),(41,'16-24',1,'GCG','GCG','2024-02-27 09:40:29','2024-02-27 09:40:29',3),(42,'On Premise',1,'GCG','GCG','2024-02-27 09:40:29','2024-02-27 09:40:29',4),(44,'Public Cloud',1,'GCG','GCG','2024-02-27 09:40:29','2024-02-27 09:40:29',4),(45,'Rack',1,'GCG','GCG','2024-02-27 09:40:29','2024-02-27 09:40:29',5),(46,'Blade',1,'GCG','GCG','2024-02-27 09:40:29','2024-02-27 09:40:29',5),(47,'Midrange',1,'GCG','GCG','2024-02-27 09:40:29','2024-02-27 09:40:29',5),(48,'Mainframe',1,'GCG','GCG','2024-02-27 09:40:29','2024-02-27 09:40:29',5),(49,'Tower',1,'GCG','GCG','2024-02-27 09:40:29','2024-02-27 09:40:29',5),(50,'Other',1,'GCG','GCG','2024-02-27 09:40:29','2024-02-27 09:40:29',5),(51,'AWS',1,'GCG','GCG','2024-02-27 09:40:29','2024-02-27 09:40:29',6),(52,'Azure',1,'GCG','GCG','2024-02-27 09:40:29','2024-02-27 09:40:29',6),(53,'GCP',1,'GCG','GCG','2024-02-27 09:40:29','2024-02-27 09:40:29',6),(54,'Oracle',1,'GCG','GCG','2024-02-27 09:40:29','2024-02-27 09:40:29',6),(55,'IBM',1,'GCG','GCG','2024-02-27 09:40:29','2024-02-27 09:40:29',6),(56,'Other',1,'GCG','GCG','2024-02-27 09:40:29','2024-02-27 09:40:29',6),(57,'Constant / Regular',1,'GCG','GCG','2024-02-27 09:40:29','2024-02-27 09:40:29',7),(58,'On-Demand',1,'GCG','GCG','2024-02-27 09:40:29','2024-02-27 09:40:29',7),(59,'Pre-emptible',1,'GCG','GCG','2024-02-27 09:40:29','2024-02-27 09:40:29',7),(60,'Capacity Reserved',1,'GCG','GCG','2024-02-27 09:40:29','2024-02-27 09:40:29',7),(61,'SSD',1,'GCG','GCG','2024-02-27 09:40:29','2024-02-27 09:40:29',8),(62,'HDD',1,'GCG','GCG','2024-02-27 09:40:29','2024-02-27 09:40:29',8),(63,'Internal(LAN)',1,'GCG','GCG','2024-02-27 09:40:29','2024-02-27 09:40:29',9),(64,'External(WAN)',1,'GCG','GCG','2024-02-27 09:40:29','2024-02-27 09:40:29',9),(65,'Yes',1,'GCG','GCG','2024-02-27 09:40:29','2024-02-27 09:40:29',10),(66,'No',1,'GCG','GCG','2024-02-27 09:40:29','2024-02-27 09:40:29',10),(67,'New/Go-live',1,'GCG','GCG','2024-02-27 09:40:29','2024-02-27 09:40:29',11),(68,'1 year',1,'GCG','GCG','2024-02-27 09:40:29','2024-02-27 09:40:29',11),(69,'2 years',1,'GCG','GCG','2024-02-27 09:40:29','2024-02-27 09:40:29',11),(70,'3 years',1,'GCG','GCG','2024-02-27 09:40:29','2024-02-27 09:40:29',11),(71,'4 years',1,'GCG','GCG','2024-02-27 09:40:29','2024-02-27 09:40:29',11),(72,'5+ years',1,'GCG','GCG','2024-02-27 09:40:29','2024-02-27 09:40:29',11),(73,'Cold',1,'GCG','GCG','2024-02-27 09:40:29','2024-02-27 09:40:29',12),(74,'Warm',1,'GCG','GCG','2024-02-27 09:40:29','2024-02-27 09:40:29',12),(75,'Hot',1,'GCG','GCG','2024-02-27 09:40:29','2024-02-27 09:40:29',12),(76,'Not Measured',1,'GCG','GCG','2024-02-27 09:40:29','2024-02-27 09:40:29',13),(77,'Poor',1,'GCG','GCG','2024-02-27 09:40:29','2024-02-27 09:40:29',13),(78,'Fair',1,'GCG','GCG','2024-02-27 09:40:29','2024-02-27 09:40:29',13),(79,'Good',1,'GCG','GCG','2024-02-27 09:40:29','2024-02-27 09:40:29',13),(80,'Very Good',1,'GCG','GCG','2024-02-27 09:40:29','2024-02-27 09:40:29',13),(81,'Exceptional',1,'GCG','GCG','2024-02-27 09:40:29','2024-02-27 09:40:29',13),(82,'Not Measured',1,'GCG','GCG','2024-02-27 09:40:29','2024-02-27 09:40:29',14),(83,'1',1,'GCG','GCG','2024-02-27 09:40:29','2024-02-27 09:40:29',14),(84,'2',1,'GCG','GCG','2024-02-27 09:40:29','2024-02-27 09:40:29',14),(85,'3',1,'GCG','GCG','2024-02-27 09:40:29','2024-02-27 09:40:29',14),(86,'4',1,'GCG','GCG','2024-02-27 09:40:29','2024-02-27 09:40:29',14),(87,'5',1,'GCG','GCG','2024-02-27 09:40:29','2024-02-27 09:40:29',14),(88,'Not Measured',1,'GCG','GCG','2024-02-27 09:40:29','2024-02-27 09:40:29',15),(89,'Run',1,'GCG','GCG','2024-02-27 09:40:29','2024-02-27 09:40:29',15),(90,'Walk',1,'GCG','GCG','2024-02-27 09:40:29','2024-02-27 09:40:29',15),(91,'Crawl',1,'GCG','GCG','2024-02-27 09:40:29','2024-02-27 09:40:29',15),(92,'None',1,'GCG','GCG','0000-00-00 00:00:00','0000-00-00 00:00:00',16),(93,'Zoom',1,'GCG','GCG','0000-00-00 00:00:00','0000-00-00 00:00:00',16),(94,'Teams',1,'GCG','GCG','0000-00-00 00:00:00','0000-00-00 00:00:00',16),(95,'Google-Meet',1,'GCG','GCG','0000-00-00 00:00:00','0000-00-00 00:00:00',16),(96,'Cisco',1,'GCG','GCG','0000-00-00 00:00:00','0000-00-00 00:00:00',16),(97,'Skype',1,'GCG','GCG','0000-00-00 00:00:00','0000-00-00 00:00:00',16),(98,'Amazon Chime',1,'GCG','GCG','0000-00-00 00:00:00','0000-00-00 00:00:00',16),(99,'Other',1,'GCG','GCG','0000-00-00 00:00:00','0000-00-00 00:00:00',16),(100,'None',1,'GCG','GCG','0000-00-00 00:00:00','0000-00-00 00:00:00',18),(101,'Dynatrace',1,'GCG','GCG','0000-00-00 00:00:00','0000-00-00 00:00:00',18),(102,'Datadog',1,'GCG','GCG','0000-00-00 00:00:00','0000-00-00 00:00:00',18),(103,'AppDynamics',1,'GCG','GCG','0000-00-00 00:00:00','0000-00-00 00:00:00',18),(104,'Stackify',1,'GCG','GCG','0000-00-00 00:00:00','0000-00-00 00:00:00',18),(105,'SolarWinds',1,'GCG','GCG','0000-00-00 00:00:00','0000-00-00 00:00:00',18),(106,'New Relic',1,'GCG','GCG','0000-00-00 00:00:00','0000-00-00 00:00:00',18),(107,'Other',1,'GCG','GCG','0000-00-00 00:00:00','0000-00-00 00:00:00',18),(108,'None',1,'GCG','GCG','0000-00-00 00:00:00','0000-00-00 00:00:00',19),(109,'Selenium',1,'GCG','GCG','0000-00-00 00:00:00','0000-00-00 00:00:00',19),(110,'TestComplete',1,'GCG','GCG','0000-00-00 00:00:00','0000-00-00 00:00:00',19),(111,'KatalonStudio',1,'GCG','GCG','0000-00-00 00:00:00','0000-00-00 00:00:00',19),(112,'Appium',1,'GCG','GCG','0000-00-00 00:00:00','0000-00-00 00:00:00',19),(113,'Eggplant',1,'GCG','GCG','0000-00-00 00:00:00','0000-00-00 00:00:00',19),(114,'Watir',1,'GCG','GCG','0000-00-00 00:00:00','0000-00-00 00:00:00',19),(115,'Telerik Studio',1,'GCG','GCG','0000-00-00 00:00:00','0000-00-00 00:00:00',19),(116,'Testim',1,'GCG','GCG','0000-00-00 00:00:00','0000-00-00 00:00:00',19),(117,'Other',1,'GCG','GCG','0000-00-00 00:00:00','0000-00-00 00:00:00',19),(118,'None',1,'GCG','GGG','0000-00-00 00:00:00','0000-00-00 00:00:00',17),(119,'Github',1,'GCG','GCG','0000-00-00 00:00:00','0000-00-00 00:00:00',17),(120,'Jira',1,'GCG','GCG','0000-00-00 00:00:00','0000-00-00 00:00:00',17),(121,'BitBucket',1,'GCG','GCG','0000-00-00 00:00:00','0000-00-00 00:00:00',17),(122,'Azure DevOps Server',1,'GCG','GCG','0000-00-00 00:00:00','0000-00-00 00:00:00',17),(123,'Amazon Chime',1,'GCG','GCG','0000-00-00 00:00:00','0000-00-00 00:00:00',17),(124,'Other',1,'GCG','GCG','0000-00-00 00:00:00','0000-00-00 00:00:00',17),(125,'Dell',1,'GCG','GCG','0000-00-00 00:00:00','0000-00-00 00:00:00',35),(126,'Lenovo',1,'GCG','GCG','0000-00-00 00:00:00','0000-00-00 00:00:00',35),(127,'HP',1,'GCG','GCG','0000-00-00 00:00:00','0000-00-00 00:00:00',35),(128,'ASUS',1,'GCG','GCG','0000-00-00 00:00:00','0000-00-00 00:00:00',35),(129,'ACER',1,'GCG','GCG','0000-00-00 00:00:00','0000-00-00 00:00:00',35),(130,'IBM',1,'GCG','GCG','0000-00-00 00:00:00','0000-00-00 00:00:00',35),(131,'APPLE',1,'GCG','GCG','0000-00-00 00:00:00','0000-00-00 00:00:00',35),(132,'Other',1,'GCG','GCG','0000-00-00 00:00:00','0000-00-00 00:00:00',35),(136,'Hybrid',1,'GCG','GCG','0000-00-00 00:00:00','0000-00-00 00:00:00',4),(153,'Yes',1,'GCG','GCG','0000-00-00 00:00:00','0000-00-00 00:00:00',71),(154,'No',1,'GCG','GCG','0000-00-00 00:00:00','0000-00-00 00:00:00',71),(155,'Original Build Estimate',1,'GCG','GCG','0000-00-00 00:00:00','0000-00-00 00:00:00',72),(156,'Original Build Full Assessment',1,'GCG','GCG','0000-00-00 00:00:00','0000-00-00 00:00:00',72),(157,'Apple',1,'GCG','GCG','0000-00-00 00:00:00','0000-00-00 00:00:00',74),(158,'Samsung',1,'GCG','GCG','0000-00-00 00:00:00','0000-00-00 00:00:00',74),(159,'Lenovo',1,'GCG','GCG','0000-00-00 00:00:00','0000-00-00 00:00:00',74),(160,'Huawai',1,'GCG','GCG','0000-00-00 00:00:00','0000-00-00 00:00:00',74),(161,'Other',1,'GCG','GCG','0000-00-00 00:00:00','0000-00-00 00:00:00',74),(162,'Apple',1,'GCG','GCG','0000-00-00 00:00:00','0000-00-00 00:00:00',75),(163,'Samsung',1,'GCG','GCG','0000-00-00 00:00:00','0000-00-00 00:00:00',75),(164,'Lenovo',1,'GCG','GCG','0000-00-00 00:00:00','0000-00-00 00:00:00',75),(165,'Huawai',1,'GCG','GCG','0000-00-00 00:00:00','0000-00-00 00:00:00',75),(166,'Microsoft',1,'GCG','GCG','0000-00-00 00:00:00','0000-00-00 00:00:00',75),(167,'Asus',1,'GCG','GCG','0000-00-00 00:00:00','0000-00-00 00:00:00',75),(168,'Google ',1,'GCG','GCG','0000-00-00 00:00:00','0000-00-00 00:00:00',75),(169,'HTC',1,'GCG','GCG','0000-00-00 00:00:00','0000-00-00 00:00:00',75),(170,'Other',1,'GCG','GCG','0000-00-00 00:00:00','0000-00-00 00:00:00',75),(171,'HP',1,'GCG','GCG','0000-00-00 00:00:00','0000-00-00 00:00:00',76),(172,'Canon',1,'GCG','GCG','0000-00-00 00:00:00','0000-00-00 00:00:00',76),(173,'Epson',1,'GCG','GCG','0000-00-00 00:00:00','0000-00-00 00:00:00',76),(174,'Brother',1,'GCG','GCG','0000-00-00 00:00:00','0000-00-00 00:00:00',76),(175,'Xerox',1,'GCG','GCG','0000-00-00 00:00:00','0000-00-00 00:00:00',76),(176,'Lexmark',1,'GCG','GCG','0000-00-00 00:00:00','0000-00-00 00:00:00',76),(177,'Other',1,'GCG','GCG','0000-00-00 00:00:00','0000-00-00 00:00:00',76),(178,'30',1,'GCG','GCG','0000-00-00 00:00:00','0000-00-00 00:00:00',77),(179,'50',1,'GCG','GCG','0000-00-00 00:00:00','0000-00-00 00:00:00',77),(180,'60',1,'GCG','GCG','0000-00-00 00:00:00','0000-00-00 00:00:00',77),(181,'Yes',1,'GCG','GCG','0000-00-00 00:00:00','0000-00-00 00:00:00',78),(182,'No',1,'GCG','GCG','0000-00-00 00:00:00','0000-00-00 00:00:00',78);

--
-- Table structure for table `Organizations`
--

CREATE TABLE `Organizations` (
  `id` int NOT NULL AUTO_INCREMENT,
  `organizationsName` varchar(255) DEFAULT NULL,
  `brandImageUrl` varchar(255) DEFAULT NULL,
  `organizationsAddress` text,
  `isActive` tinyint(1) DEFAULT NULL,
  `createdBy` varchar(255) DEFAULT NULL,
  `updatedBy` varchar(255) DEFAULT NULL,
  `createdAt` datetime NOT NULL,
  `updatedAt` datetime NOT NULL,
  `WorkingHour` int DEFAULT NULL,
  PRIMARY KEY (`id`)
) ENGINE=InnoDB AUTO_INCREMENT=172 DEFAULT CHARSET=utf8mb4 COLLATE=utf8mb4_0900_ai_ci;

--
-- Dumping data for table `Organizations`
--

INSERT INTO `Organizations` VALUES (1,'GoCodeGreen',NULL,'NFC, Delhi',1,'GCG','GCG','0000-00-00 00:00:00','2024-04-11 11:16:52',NULL),(3,'Modi Xerox',NULL,'NFC, Delhi',1,'GCG','GCG','0000-00-00 00:00:00','2024-04-11 11:56:43',NULL),(63,'Citi Corp',NULL,'NFC, Delhi',NULL,NULL,NULL,'2024-05-03 07:04:23','2024-05-03 07:04:23',NULL),(67,'Microsoft',NULL,'Noida Sector 8',NULL,NULL,NULL,'2024-05-03 10:27:23','2024-05-03 10:27:23',NULL),(68,'Silk Route',NULL,'Golf Link, New Delhi',NULL,NULL,NULL,'2024-05-08 11:19:55','2024-05-08 11:19:55',NULL),(69,'HDFC',NULL,'Golf Link, New Delhi',NULL,NULL,NULL,'2024-05-09 09:00:05','2024-05-09 09:00:05',NULL),(70,'ICICI Bank',NULL,'Golf Link, New Delhi',NULL,NULL,NULL,'2024-05-10 10:26:19','2024-05-10 10:26:19',NULL),(71,'Client1',NULL,'NFC, Delhi',NULL,NULL,NULL,'2024-07-02 06:41:45','2024-07-02 06:41:45',NULL),(72,'Client2',NULL,'NFC, Delhi',NULL,NULL,NULL,'2024-07-02 06:42:29','2024-07-02 06:42:29',NULL),(73,'Client3',NULL,'NFC, Delhi',NULL,NULL,NULL,'2024-07-02 06:43:02','2024-07-02 06:43:02',NULL),(74,'Client4',NULL,'NFC, Delhi',NULL,NULL,NULL,'2024-07-02 06:43:43','2024-07-02 06:43:43',NULL),(75,'Client5',NULL,'NFC, Delhi',NULL,NULL,NULL,'2024-07-02 06:44:23','2024-07-02 06:44:23',NULL),(76,'Client6',NULL,'NFC, Delhi',NULL,NULL,NULL,'2024-07-02 06:45:18','2024-07-02 06:45:18',NULL),(77,'Tushar Goyal',NULL,'Golf Link, New Delhi',NULL,NULL,NULL,'2024-07-02 06:46:59','2024-07-02 06:46:59',NULL),(78,'Client7',NULL,'Golf Link, New Delhi',NULL,NULL,NULL,'2024-07-02 06:49:05','2024-07-02 06:49:05',NULL),(79,'Client8',NULL,'Golf Link, New Delhi',NULL,NULL,NULL,'2024-07-02 06:50:04','2024-07-02 06:50:04',NULL),(80,'Client9',NULL,'Golf Link, New Delhi',NULL,NULL,NULL,'2024-07-02 06:50:44','2024-07-02 06:50:44',NULL),(81,'Client10',NULL,'Golf Link, New Delhi',NULL,NULL,NULL,'2024-07-02 06:51:35','2024-07-02 06:51:35',NULL),(82,'Client11',NULL,'Golf Link, New Delhi',NULL,NULL,NULL,'2024-07-02 06:52:07','2024-07-02 06:52:07',NULL),(83,'Client12',NULL,'Golf Link, New Delhi',NULL,NULL,NULL,'2024-07-02 06:52:52','2024-07-10 09:07:07',NULL),(84,'Client13',NULL,'Golf Link, New Delhi',NULL,NULL,NULL,'2024-07-02 06:53:34','2024-07-02 06:53:34',NULL),(85,'Client14',NULL,'Golf Link, New Delhi',NULL,NULL,NULL,'2024-07-02 06:54:24','2024-07-02 06:54:24',NULL),(86,'Client15',NULL,'Golf Link, New Delhi',NULL,NULL,NULL,'2024-07-02 06:55:05','2024-07-02 06:55:05',NULL),(87,'Client16',NULL,'Golf Link, New Delhi',NULL,NULL,NULL,'2024-07-02 06:55:42','2024-07-02 06:55:42',NULL),(88,'Client12 2022 Revised',NULL,'Golf Link, New Delhi',NULL,NULL,NULL,'2024-07-02 06:56:35','2024-07-02 06:56:35',NULL),(89,'Client12 Core',NULL,'Golf Link, New Delhi',NULL,NULL,NULL,'2024-07-02 06:57:18','2024-07-02 06:57:18',NULL),(90,'GoCode Green',NULL,'London',NULL,NULL,NULL,'2024-07-02 07:53:37','2024-07-02 07:53:37',NULL),(91,'Google ',NULL,'NYC',NULL,NULL,NULL,'2024-07-31 11:48:48','2024-07-31 11:48:48',NULL),(92,'Xerox',NULL,'Golf Link, New Delhi',NULL,NULL,NULL,'2024-07-31 11:55:53','2024-07-31 11:55:53',NULL),(93,'Marie Curie',NULL,'NFC, Delhi',NULL,NULL,NULL,'2024-08-01 08:06:51','2024-08-01 08:06:51',NULL),(94,'Deutsche Bank',NULL,'India',NULL,NULL,NULL,'0000-00-00 00:00:00','0000-00-00 00:00:00',NULL),(95,'NHS England',NULL,'India',NULL,NULL,NULL,'0000-00-00 00:00:00','0000-00-00 00:00:00',NULL),(96,'Allica Bank Ltd',NULL,'India',NULL,NULL,NULL,'0000-00-00 00:00:00','0000-00-00 00:00:00',NULL),(97,'NatWest',NULL,'India',NULL,NULL,NULL,'0000-00-00 00:00:00','0000-00-00 00:00:00',NULL),(98,'ENI',NULL,'India',NULL,NULL,NULL,'0000-00-00 00:00:00','0000-00-00 00:00:00',NULL),(99,'Lloyds Banking Group',NULL,'UK',NULL,NULL,NULL,'0000-00-00 00:00:00','0000-00-00 00:00:00',NULL),(100,'Scottish Tech Army',NULL,'INDIA',NULL,NULL,NULL,'0000-00-00 00:00:00','0000-00-00 00:00:00',NULL),(101,'KPMG UK',NULL,'UK',1,'GCG','GCG','0000-00-00 00:00:00','0000-00-00 00:00:00',NULL),(102,'Retail Trust',NULL,'USA',1,'GCG','GCG','0000-00-00 00:00:00','0000-00-00 00:00:00',NULL),(103,'Clear Bank',NULL,'Germany',1,'GCG','GCG','0000-00-00 00:00:00','0000-00-00 00:00:00',NULL),(104,'NWG',NULL,'Wallington',1,'GCG','GCG','0000-00-00 00:00:00','0000-00-00 00:00:00',NULL),(106,'IRFC',NULL,'Lodhi Road, New Delhi',NULL,NULL,NULL,'2024-12-16 06:54:58','2024-12-16 06:54:58',NULL),(107,'Mastek',NULL,'Manchester',1,'GCG','GCG','0000-00-00 00:00:00','0000-00-00 00:00:00',NULL),(108,'Ministry of Defence',NULL,'India',1,'GCG','GCG','0000-00-00 00:00:00','0000-00-00 00:00:00',NULL),(109,'Misfits Communications and Digital Services Pvt Ltd',NULL,'192, Sahyog Apartments',NULL,NULL,NULL,'2024-12-25 05:56:47','2024-12-25 05:56:47',NULL),(110,'Complinity',NULL,NULL,NULL,NULL,NULL,'2025-01-25 15:49:04','2025-01-25 15:49:04',24),(111,'Complinity 2',NULL,NULL,NULL,NULL,NULL,'2025-01-27 06:03:08','2025-01-27 06:03:08',8),(112,'Complinity 3',NULL,NULL,NULL,NULL,NULL,'2025-01-27 06:06:05','2025-01-27 06:06:05',10),(113,'Complinity 4',NULL,NULL,NULL,NULL,NULL,'2025-01-27 06:07:06','2025-01-27 06:07:06',10),(117,'Xerox Corporation',NULL,NULL,NULL,NULL,NULL,'2025-01-27 09:52:07','2025-01-27 09:52:07',8),(131,'Complinity 5',NULL,NULL,NULL,NULL,NULL,'2025-01-27 10:52:59','2025-01-27 10:52:59',8),(132,'goyal & sons',NULL,NULL,NULL,NULL,NULL,'2025-01-28 07:35:30','2025-01-28 07:35:30',12),(135,'Sainsburys',NULL,NULL,NULL,NULL,NULL,'2025-01-28 11:18:02','2025-01-28 11:18:02',8),(136,'Ansh Groups of Co-orporations',NULL,NULL,NULL,NULL,NULL,'2025-01-28 18:45:41','2025-01-28 18:45:41',5),(137,'Anshhh Corporation',NULL,NULL,NULL,NULL,NULL,'2025-01-29 09:24:30','2025-01-29 09:24:30',2),(138,'Fuji Xerox',NULL,NULL,NULL,NULL,NULL,'2025-01-29 10:07:54','2025-01-29 10:07:54',8),(139,'goyal & sons12',NULL,NULL,NULL,NULL,NULL,'2025-01-29 10:35:58','2025-01-29 10:35:58',12),(140,'Xerox Corporation1',NULL,NULL,NULL,NULL,NULL,'2025-01-29 12:23:25','2025-01-29 12:23:25',8),(142,'HDFCorgani',NULL,NULL,NULL,NULL,NULL,'2025-01-29 12:24:45','2025-01-29 12:24:45',8),(143,'Ansh Groups of Co-orporations Unique',NULL,NULL,NULL,NULL,NULL,'2025-01-29 14:22:24','2025-01-29 14:22:24',3),(144,'Ansh Groups of Co-orporations Uniquenn',NULL,NULL,NULL,NULL,NULL,'2025-01-29 14:23:38','2025-01-29 14:23:38',3),(145,'Ansh Groups of Co-orporations 222',NULL,NULL,NULL,NULL,NULL,'2025-01-29 14:24:48','2025-01-29 14:24:48',2),(146,'Ansh Groups of Co-orporations 313',NULL,NULL,NULL,NULL,NULL,'2025-01-29 14:26:00','2025-01-29 14:26:00',8),(147,'Ansh Groups of Co-orporations 444',NULL,NULL,NULL,NULL,NULL,'2025-01-30 05:23:02','2025-01-30 05:23:02',2),(149,'Ansh Groups of Co-orporations 4445',NULL,NULL,NULL,NULL,NULL,'2025-01-30 05:23:15','2025-01-30 05:23:15',2),(152,'Ansh Groups of Co-orporations 23333',NULL,NULL,NULL,NULL,NULL,'2025-01-30 05:24:27','2025-01-30 05:24:27',2),(154,'Lloyds Bank',NULL,NULL,NULL,NULL,NULL,'2025-01-30 05:37:16','2025-01-30 05:37:16',9),(155,'HSBC',NULL,NULL,NULL,NULL,NULL,'2025-01-30 05:56:59','2025-01-30 05:56:59',9),(158,'ANSHHHH Limited',NULL,NULL,NULL,NULL,NULL,'2025-01-30 06:50:56','2025-01-30 06:50:56',2),(160,'Enron',NULL,NULL,NULL,NULL,NULL,'2025-01-30 09:15:15','2025-01-30 09:15:15',8),(161,'Natwest123',NULL,NULL,NULL,NULL,NULL,'2025-01-30 10:40:20','2025-01-30 10:40:20',8),(162,'Anshhh Limited',NULL,NULL,NULL,NULL,NULL,'2025-01-31 13:18:43','2025-01-31 13:18:43',5),(163,'Ansh Corporation Private Limited',NULL,NULL,NULL,NULL,NULL,'2025-02-05 07:37:59','2025-02-05 07:37:59',5),(164,'ANSH TECHNOLOGY LTD',NULL,NULL,NULL,NULL,NULL,'2025-02-05 11:01:52','2025-02-05 11:01:52',4),(165,'goyal & sons1',NULL,NULL,NULL,NULL,NULL,'2025-02-07 07:16:31','2025-02-07 07:16:31',5),(166,'Xerox Corporation123',NULL,NULL,NULL,NULL,NULL,'2025-02-07 07:21:00','2025-02-07 07:21:00',7),(168,'Xerox Corporation1234',NULL,NULL,NULL,NULL,NULL,'2025-02-07 07:21:33','2025-02-07 07:21:33',7),(169,'Xerox Corporation US',NULL,NULL,NULL,NULL,NULL,'2025-02-07 07:25:50','2025-02-07 07:25:50',8),(170,'Xerox CorporationABC',NULL,NULL,NULL,NULL,NULL,'2025-02-07 07:32:27','2025-02-07 07:32:27',8),(171,'Hiscox',NULL,NULL,NULL,NULL,NULL,'2025-02-11 06:49:24','2025-02-11 06:49:24',8);

--
-- Table structure for table `PRMappings`
--

CREATE TABLE `PRMappings` (
  `id` int NOT NULL AUTO_INCREMENT,
  `isActive` tinyint(1) NOT NULL,
  `createdBy` varchar(255) NOT NULL,
  `updatedBy` varchar(255) NOT NULL,
  `createdAt` datetime NOT NULL,
  `updatedAt` datetime NOT NULL,
  `ReportId` int NOT NULL,
  `ProductId` int NOT NULL,
  PRIMARY KEY (`id`),
  KEY `ProductId_idx` (`ProductId`),
  KEY `ReportId_idx` (`ReportId`),
  CONSTRAINT `ProductId` FOREIGN KEY (`ProductId`) REFERENCES `Products` (`id`),
  CONSTRAINT `ReportId` FOREIGN KEY (`ReportId`) REFERENCES `Product_Reports` (`id`)
) ENGINE=InnoDB AUTO_INCREMENT=3 DEFAULT CHARSET=utf8mb4 COLLATE=utf8mb4_0900_ai_ci;

--
-- Dumping data for table `PRMappings`
--


--
-- Table structure for table `Privileges`
--

CREATE TABLE `Privileges` (
  `id` int NOT NULL AUTO_INCREMENT,
  `privileges` varchar(255) DEFAULT NULL,
  `isActive` tinyint(1) DEFAULT NULL,
  `createdBy` varchar(255) DEFAULT NULL,
  `updatedBy` varchar(255) DEFAULT NULL,
  `createdAt` datetime NOT NULL,
  `updatedAt` datetime NOT NULL,
  PRIMARY KEY (`id`)
) ENGINE=InnoDB AUTO_INCREMENT=41 DEFAULT CHARSET=utf8mb4 COLLATE=utf8mb4_0900_ai_ci;

--
-- Dumping data for table `Privileges`
--

INSERT INTO `Privileges` VALUES (36,'Webform Entry',1,'GCG','GCG','2024-05-10 05:39:44','2024-05-10 05:39:44'),(37,'Run API',1,'GCG','GCG','2024-05-10 05:40:03','2024-05-10 05:40:03'),(39,'Atlas Report',1,'GCG','GCG','2024-07-15 05:40:53','2024-07-15 05:40:53'),(40,'Atlas Screening Form',1,'GCG','GCG','2024-07-15 05:41:02','2024-07-15 05:41:02');

--
-- Table structure for table `ProductApplications`
--

CREATE TABLE `ProductApplications` (
  `id` int NOT NULL AUTO_INCREMENT,
  `OrganizationId` int DEFAULT NULL,
  `ProductId` int DEFAULT NULL,
  `ApplicationId` int NOT NULL,
  `YearsLive` int DEFAULT NULL,
  `createdAt` datetime NOT NULL,
  `updatedAt` datetime NOT NULL,
  `Status` varchar(255) DEFAULT NULL,
  PRIMARY KEY (`id`),
  KEY `OrganizationId` (`OrganizationId`),
  KEY `ProductId` (`ProductId`),
  KEY `ApplicationId` (`ApplicationId`),
  CONSTRAINT `ProductApplications_ibfk_34` FOREIGN KEY (`OrganizationId`) REFERENCES `Organizations` (`id`),
  CONSTRAINT `ProductApplications_ibfk_35` FOREIGN KEY (`ProductId`) REFERENCES `Products` (`id`),
  CONSTRAINT `ProductApplications_ibfk_36` FOREIGN KEY (`ApplicationId`) REFERENCES `Applications` (`id`)
) ENGINE=InnoDB AUTO_INCREMENT=42 DEFAULT CHARSET=utf8mb4 COLLATE=utf8mb4_0900_ai_ci;

--
-- Dumping data for table `ProductApplications`
--

INSERT INTO `ProductApplications` VALUES (2,110,1,45,0,'2025-01-25 15:50:10','2025-01-25 15:50:10',NULL),(3,110,1,46,0,'2025-01-25 15:52:27','2025-01-25 15:52:27',NULL),(4,110,1,47,0,'2025-01-25 15:52:27','2025-01-25 15:52:27',NULL),(5,110,1,48,2,'2025-01-25 15:55:45','2025-01-25 15:55:45',NULL),(6,110,1,49,3,'2025-01-25 15:55:45','2025-01-25 15:55:45',NULL),(7,113,1,50,2,'2025-01-27 06:09:46','2025-01-27 06:09:46',NULL),(14,131,1,51,2,'2025-01-27 10:53:21','2025-01-27 10:53:21',NULL),(15,132,1,52,12,'2025-01-28 07:36:06','2025-01-28 07:36:06',NULL),(16,135,1,53,0,'2025-01-28 11:20:42','2025-01-28 11:20:42','Not Started'),(17,137,1,54,1,'2025-01-29 09:31:08','2025-01-29 09:31:08','Not Started'),(18,137,1,55,1,'2025-01-29 09:31:08','2025-01-29 09:31:08','Not Started'),(19,137,1,56,2,'2025-01-29 09:31:08','2025-01-29 09:31:08','Not Started'),(20,137,1,57,2,'2025-01-29 09:37:01','2025-01-29 09:37:01','Not Started'),(21,137,1,58,2,'2025-01-29 09:37:02','2025-01-29 09:37:02','Not Started'),(22,137,1,59,1,'2025-01-29 09:37:02','2025-01-29 09:37:02','Not Started'),(23,138,1,60,1,'2025-01-29 10:08:29','2025-02-07 11:04:52','Completed'),(24,139,1,61,2,'2025-01-29 10:36:51','2025-01-29 10:36:51','Not Started'),(25,139,1,62,2,'2025-01-29 10:36:51','2025-01-29 10:36:51','Not Started'),(26,142,1,63,3,'2025-01-29 12:27:20','2025-01-29 12:27:20','Not Started'),(27,154,1,64,3,'2025-01-30 05:40:33','2025-01-30 05:40:33','Not Started'),(28,155,1,65,4,'2025-01-30 05:58:04','2025-02-05 05:41:06','In Progress'),(29,160,1,66,2,'2025-01-30 09:15:42','2025-01-30 09:15:42','Not Started'),(30,161,1,67,2,'2025-01-30 10:41:00','2025-01-30 10:41:00','Not Started'),(32,162,1,68,2,'2025-02-04 13:52:31','2025-02-05 05:41:42','In Progress'),(33,163,1,69,3,'2025-02-05 07:39:09','2025-02-05 08:36:51','In Progress'),(34,163,1,70,2,'2025-02-05 07:39:09','2025-02-05 07:39:09','Not Started'),(37,164,1,70,5,'2025-02-05 11:05:31','2025-02-19 05:50:15','In Progress'),(38,164,1,71,2,'2025-02-07 07:13:38','2025-02-07 07:13:38','Not Started'),(39,171,1,63,3,'2025-02-11 06:49:53','2025-02-19 05:51:17','In Progress'),(40,165,1,72,2,'2025-02-11 07:02:26','2025-02-11 07:02:26','Not Started'),(41,171,1,74,2,'2025-02-12 07:11:57','2025-02-18 11:18:03','In Progress');

--
-- Table structure for table `ProductLifecycleStages`
--

CREATE TABLE `ProductLifecycleStages` (
  `id` int NOT NULL AUTO_INCREMENT,
  `productId` int NOT NULL,
  `name` varchar(255) NOT NULL,
  `createdAt` datetime NOT NULL,
  `updatedAt` datetime NOT NULL,
  PRIMARY KEY (`id`),
  KEY `productId` (`productId`),
  CONSTRAINT `ProductLifecycleStages_ibfk_1` FOREIGN KEY (`productId`) REFERENCES `Products` (`id`)
) ENGINE=InnoDB AUTO_INCREMENT=10 DEFAULT CHARSET=utf8mb4 COLLATE=utf8mb4_0900_ai_ci;

--
-- Dumping data for table `ProductLifecycleStages`
--

INSERT INTO `ProductLifecycleStages` VALUES (1,1,'Original Build','0000-00-00 00:00:00','0000-00-00 00:00:00'),(2,1,'Iteration / Release','0000-00-00 00:00:00','0000-00-00 00:00:00'),(3,1,'Use','0000-00-00 00:00:00','0000-00-00 00:00:00'),(4,1,'End of Life','0000-00-00 00:00:00','0000-00-00 00:00:00'),(5,1,'Summary Lifecycle Results','0000-00-00 00:00:00','0000-00-00 00:00:00'),(6,1,'ICT Category Impact Alignment','0000-00-00 00:00:00','0000-00-00 00:00:00'),(7,1,'ICT Category Action Alignment','0000-00-00 00:00:00','0000-00-00 00:00:00'),(8,1,'Impact Scope 3 Categorisation','0000-00-00 00:00:00','0000-00-00 00:00:00'),(9,1,'Action Scope 3 Categorisation','0000-00-00 00:00:00','0000-00-00 00:00:00');

--
-- Table structure for table `ProductReportCategories`
--

CREATE TABLE `ProductReportCategories` (
  `id` int NOT NULL AUTO_INCREMENT,
  `productId` int NOT NULL,
  `name` varchar(255) NOT NULL,
  `createdAt` datetime NOT NULL,
  `updatedAt` datetime NOT NULL,
  PRIMARY KEY (`id`),
  KEY `productId` (`productId`),
  CONSTRAINT `ProductReportCategories_ibfk_1` FOREIGN KEY (`productId`) REFERENCES `Products` (`id`)
) ENGINE=InnoDB AUTO_INCREMENT=32 DEFAULT CHARSET=utf8mb4 COLLATE=utf8mb4_0900_ai_ci;

--
-- Dumping data for table `ProductReportCategories`
--

INSERT INTO `ProductReportCategories` VALUES (1,1,'Compute','0000-00-00 00:00:00','0000-00-00 00:00:00'),(2,1,'Memory','0000-00-00 00:00:00','0000-00-00 00:00:00'),(3,1,'Storage','0000-00-00 00:00:00','0000-00-00 00:00:00'),(4,1,'Network','0000-00-00 00:00:00','0000-00-00 00:00:00'),(5,1,'Embodied Emissions','0000-00-00 00:00:00','0000-00-00 00:00:00'),(6,1,'Internal Resources','0000-00-00 00:00:00','0000-00-00 00:00:00'),(7,1,'External Resources','0000-00-00 00:00:00','0000-00-00 00:00:00'),(8,1,'Internal Travel','0000-00-00 00:00:00','0000-00-00 00:00:00'),(9,1,'External Travel','0000-00-00 00:00:00','0000-00-00 00:00:00'),(10,1,'Collaboration Tools','0000-00-00 00:00:00','0000-00-00 00:00:00'),(11,1,'Developer PC Usage','0000-00-00 00:00:00','0000-00-00 00:00:00'),(12,1,'Demand','0000-00-00 00:00:00','0000-00-00 00:00:00'),(13,1,'Desktop Compute','0000-00-00 00:00:00','0000-00-00 00:00:00'),(14,1,'Efficiency','0000-00-00 00:00:00','0000-00-00 00:00:00'),(15,1,'Engineering','0000-00-00 00:00:00','0000-00-00 00:00:00'),(16,1,'Hygiene','0000-00-00 00:00:00','0000-00-00 00:00:00'),(17,1,'Location','0000-00-00 00:00:00','0000-00-00 00:00:00'),(18,1,'Disaster Recovery','0000-00-00 00:00:00','0000-00-00 00:00:00'),(19,1,'Support PC Usage','0000-00-00 00:00:00','0000-00-00 00:00:00'),(20,1,'Service','0000-00-00 00:00:00','0000-00-00 00:00:00'),(21,1,'Cloud and Data Centre Services','0000-00-00 00:00:00','0000-00-00 00:00:00'),(22,1,'Desktop Managed Services','0000-00-00 00:00:00','0000-00-00 00:00:00'),(23,1,'Software','0000-00-00 00:00:00','0000-00-00 00:00:00'),(24,1,'Telecommunications & Network Services','0000-00-00 00:00:00','0000-00-00 00:00:00'),(25,1,'Categories 6 & 7','0000-00-00 00:00:00','0000-00-00 00:00:00'),(26,1,'Category 1','0000-00-00 00:00:00','0000-00-00 00:00:00'),(27,1,'Category 4','0000-00-00 00:00:00','0000-00-00 00:00:00'),(28,1,'Category 6','0000-00-00 00:00:00','0000-00-00 00:00:00'),(29,1,'Category 7','0000-00-00 00:00:00','0000-00-00 00:00:00'),(30,1,'Category 9','0000-00-00 00:00:00','0000-00-00 00:00:00'),(31,1,'Category 11','0000-00-00 00:00:00','0000-00-00 00:00:00');

--
-- Table structure for table `ProductReportMeasures`
--

CREATE TABLE `ProductReportMeasures` (
  `id` int NOT NULL AUTO_INCREMENT,
  `productId` int NOT NULL,
  `name` varchar(255) NOT NULL,
  `createdAt` datetime NOT NULL,
  `updatedAt` datetime NOT NULL,
  PRIMARY KEY (`id`),
  KEY `productId` (`productId`),
  CONSTRAINT `ProductReportMeasures_ibfk_1` FOREIGN KEY (`productId`) REFERENCES `Products` (`id`)
) ENGINE=InnoDB AUTO_INCREMENT=73 DEFAULT CHARSET=utf8mb4 COLLATE=utf8mb4_0900_ai_ci;

--
-- Dumping data for table `ProductReportMeasures`
--

INSERT INTO `ProductReportMeasures` VALUES (1,1,'Original Build Baseline Estimated Rating','0000-00-00 00:00:00','0000-00-00 00:00:00'),(2,1,'Original Build Rating','0000-00-00 00:00:00','0000-00-00 00:00:00'),(3,1,'Iteration per release rating','0000-00-00 00:00:00','0000-00-00 00:00:00'),(4,1,'Iteration annualized rating','0000-00-00 00:00:00','0000-00-00 00:00:00'),(5,1,'Use annualized rating','0000-00-00 00:00:00','0000-00-00 00:00:00'),(6,1,'End of Life rating','0000-00-00 00:00:00','0000-00-00 00:00:00'),(7,1,'Scope 1&2 Impact','0000-00-00 00:00:00','0000-00-00 00:00:00'),(8,1,'Scope 3 Impact','0000-00-00 00:00:00','0000-00-00 00:00:00'),(9,1,'Scope 1&2 Reduction','0000-00-00 00:00:00','0000-00-00 00:00:00'),(10,1,'Scope 3 Reduction','0000-00-00 00:00:00','0000-00-00 00:00:00'),(11,1,'Scope 1&2 Action','0000-00-00 00:00:00','0000-00-00 00:00:00'),(12,1,'Scope 3 Action','0000-00-00 00:00:00','0000-00-00 00:00:00'),(13,1,'Carbon Intensity','0000-00-00 00:00:00','0000-00-00 00:00:00'),(14,1,'Data Quality','0000-00-00 00:00:00','0000-00-00 00:00:00'),(15,1,'Tree Count','0000-00-00 00:00:00','0000-00-00 00:00:00'),(16,1,'Water Impact','0000-00-00 00:00:00','0000-00-00 00:00:00'),(17,1,'ORIGINAL BUILD BASELINE ESTIMATE ONLY - Rating','0000-00-00 00:00:00','0000-00-00 00:00:00'),(18,1,'ORIGINAL BUILD FULL ASSESSMENT - Rating','0000-00-00 00:00:00','0000-00-00 00:00:00'),(19,1,'ITERATION PER RELEASE - Rating','0000-00-00 00:00:00','0000-00-00 00:00:00'),(20,1,'ITERATION ANNUALISED - Rating','0000-00-00 00:00:00','0000-00-00 00:00:00'),(21,1,'USE (ANNUAL) - Rating','0000-00-00 00:00:00','0000-00-00 00:00:00'),(22,1,'END OF LIFE - Rating','0000-00-00 00:00:00','0000-00-00 00:00:00'),(23,1,'ORIGINAL BUILD BASELINE ESTIMATE ONLY - Carbon Impact (tCO2e)','0000-00-00 00:00:00','0000-00-00 00:00:00'),(24,1,'ORIGINAL BUILD FULL ASSESSMENT - Carbon Impact (tCO2e)','0000-00-00 00:00:00','0000-00-00 00:00:00'),(25,1,'ITERATION PER RELEASE - Carbon Impact (tCO2e)','0000-00-00 00:00:00','0000-00-00 00:00:00'),(26,1,'ITERATION ANNUALISED - Carbon Impact (tCO2e)','0000-00-00 00:00:00','0000-00-00 00:00:00'),(27,1,'USE (ANNUAL) - Carbon Impact (tCO2e)','0000-00-00 00:00:00','0000-00-00 00:00:00'),(28,1,'END OF LIFE - Carbon Impact (tCO2e)','0000-00-00 00:00:00','0000-00-00 00:00:00'),(29,1,'ORIGINAL BUILD BASELINE ESTIMATE ONLY - Indicative Energy Use Equivalent (kWh)','0000-00-00 00:00:00','0000-00-00 00:00:00'),(30,1,'ORIGINAL BUILD FULL ASSESSMENT - Indicative Energy Use Equivalent (kWh)','0000-00-00 00:00:00','0000-00-00 00:00:00'),(31,1,'ITERATION PER RELEASE - Indicative Energy Use Equivalent (kWh)','0000-00-00 00:00:00','0000-00-00 00:00:00'),(32,1,'ITERATION ANNUALISED - Indicative Energy Use Equivalent (kWh)','0000-00-00 00:00:00','0000-00-00 00:00:00'),(33,1,'USE (ANNUAL) - Indicative Energy Use Equivalent (kWh)','0000-00-00 00:00:00','0000-00-00 00:00:00'),(34,1,'END OF LIFE - Indicative Energy Use Equivalent (kWh)','0000-00-00 00:00:00','0000-00-00 00:00:00'),(35,1,'ORIGINAL BUILD BASELINE ESTIMATE ONLY - Software Carbon Intensity Score','0000-00-00 00:00:00','0000-00-00 00:00:00'),(36,1,'ORIGINAL BUILD FULL ASSESSMENT - Software Carbon Intensity Score','0000-00-00 00:00:00','0000-00-00 00:00:00'),(37,1,'ITERATION PER RELEASE - Software Carbon Intensity Score','0000-00-00 00:00:00','0000-00-00 00:00:00'),(38,1,'ITERATION ANNUALISED - Software Carbon Intensity Score','0000-00-00 00:00:00','0000-00-00 00:00:00'),(39,1,'USE (ANNUAL) - Software Carbon Intensity Score','0000-00-00 00:00:00','0000-00-00 00:00:00'),(40,1,'END OF LIFE - Software Carbon Intensity Score','0000-00-00 00:00:00','0000-00-00 00:00:00'),(41,1,'ORIGINAL BUILD BASELINE ESTIMATE ONLY - % Estimated Carbon Reduction Opportunity','0000-00-00 00:00:00','0000-00-00 00:00:00'),(42,1,'ORIGINAL BUILD FULL ASSESSMENT - % Estimated Carbon Reduction Opportunity','0000-00-00 00:00:00','0000-00-00 00:00:00'),(43,1,'ITERATION PER RELEASE - % Estimated Carbon Reduction Opportunity','0000-00-00 00:00:00','0000-00-00 00:00:00'),(44,1,'ITERATION ANNUALISED - % Estimated Carbon Reduction Opportunity','0000-00-00 00:00:00','0000-00-00 00:00:00'),(45,1,'USE (ANNUAL) - % Estimated Carbon Reduction Opportunity','0000-00-00 00:00:00','0000-00-00 00:00:00'),(46,1,'END OF LIFE - % Estimated Carbon Reduction Opportunity','0000-00-00 00:00:00','0000-00-00 00:00:00'),(47,1,'ORIGINAL BUILD BASELINE ESTIMATE ONLY - Estimated tCO2e Reduction','0000-00-00 00:00:00','0000-00-00 00:00:00'),(48,1,'ORIGINAL BUILD FULL ASSESSMENT - Estimated tCO2e Reduction','0000-00-00 00:00:00','0000-00-00 00:00:00'),(49,1,'ITERATION PER RELEASE - Estimated tCO2e Reduction','0000-00-00 00:00:00','0000-00-00 00:00:00'),(50,1,'ITERATION ANNUALISED - Estimated tCO2e Reduction','0000-00-00 00:00:00','0000-00-00 00:00:00'),(51,1,'USE (ANNUAL) - Estimated tCO2e Reduction','0000-00-00 00:00:00','0000-00-00 00:00:00'),(52,1,'END OF LIFE - Estimated tCO2e Reduction','0000-00-00 00:00:00','0000-00-00 00:00:00'),(53,1,'ORIGINAL BUILD BASELINE ESTIMATE ONLY - Estimated Energy Reduction (kWh)','0000-00-00 00:00:00','0000-00-00 00:00:00'),(54,1,'ORIGINAL BUILD FULL ASSESSMENT - Estimated Energy Reduction (kWh)','0000-00-00 00:00:00','0000-00-00 00:00:00'),(55,1,'ITERATION PER RELEASE - Estimated Energy Reduction (kWh)','0000-00-00 00:00:00','0000-00-00 00:00:00'),(56,1,'ITERATION ANNUALISED - Estimated Energy Reduction (kWh)','0000-00-00 00:00:00','0000-00-00 00:00:00'),(57,1,'USE (ANNUAL) - Estimated Energy Reduction (kWh)','0000-00-00 00:00:00','0000-00-00 00:00:00'),(58,1,'END OF LIFE - Estimated Energy Reduction (kWh)','0000-00-00 00:00:00','0000-00-00 00:00:00'),(59,1,'ORIGINAL BUILD BASELINE ESTIMATE ONLY - Estimated Energy Related Cost Reduction','0000-00-00 00:00:00','0000-00-00 00:00:00'),(60,1,'ORIGINAL BUILD FULL ASSESSMENT - Estimated Energy Related Cost Reduction','0000-00-00 00:00:00','0000-00-00 00:00:00'),(61,1,'ITERATION PER RELEASE - Estimated Energy Related Cost Reduction','0000-00-00 00:00:00','0000-00-00 00:00:00'),(62,1,'ITERATION ANNUALISED - Estimated Energy Related Cost Reduction','0000-00-00 00:00:00','0000-00-00 00:00:00'),(63,1,'USE (ANNUAL) - Estimated Energy Related Cost Reduction','0000-00-00 00:00:00','0000-00-00 00:00:00'),(64,1,'END OF LIFE - Estimated Energy Related Cost Reduction','0000-00-00 00:00:00','0000-00-00 00:00:00'),(65,1,'RATING','0000-00-00 00:00:00','0000-00-00 00:00:00'),(66,1,'CARBON IMPACT (tCO2e)','0000-00-00 00:00:00','0000-00-00 00:00:00'),(67,1,'CARBON INTENSITY SCORE ','0000-00-00 00:00:00','0000-00-00 00:00:00'),(68,1,'% ESTIMATED Carbon Reduction Opportunity','0000-00-00 00:00:00','0000-00-00 00:00:00'),(69,1,'ESTIMATED tCO2e REDUCTION ','0000-00-00 00:00:00','0000-00-00 00:00:00'),(70,1,'Indicative Energy Use Equivalent (kWh)','0000-00-00 00:00:00','0000-00-00 00:00:00'),(71,1,'Estimated Energy Reduction (kWh)','0000-00-00 00:00:00','0000-00-00 00:00:00'),(72,1,'Estimated Energy Related Cost Reduction','0000-00-00 00:00:00','0000-00-00 00:00:00');

--
-- Table structure for table `ProductReportSections`
--

CREATE TABLE `ProductReportSections` (
  `id` int NOT NULL AUTO_INCREMENT,
  `productId` int NOT NULL,
  `name` varchar(255) NOT NULL,
  `createdAt` datetime NOT NULL,
  `updatedAt` datetime NOT NULL,
  PRIMARY KEY (`id`),
  KEY `productId` (`productId`),
  CONSTRAINT `ProductReportSections_ibfk_1` FOREIGN KEY (`productId`) REFERENCES `Products` (`id`)
) ENGINE=InnoDB DEFAULT CHARSET=utf8mb4 COLLATE=utf8mb4_0900_ai_ci;

--
-- Dumping data for table `ProductReportSections`
--


--
-- Table structure for table `ProductReportSubCategories`
--

CREATE TABLE `ProductReportSubCategories` (
  `id` int NOT NULL AUTO_INCREMENT,
  `productId` int NOT NULL,
  `name` varchar(255) NOT NULL,
  `createdAt` datetime NOT NULL,
  `updatedAt` datetime NOT NULL,
  PRIMARY KEY (`id`),
  KEY `productId` (`productId`),
  CONSTRAINT `ProductReportSubCategories_ibfk_1` FOREIGN KEY (`productId`) REFERENCES `Products` (`id`)
) ENGINE=InnoDB AUTO_INCREMENT=34 DEFAULT CHARSET=utf8mb4 COLLATE=utf8mb4_0900_ai_ci;

--
-- Dumping data for table `ProductReportSubCategories`
--

INSERT INTO `ProductReportSubCategories` VALUES (1,1,'Processor Type','0000-00-00 00:00:00','0000-00-00 00:00:00'),(2,1,'Number of CPU per env','0000-00-00 00:00:00','0000-00-00 00:00:00'),(3,1,'Serverless Calculation','0000-00-00 00:00:00','0000-00-00 00:00:00'),(4,1,'Location','0000-00-00 00:00:00','0000-00-00 00:00:00'),(5,1,'Hosting Type','0000-00-00 00:00:00','0000-00-00 00:00:00'),(6,1,'CPU Utilisation','0000-00-00 00:00:00','0000-00-00 00:00:00'),(7,1,'Total Memory (GB)','0000-00-00 00:00:00','0000-00-00 00:00:00'),(8,1,'Total Storage (TB)','0000-00-00 00:00:00','0000-00-00 00:00:00'),(9,1,'Network (GB)','0000-00-00 00:00:00','0000-00-00 00:00:00'),(10,1,'Embodied Emissions','0000-00-00 00:00:00','0000-00-00 00:00:00'),(11,1,'# of Test Environments','0000-00-00 00:00:00','0000-00-00 00:00:00'),(12,1,'Internal Resources','0000-00-00 00:00:00','0000-00-00 00:00:00'),(13,1,'External Resources','0000-00-00 00:00:00','0000-00-00 00:00:00'),(14,1,'Travel','0000-00-00 00:00:00','0000-00-00 00:00:00'),(15,1,'Developer Desktop','0000-00-00 00:00:00','0000-00-00 00:00:00'),(16,1,'Shutdown on IDLE/On-Demand Compute','0000-00-00 00:00:00','0000-00-00 00:00:00'),(17,1,'Operating Hours','0000-00-00 00:00:00','0000-00-00 00:00:00'),(18,1,'Disaster Recovery Mode','0000-00-00 00:00:00','0000-00-00 00:00:00'),(19,1,'SSE Rating','0000-00-00 00:00:00','0000-00-00 00:00:00'),(20,1,'NoCode/Low Code','0000-00-00 00:00:00','0000-00-00 00:00:00'),(21,1,'Reuse','0000-00-00 00:00:00','0000-00-00 00:00:00'),(22,1,'Devops Maturity','0000-00-00 00:00:00','0000-00-00 00:00:00'),(23,1,'Programming Language','0000-00-00 00:00:00','0000-00-00 00:00:00'),(24,1,'Support Desktop','0000-00-00 00:00:00','0000-00-00 00:00:00'),(25,1,'# of Dev Environments','0000-00-00 00:00:00','0000-00-00 00:00:00'),(26,1,'Total STORAGE (Tb) - ALL ENV','0000-00-00 00:00:00','0000-00-00 00:00:00'),(27,1,'LOCATION - COUNTRY','0000-00-00 00:00:00','0000-00-00 00:00:00'),(28,1,'SHUTDOWN ON IDLE','0000-00-00 00:00:00','0000-00-00 00:00:00'),(29,1,'NOCODE','0000-00-00 00:00:00','0000-00-00 00:00:00'),(30,1,'DEVOPS / DevSustainOps MATURITY','0000-00-00 00:00:00','0000-00-00 00:00:00'),(31,1,'NUMBER OF vCPU PER ENV','0000-00-00 00:00:00','0000-00-00 00:00:00'),(32,1,'vCPU UTILISATION','0000-00-00 00:00:00','0000-00-00 00:00:00'),(33,1,'Total MEMORY (Tb)','0000-00-00 00:00:00','0000-00-00 00:00:00');

--
-- Table structure for table `ProductReportThemes`
--

CREATE TABLE `ProductReportThemes` (
  `id` int NOT NULL AUTO_INCREMENT,
  `productId` int NOT NULL,
  `name` varchar(255) NOT NULL,
  `createdAt` datetime NOT NULL,
  `updatedAt` datetime NOT NULL,
  PRIMARY KEY (`id`),
  KEY `productId` (`productId`),
  CONSTRAINT `ProductReportThemes_ibfk_1` FOREIGN KEY (`productId`) REFERENCES `Products` (`id`)
) ENGINE=InnoDB AUTO_INCREMENT=33 DEFAULT CHARSET=utf8mb4 COLLATE=utf8mb4_0900_ai_ci;

--
-- Dumping data for table `ProductReportThemes`
--

INSERT INTO `ProductReportThemes` VALUES (1,1,'Development Environment','0000-00-00 00:00:00','0000-00-00 00:00:00'),(2,1,'Test Environment','0000-00-00 00:00:00','0000-00-00 00:00:00'),(3,1,'Embodied Emissions','0000-00-00 00:00:00','0000-00-00 00:00:00'),(4,1,'People','0000-00-00 00:00:00','0000-00-00 00:00:00'),(5,1,'Travel','0000-00-00 00:00:00','0000-00-00 00:00:00'),(6,1,'Tools','0000-00-00 00:00:00','0000-00-00 00:00:00'),(7,1,'Desktop Compute','0000-00-00 00:00:00','0000-00-00 00:00:00'),(8,1,'Estimated Reduction Opportunities','0000-00-00 00:00:00','0000-00-00 00:00:00'),(9,1,'Resource Related','0000-00-00 00:00:00','0000-00-00 00:00:00'),(10,1,'Production Environment','0000-00-00 00:00:00','0000-00-00 00:00:00'),(11,1,'Disaster Recovery','0000-00-00 00:00:00','0000-00-00 00:00:00'),(12,1,'Engineering','0000-00-00 00:00:00','0000-00-00 00:00:00'),(20,1,'Original Build Impact','0000-00-00 00:00:00','0000-00-00 00:00:00'),(21,1,'Iteration/Release Impact','0000-00-00 00:00:00','0000-00-00 00:00:00'),(22,1,'Use Impact','0000-00-00 00:00:00','0000-00-00 00:00:00'),(23,1,'Original Build Actions','0000-00-00 00:00:00','0000-00-00 00:00:00'),(24,1,'Iteration/Release Actions','0000-00-00 00:00:00','0000-00-00 00:00:00'),(25,1,'Use Actions','0000-00-00 00:00:00','0000-00-00 00:00:00'),(26,1,'ORIGINAL BUILD FULL ASSESSMENT','0000-00-00 00:00:00','0000-00-00 00:00:00'),(27,1,'ITERATION / RELEASE','0000-00-00 00:00:00','0000-00-00 00:00:00'),(28,1,'USE (ANNUAL)','0000-00-00 00:00:00','0000-00-00 00:00:00'),(29,1,'ITERATION ANNUALISED','0000-00-00 00:00:00','0000-00-00 00:00:00'),(30,1,'ITERATION PER RELEASE','0000-00-00 00:00:00','0000-00-00 00:00:00'),(31,1,'ORIGINAL BUILD BASELINE ESTIMATE ONLY','0000-00-00 00:00:00','0000-00-00 00:00:00'),(32,1,'END OF LIFE','0000-00-00 00:00:00','0000-00-00 00:00:00');

--
-- Table structure for table `Product_Reports`
--

CREATE TABLE `Product_Reports` (
  `id` int NOT NULL AUTO_INCREMENT,
  `reportName` varchar(255) NOT NULL,
  `reportVersion` varchar(255) NOT NULL,
  `isActive` tinyint(1) NOT NULL,
  `createdBy` varchar(255) NOT NULL,
  `updatedBy` varchar(255) NOT NULL,
  `createdAt` datetime NOT NULL,
  `updatedAt` datetime NOT NULL,
  PRIMARY KEY (`id`)
) ENGINE=InnoDB AUTO_INCREMENT=108 DEFAULT CHARSET=utf8mb4 COLLATE=utf8mb4_0900_ai_ci;

--
-- Dumping data for table `Product_Reports`
--

INSERT INTO `Product_Reports` VALUES (1,'Atlas Report 2','Atlas Dummy Report 2',1,'GCG','GCG','2024-05-06 10:51:50','2024-05-06 10:51:50'),(107,'Atlas Report','Atlas Dummy Report',1,'GCG','GCG','2024-05-06 10:51:50','2024-05-06 10:51:50');

--
-- Table structure for table `Products`
--

CREATE TABLE `Products` (
  `id` int NOT NULL AUTO_INCREMENT,
  `productName` varchar(255) DEFAULT NULL,
  `productModel` varchar(255) DEFAULT NULL,
  `formVersion` varchar(255) DEFAULT NULL,
  `productDescription` varchar(255) DEFAULT NULL,
  `isActive` tinyint(1) DEFAULT NULL,
  `createdBy` varchar(255) DEFAULT NULL,
  `updatedBy` varchar(255) DEFAULT NULL,
  `createdAt` datetime NOT NULL,
  `updatedAt` datetime NOT NULL,
  PRIMARY KEY (`id`)
) ENGINE=InnoDB AUTO_INCREMENT=112 DEFAULT CHARSET=utf8mb4 COLLATE=utf8mb4_0900_ai_ci;

--
-- Dumping data for table `Products`
--

INSERT INTO `Products` VALUES (1,'Cedar 4.0','Cedar 4.0','1.0','Cedar Product ',1,'GCG','GCG','0000-00-00 00:00:00','2024-04-11 13:23:36'),(2,'Sequoia 1.0','Sequoia 1.0','1.0','Sequoia',1,'GCG','GCG','0000-00-00 00:00:00','2024-04-11 11:56:43'),(107,'Atlas V1.0','Atlas V1.0','Atlas V1.0','GCG ATLAS',1,'GCG','GCG','2024-05-06 10:51:50','2024-05-06 10:51:50'),(109,'Redwood','Redwood',NULL,NULL,1,'GCG','GCG','0000-00-00 00:00:00','0000-00-00 00:00:00'),(110,'CEDRUS','CEDRUS',NULL,NULL,1,'GCG','GCG','0000-00-00 00:00:00','0000-00-00 00:00:00'),(111,'CYPRESS','CYPRESS',NULL,NULL,1,'GCG','GCG','0000-00-00 00:00:00','0000-00-00 00:00:00');

--
-- Table structure for table `Questions`
--

CREATE TABLE `Questions` (
  `id` int NOT NULL AUTO_INCREMENT,
  `questionOrder` int DEFAULT NULL,
  `masterDataType` varchar(255) DEFAULT NULL,
  `questionTitle` varchar(255) DEFAULT NULL,
  `questionDescription` varchar(255) DEFAULT NULL,
  `isActive` tinyint(1) DEFAULT NULL,
  `createdBy` varchar(255) DEFAULT NULL,
  `updatedBy` varchar(255) DEFAULT NULL,
  `createdAt` datetime NOT NULL,
  `updatedAt` datetime NOT NULL,
  `FormId` int DEFAULT NULL,
  `isMandatory` tinyint(1) DEFAULT NULL,
  `questionType` varchar(255) DEFAULT NULL,
  `questionCode` varchar(255) DEFAULT NULL,
  `SubGroupId` int DEFAULT NULL,
  `GroupingId` int DEFAULT NULL,
  `PermaId` int DEFAULT NULL,
  `hostingType` varchar(255) DEFAULT NULL,
  `hidden` tinyint(1) NOT NULL DEFAULT '0',
  `QuestionRelatedId` int DEFAULT NULL,
  PRIMARY KEY (`id`),
  KEY `FormId` (`FormId`),
  KEY `SubGroupId` (`SubGroupId`),
  KEY `GroupingId` (`GroupingId`),
  CONSTRAINT `Questions_ibfk_39` FOREIGN KEY (`FormId`) REFERENCES `Forms` (`id`) ON DELETE SET NULL ON UPDATE CASCADE,
  CONSTRAINT `Questions_ibfk_40` FOREIGN KEY (`SubGroupId`) REFERENCES `SubGroupings` (`id`),
  CONSTRAINT `Questions_ibfk_41` FOREIGN KEY (`GroupingId`) REFERENCES `Groupings` (`id`) ON DELETE SET NULL ON UPDATE CASCADE
) ENGINE=InnoDB AUTO_INCREMENT=1393 DEFAULT CHARSET=utf8mb4 COLLATE=utf8mb4_0900_ai_ci;

--
-- Dumping data for table `Questions`
--

INSERT INTO `Questions` VALUES (29,15,'Working_hours','Estimate the normal working hours per day - please select','Enter the working hours that an employee spends in office',1,'GCG','GCG','0000-00-00 00:00:00','2025-02-20 11:36:46',1,1,'Number',NULL,3,7,29,'42,44,136',0,NULL),(50,2,NULL,'Estimate the number of INTERNAL FTE : Location 1','Enter the nuber of full time employees who worked on the product development',1,'GCG','GCG','0000-00-00 00:00:00','2025-02-20 11:36:25',1,1,'Number','location-1',100,5,50,'42,44,136',0,NULL),(51,5,NULL,'Estimate the number of INTERNAL FTE : Location 2','Enter the nuber of full time employees who worked on the product development',1,'GCG','GCG','0000-00-00 00:00:00','2025-02-20 11:36:25',1,0,'Number','location-2',100,5,51,'42,44,136',0,NULL),(52,8,NULL,'Estimate the number of INTERNAL FTE : Location 3','Enter the nuber of full time employees who worked on the product development',1,'GCG','GCG','0000-00-00 00:00:00','2025-02-20 11:36:25',1,0,'Number','location-3',100,5,52,'42,44,136',0,NULL),(53,3,NULL,'Estimate the number of EXTERNAL FTE - Location 1:','Enter the nuber of full time employees who worked on the product development',1,'GCG','GCG','0000-00-00 00:00:00','2025-02-20 11:36:25',1,0,'Number','location-1',100,5,53,'42,44,136',0,NULL),(54,6,NULL,'Estimate the number of EXTERNAL FTE - Location 2:','Enter the nuber of full time employees who worked on the product development',1,'GCG','GCG','0000-00-00 00:00:00','2025-02-20 11:36:25',1,0,'Number','location-2',100,5,54,'42,44,136',0,NULL),(55,9,NULL,'Estimate the number of EXTERNAL FTE - Location 3:','Enter the nuber of full time employees who worked on the product development',1,'GCG','GCG','0000-00-00 00:00:00','2025-02-20 11:36:25',1,0,'Number','location-3',100,5,55,'42,44,136',0,NULL),(58,1,NULL,'State the number of development servers','Enter the number of development server/s used to build the product',1,'GCG','GCG','0000-00-00 00:00:00','2025-02-20 11:36:46',1,1,'Number',NULL,8,7,58,'42,136',0,NULL),(59,2,'Server_type','State the server type used - please select','Select the kind of server used for development',1,'GCG','GCG','0000-00-00 00:00:00','2025-02-20 11:36:46',1,1,'Number',NULL,8,7,59,'42,136',0,NULL),(60,3,NULL,'State the average refresh cycle for servers (years)','Enter the number of years after which the server or its hardware is replaced',1,'GCG','GCG','0000-00-00 00:00:00','2025-02-20 11:36:46',1,1,'Number',NULL,8,7,60,'42,136',0,NULL),(61,4,'Processor_manufacturer','Specify the main processor manufacturer - please select','Select the manufacturer who built the main processor',1,'GCG','GCG','0000-00-00 00:00:00','2025-02-20 11:36:46',1,1,'Number',NULL,8,7,61,'42,44,136',0,NULL),(62,5,NULL,'Specify the processor clock speed (in GHZ) if known','Enter the number of cycles a computer\'s central processing unit (CPU) can perform per second',1,'GCG','GCG','0000-00-00 00:00:00','2025-02-20 11:36:46',1,0,'Number',NULL,8,7,62,'42,44,136',0,NULL),(63,6,NULL,'Specify the number of cores per processor if known','Enter the number of processing units in a central processing unit (CPU)',1,'GCG','GCG','0000-00-00 00:00:00','2025-02-20 11:36:47',1,0,'Number',NULL,8,7,63,'42,44,136',0,NULL),(65,22,NULL,'If applicable, specify the number of vCPU provisioned in each development environment','Enter the number of virtual CPUs present in the development server/s',1,'GCG','GCG','0000-00-00 00:00:00','2025-02-20 11:36:47',1,1,'Number',NULL,9,7,65,'44,136',0,NULL),(66,9,'Operating_System','State the operating system used - please select','Select the operating system running in the server',1,'GCG','GCG','0000-00-00 00:00:00','2025-02-20 11:36:47',1,1,'Number',NULL,8,7,66,'42,44,136',0,NULL),(67,10,NULL,'Specify the number of development environment/s installed','Enter the number of development environment/s used in the building of the product',1,'GCG','GCG','0000-00-00 00:00:00','2025-02-20 11:36:46',1,1,'Number',NULL,3,7,67,'42,44,136',0,NULL),(68,11,NULL,'Select location from this list where development environment/s reside','Enter the name of the country where test environments are present',1,'GCG','GCG','0000-00-00 00:00:00','2025-02-20 11:36:46',1,1,'Location',NULL,3,7,68,'42,44,136',0,NULL),(69,12,NULL,'State the region where the development environment/s are installed','Enter the name of the region in the country where test environments are present',1,'GCG','GCG','0000-00-00 00:00:00','2025-02-20 11:36:46',1,1,'Region',NULL,3,7,69,'42,44,136',0,NULL),(70,13,NULL,'Enter the name of the city in the country where development environment/s reside','Enter the name of the city in the country where test environments are present',1,'GCG','GCG','0000-00-00 00:00:00','2025-02-20 11:36:46',1,1,'Text',NULL,3,7,70,'42,44,136',0,NULL),(71,14,NULL,'State the core build / release duration in working days','Enter the number of days spent testing the product',1,'GCG','GCG','0000-00-00 00:00:00','2025-02-20 11:36:46',1,1,'Number',NULL,3,7,71,'42,44,136',0,NULL),(73,16,'Hosting_Type','State Hosting type - please select','Enter the hosting type for the product when it was originally built',1,'GCG','GCG','0000-00-00 00:00:00','2025-02-20 11:36:47',1,1,'Number',NULL,9,7,73,'42,44,136',0,NULL),(74,17,'MainCSP','State main CSP selected if on public cloud - please select','Select the name pf the main Cloud Service Provider',1,'GCG','GCG','0000-00-00 00:00:00','2025-02-20 11:36:47',1,1,'Number',NULL,9,7,74,'44,136',0,NULL),(75,18,NULL,'If hosting is via a CSP, state the tier / machine family or instance type selected - leave blank if not known','Select the machine family or tier or instance type as provided by Cloud service provoder',1,'GCG','GCG','0000-00-00 00:00:00','2025-02-20 11:36:47',1,1,'Text',NULL,9,7,75,'44,136',0,NULL),(76,19,NULL,'If hosting is via a CSP, state the number of instances provisioned','Enter the number of instances provided by the Cloud Service Provider',1,'GCG','GCG','0000-00-00 00:00:00','2025-02-20 11:36:47',1,1,'Number',NULL,9,7,76,'44,136',0,NULL),(77,20,'Workload_Type','If hosting is via a CSP, state the workload type selected - leave blank if not known','Enter the workload type of the Cloud Service Provider',1,'GCG','GCG','0000-00-00 00:00:00','2025-02-20 11:36:47',1,1,'Number',NULL,9,7,77,'44,136',0,NULL),(78,21,NULL,'State the Power Usage Effectiveness (PUE) for the data centre','Enter the value for the PUE of the data centre',1,'GCG','GCG','0000-00-00 00:00:00','2025-02-20 11:36:47',1,0,'Number',NULL,10,7,78,'42,44,136',0,NULL),(79,22,NULL,'State the average processor utilisation in percentage','Enter the percentage of time the processor is used to perform tasks.',1,'GCG','GCG','0000-00-00 00:00:00','2025-02-20 11:36:47',1,1,'Number',NULL,8,7,79,'42,44,136',0,NULL),(80,23,NULL,'State the memory installed per environment (in GB)','Enter the total memory of the environment under consideration',1,'GCG','GCG','0000-00-00 00:00:00','2025-02-20 11:36:47',1,1,'Number',NULL,8,7,80,'42,44,136',0,NULL),(81,24,NULL,'State the storage installed per environment (in TB)','Enter the total storage of the environment under consideration',1,'GCG','GCG','0000-00-00 00:00:00','2025-02-20 11:36:47',1,1,'Number',NULL,8,7,81,'42,44,136',0,NULL),(82,25,'Storage_Type','State Storage type - please select','Select the storage type used for saving data',1,'GCG','GCG','0000-00-00 00:00:00','2025-02-20 11:36:47',1,1,'Number',NULL,8,7,82,'42,44,136',0,NULL),(83,26,'Traffic_Type','Data Traffic type - please select','Select the mode in which data move across the  network',1,'GCG','GCG','0000-00-00 00:00:00','2025-02-20 11:36:47',1,1,'Number',NULL,10,7,83,'42,44,136',0,NULL),(84,27,NULL,'Estimate the average data size per call (in KB)','Enter the amount of data used per call ',1,'GCG','GCG','0000-00-00 00:00:00','2025-02-20 11:36:47',1,1,'Number',NULL,10,7,84,'42,44,136',0,NULL),(85,28,NULL,'Estimate the average number of data transfers per minute','Enter how much data is transferred in a minute',1,'GCG','GCG','0000-00-00 00:00:00','2025-02-20 11:36:47',1,1,'Number',NULL,10,7,85,'42,44,136',0,NULL),(88,23,NULL,'Specify the number of physical CPU provisioned in each development environment','Enter the number of CPUs present in the development server/s',1,'GCG','GCG','0000-00-00 00:00:00','2025-02-20 11:36:47',1,1,'Number',NULL,9,7,88,'42,136',0,NULL),(284,1,'None','CORE BANKING PLATFORMS - XL/Platform','CORE BANKING PLATFORMS - XL/Platform',1,'GCG','GCG','2024-05-06 11:54:40','2024-05-06 11:54:40',107,1,'Number','ATLAS-CB-01',101,104,284,'',0,NULL),(285,2,'None','CORE BANKING APPLICATIONS - L','CORE BANKING PLATFORMS - XL/Platform',1,'GCG','GCG','2024-05-07 07:49:36','2024-05-07 07:49:36',107,1,'Number','ATLAS-CB-02',101,104,285,'',0,NULL),(286,3,'None','CORE BANKING APPLICATIONS - M','CORE BANKING PLATFORMS - XL/Platform',1,'GCG','GCG','2024-05-07 07:50:23','2024-05-07 07:50:23',107,1,'Number','ATLAS-CB-03',101,104,286,'',0,NULL),(287,4,'None','CORE BANKING APPLICATIONS - S','CORE BANKING PLATFORMS - XL/Platform',1,'GCG','GCG','2024-05-07 07:51:06','2024-05-07 07:51:06',107,1,'Number','ATLAS-CB-04',101,104,287,'',0,NULL),(288,1,'None','DEVELOPMENT PLATFORMS - L','',1,'GCG','GCG','2024-05-07 07:52:02','2024-05-07 07:52:02',107,1,'Number','ATLAS-DP-01',102,104,288,'',0,NULL),(289,2,'None','DEVELOPMENT PLATFORMS - M','',1,'GCG','GCG','2024-05-07 07:53:17','2024-05-07 07:53:17',107,1,'Number','ATLAS-DP-02',102,104,289,'',0,NULL),(290,3,'None','DEVELOPMENT PLATFORMS - S','',1,'GCG','GCG','2024-05-07 07:54:05','2024-05-07 07:54:05',107,1,'Number','ATLAS-DP-03',102,104,290,'',0,NULL),(291,1,'None','DIGITAL CHANNELS - XL/PLATFORM','',1,'GCG','GCG','2024-05-07 07:55:09','2024-05-07 07:55:09',107,1,'Number','ATLAS-DC-01',103,104,291,'',0,NULL),(292,3,'None','DIGITAL CHANNEL APPLICATIONS - L','',1,'GCG','GCG','2024-05-07 07:55:48','2024-05-07 07:55:48',107,1,'Number','ATLAS-DC-02',103,104,292,'',0,NULL),(293,2,'None','DIGITAL CHANNEL APPLICATIONS - M','',1,'GCG','GCG','2024-05-07 07:56:35','2024-05-07 07:56:35',107,1,'Number','ATLAS-DC-03',103,104,293,'',0,NULL),(294,4,'None','DIGITAL CHANNEL APPLICATIONS - S','',1,'GCG','GCG','2024-05-07 08:05:43','2024-05-07 08:05:43',107,1,'Number','ATLAS-DC-03',103,104,294,'',0,NULL),(295,1,'None','CORE BANKING PLATFORMS - XL/Platform','CORE BANKING PLATFORMS - XL/Platform',1,'GCG','GCG','2024-05-07 08:08:44','2024-05-07 08:08:44',107,1,'Number','ATLAS-KHI-CB-01',117,105,295,'',0,NULL),(296,2,'None','CORE BANKING APPLICATIONS - L','CORE BANKING PLATFORMS - XL/Platform',1,'GCG','GCG','2024-05-07 08:09:20','2024-05-07 08:09:20',107,1,'Number','ATLAS-KHI-CB-02',117,105,296,'',0,NULL),(297,3,'None','CORE BANKING APPLICATIONS - M','CORE BANKING APPLICATIONS - M',1,'GCG','GCG','2024-05-07 08:10:11','2024-05-07 08:10:11',107,1,'Number','ATLAS-KHI-CB-03',117,105,297,'',0,NULL),(298,4,'None','CORE BANKING APPLICATIONS - S','CORE BANKING APPLICATIONS - S',1,'GCG','GCG','2024-05-07 08:10:54','2024-05-07 08:10:54',107,1,'Number','ATLAS-KHI-CB-04',117,105,298,'',0,NULL),(299,1,'None','DEVELOPMENT PLATFORMS - L','',1,'GCG','GCG','2024-05-07 08:11:46','2024-05-07 08:11:46',107,1,'Number','ATLAS-KHI-DP-0',118,105,299,'',0,NULL),(300,2,'None','DEVELOPMENT PLATFORMS - M','',1,'GCG','GCG','2024-05-07 08:12:29','2024-05-07 08:12:29',107,1,'Number','ATLAS-KHI-DP-02',118,105,300,'',0,NULL),(301,3,'None','DEVELOPMENT PLATFORMS - S','',1,'GCG','GCG','2024-05-07 08:13:21','2024-05-07 08:13:21',107,1,'Number','ATLAS-KHI-DP-03',118,105,301,'',0,NULL),(302,1,'None','DIGITAL CHANNEL - L','',1,'GCG','GCG','2024-05-07 09:42:46','2024-05-07 09:42:46',107,1,'Number','ATLAS-KHI-DC-01',119,105,302,'',0,NULL),(303,2,'None','DIGITAL CHANNEL - M','',1,'GCG','GCG','2024-05-07 09:43:45','2024-05-07 09:43:45',107,1,'Number','ATLAS-KHI-DC-02',119,105,303,'',0,NULL),(304,3,'None','DIGITAL CHANNEL - S','',1,'GCG','GCG','2024-05-07 09:46:51','2024-05-07 09:46:51',107,1,'Number','ATLAS-KHI-DC-03',119,105,304,'',0,NULL),(325,1,'None','TESTING APPLICATIONS - L','',1,'GCG','GCG','2024-05-09 05:45:07','2024-05-09 05:45:07',107,0,'Number','ATLAS-KHI-TA',110,104,325,'',0,NULL),(326,2,'None','TESTING APPLICATIONS - M','',1,'GCG','GCG','2024-05-09 05:46:09','2024-05-09 05:46:09',107,0,'Number','ATLAS-KHI-TA2',110,104,326,'',0,NULL),(327,3,'None','TESTING APPLICATIONS - S','',1,'GCG','GCG','2024-05-09 05:46:45','2024-05-09 05:46:45',107,0,'Number','ATLAS-KHI-TA3',110,104,327,'',0,NULL),(331,1,'None','INTERNAL DATA PROCESSING PLATFORM - L','',1,'GCG','GCG','2024-06-18 09:28:47','2024-06-18 09:28:47',107,0,'Number','ATLAS-KHI-IDP-L',104,104,331,'',0,NULL),(332,2,'None','INTERNAL DATA PROCESSING PLATFORM - M','',1,'GCG','GCG','2024-06-18 09:29:59','2024-06-18 09:29:59',107,0,'Number','ATLAS-KHI-IDP-M',104,104,332,'',0,NULL),(333,3,'None','INTERNAL DATA PROCESSING PLATFORM - S','',1,'GCG','GCG','2024-06-18 09:30:54','2024-06-18 09:30:54',107,0,'Number','ATLAS-KHI-IDP-S',104,104,333,'',0,NULL),(334,1,'None','MAINFRAME PLATFORM - XL/Platform','',1,'GCG','GCG','2024-06-18 09:31:44','2024-06-18 09:31:44',107,0,'Number','ATLAS-KHI-MF-XL',105,104,334,'',0,NULL),(335,2,'None','MAINFRAME PLATFORM - L','',1,'GCG','GCG','2024-06-18 09:32:51','2024-06-18 09:32:51',107,0,'Number','ATLAS-KHI-MF-L',105,104,335,'',0,NULL),(336,3,'None','MAINFRAME PLATFORM - M','',1,'GCG','GCG','2024-06-18 09:34:51','2024-06-18 09:34:51',107,0,'Number','ATLAS-KHI-MF-M',105,104,336,'',0,NULL),(337,4,'None','MAINFRAME PLATFORM - S','',1,'GCG','GCG','2024-06-18 09:35:30','2024-06-18 09:35:30',107,0,'Number','ATLAS-KHI-MF-S',105,104,337,'',0,NULL),(341,1,'None','MICROSERVICES LAYERS - L','',1,'GCG','GCG','2024-06-18 09:43:03','2024-06-18 09:43:03',107,0,'Number','ATLAS-KHI-MS-L',106,104,341,'',0,NULL),(342,2,'None','MICROSERVICES LAYERS - M','',1,'GCG','GCG','2024-06-18 09:43:37','2024-06-18 09:43:37',107,0,'Number','ATLAS-KHI-MS-M',106,104,342,'',0,NULL),(343,3,'None','MICROSERVICES LAYERS - S','',1,'GCG','GCG','2024-06-18 09:44:35','2024-06-18 09:44:35',107,0,'Number','ATLAS-KHI-MS-S',106,104,343,'',0,NULL),(346,1,'None','PAYMENTS PLATFORM - XL','',1,'GCG','GCG','2024-06-18 09:48:59','2024-06-18 09:48:59',107,0,'Number','ATLAS-KHI-MF-XL',122,105,346,'',0,NULL),(347,2,'None','PAYMENTS APPLICATIONS - L','',1,'GCG','GCG','2024-06-18 09:49:44','2024-06-18 09:49:44',107,0,'Number','ATLAS-KHI-PM-L',122,105,347,'',0,NULL),(348,3,'None','PAYMENTS APPLICATIONS - M','',1,'GCG','GCG','2024-06-18 09:50:21','2024-06-18 09:50:21',107,0,'Number','ATLAS-KHI-PM-M',122,105,348,'',0,NULL),(349,4,'None','PAYMENTS APPLICATIONS - S','',1,'GCG','GCG','2024-06-18 09:50:51','2024-06-18 09:50:51',107,0,'Number','ATLAS-KHI-PM-S',122,105,349,'',0,NULL),(350,1,'None','SAAS PLATFORM - XL/Platform','',1,'GCG','GCG','2024-06-18 09:52:05','2024-06-18 09:52:05',107,0,'Number','ATLAS-KHI-SAAS-XL',108,104,350,'',0,NULL),(351,2,'None','SAAS APPLICATIONS - L','',1,'GCG','GCG','2024-06-18 09:52:52','2024-06-18 09:52:52',107,0,'Number','ATLAS-KHI-SAAS-L',108,104,351,'',0,NULL),(352,3,'None','SAAS APPLICATIONS - M','',1,'GCG','GCG','2024-06-18 09:53:33','2024-06-18 09:53:33',107,0,'Number','ATLAS-KHI-SAAS-M',108,104,352,'',0,NULL),(353,4,'None','SAAS APPLICATIONS - S','',1,'GCG','GCG','2024-06-18 09:54:14','2024-06-18 09:54:14',107,0,'Number','ATLAS-KHI-SAAS-S',108,104,353,'',0,NULL),(354,1,'None','SECURITY APPLICATIONS - L','',1,'GCG','GCG','2024-06-18 09:55:28','2024-06-18 09:55:28',107,0,'Number','ATLAS-KHI-SEC-L',109,104,354,'',0,NULL),(355,2,'None','SECURITY APPLICATIONS - M','',1,'GCG','GCG','2024-06-18 09:56:25','2024-06-18 09:56:25',107,0,'Number','ATLAS-KHI-SEC-M',109,104,355,'',0,NULL),(356,3,'None','SECURITY APPLICATIONS - S','',1,'GCG','GCG','2024-06-18 09:57:04','2024-06-18 09:57:04',107,0,'Number','ATLAS-KHI-SEC-S',109,104,356,'',0,NULL),(357,1,'None','TRADING & RISK PLATFORM - XL/Platform','',1,'GCG','GCG','2024-06-18 09:58:37','2024-06-18 09:58:37',107,0,'Number','ATLAS-KHI-TRP-XL',111,104,357,'',0,NULL),(358,2,'None','TRADING & RISK APPLICATIONS - L','',1,'GCG','GCG','2024-06-18 09:59:17','2024-06-18 09:59:17',107,0,'Number','ATLAS-KHI-TRP-L',111,104,358,'',0,NULL),(359,3,'None','TRADING & RISK APPLICATIONS - M','',1,'GCG','GCG','2024-06-18 09:59:59','2024-06-18 09:59:59',107,0,'Number','ATLAS-KHI-TRP-M',111,104,359,'',0,NULL),(360,4,'None','TRADING & RISK APPLICATIONS - S','',1,'GCG','GCG','2024-06-18 10:00:33','2024-06-18 10:00:33',107,0,'Number','ATLAS-KHI-TRP-S',111,104,360,'',0,NULL),(361,1,'None','GRID COMPUTE APPLICATIONS - L','',1,'GCG','GCG','2024-06-18 10:01:29','2024-06-18 10:01:29',107,0,'Number','ATLAS-KHI-GCA-L',112,104,361,'',0,NULL),(362,2,'None','GRID COMPUTE APPLICATIONS - M','',1,'GCG','GCG','2024-06-18 10:02:25','2024-06-18 10:02:25',107,0,'Number','ATLAS-KHI-GCA-M',112,104,362,'',0,NULL),(363,3,'None','GRID COMPUTE APPLICATIONS - S','',1,'GCG','GCG','2024-06-18 10:03:08','2024-06-18 10:03:08',107,0,'Number','ATLAS-KHI-GCA-S',112,104,363,'',0,NULL),(364,1,'None','REPORTING & ANALYTICS APPLICATIONS - L','',1,'GCG','GCG','2024-06-18 10:04:25','2024-06-18 10:04:25',107,0,'Number','ATLAS-KHI-RAA-L',113,104,364,'',0,NULL),(365,2,'None','REPORTING & ANALYTICS APPLICATIONS - M','',1,'GCG','GCG','2024-06-18 10:04:59','2024-06-18 10:04:59',107,0,'Number','ATLAS-KHI-RAA-M',113,104,365,'',0,NULL),(366,3,'None','REPORTING & ANALYTICS APPLICATIONS - S','',1,'GCG','GCG','2024-06-18 10:05:34','2024-06-18 10:05:34',107,0,'Number','ATLAS-KHI-RAA-S',113,104,366,'',0,NULL),(367,1,'None','AI PLATFORMS - TRAINING - XL','',1,'GCG','GCG','2024-06-18 10:06:48','2024-06-18 10:06:48',107,0,'Number','ATLAS-KHI-AI-XL',114,104,367,'',0,NULL),(368,2,'None','AI PLATFORMS - TRAINING - L','',1,'GCG','GCG','2024-06-18 10:07:27','2024-06-18 10:07:27',107,0,'Number','ATLAS-KHI-AI-L',114,104,368,'',0,NULL),(369,3,'None','AI PLATFORMS - TRAINING - M','',1,'GCG','GCG','2024-06-18 10:08:02','2024-06-18 10:08:02',107,0,'Number','ATLAS-KHI-AI-M',114,104,369,'',0,NULL),(370,4,'None','AI PLATFORMS - TRAINING - S','',1,'GCG','GCG','2024-06-18 10:08:34','2024-06-18 10:08:34',107,0,'Number','ATLAS-KHI-AI-S',114,104,370,'',0,NULL),(373,1,'None','OTHER - GENERAL APPLICATIONS - L','',1,'GCG','GCG','2024-06-18 10:11:58','2024-06-18 10:11:58',107,0,'Number','ATLAS-KHI-OGA-L',115,104,373,'',0,NULL),(374,2,'None','OTHER - GENERAL APPLICATIONS - M','',1,'GCG','GCG','2024-06-18 10:12:40','2024-06-18 10:12:40',107,0,'Number','ATLAS-KHI-OGA-M',115,104,374,'',0,NULL),(375,3,'None','OTHER - GENERAL APPLICATIONS - S','',1,'GCG','GCG','2024-06-18 10:13:15','2024-06-18 10:13:15',107,0,'Number','ATLAS-KHI-OGA-S',115,104,375,'',0,NULL),(376,1,'None','OTHER - SMALL APPLICATIONS/LOW COMPLEXITY - S','',1,'GCG','GCG','2024-06-18 10:14:59','2024-06-18 10:14:59',107,0,'Number','ATLAS-KHI-OSA-S',116,104,376,'',0,NULL),(377,2,'None','OTHER - SMALL APPLICATIONS/LOW COMPLEXITY - XS','',1,'GCG','GCG','2024-06-18 10:15:42','2024-06-18 10:15:42',107,0,'Number','ATLAS-KHI-OSA-XS',116,104,377,'',0,NULL),(378,3,'None','OTHER - SMALL APPLICATIONS/LOW COMPLEXITY - XXS','',1,'GCG','GCG','2024-06-18 10:16:27','2024-06-18 10:16:27',107,0,'Number','ATLAS-KHI-OSA-XXS',116,104,378,'',0,NULL),(379,1,'None','INTERNAL DATA PROCESSING PLATFORM - L','',1,'GCG','GCG','2024-06-18 11:11:59','2024-06-18 11:11:59',107,0,'Number','ATLAS-DECOMM-IDP-L',120,105,379,'',0,NULL),(380,2,'None','INTERNAL DATA PROCESSING PLATFORM - M','',1,'GCG','GCG','2024-06-18 11:12:32','2024-06-18 11:12:32',107,0,'Number','ATLAS-DECOMM-IDP-M',120,105,380,'',0,NULL),(381,3,'None','INTERNAL DATA PROCESSING PLATFORM - S','',1,'GCG','GCG','2024-06-18 11:13:14','2024-06-18 11:13:14',107,0,'Number','ATLAS-DECOMM-IDP-S',120,105,381,'',0,NULL),(382,1,'None','MAINFRAME PLATFORM - XL/Platform','',1,'GCG','GCG','2024-06-18 11:14:08','2024-06-18 11:14:08',107,0,'Number','ATLAS-DECOMM-MF-XL',121,105,382,'',0,NULL),(383,2,'None','MAINFRAME PLATFORM - L','',1,'GCG','GCG','2024-06-18 11:15:07','2024-06-18 11:15:07',107,0,'Number','ATLAS-DECOMM-MF-L',121,105,383,'',0,NULL),(384,3,'None','MAINFRAME PLATFORM - M','',1,'GCG','GCG','2024-06-18 11:15:50','2024-06-18 11:15:50',107,0,'Number','ATLAS-DECOMM-MF-M',121,105,384,'',0,NULL),(385,4,'None','MAINFRAME PLATFORM - S','',1,'GCG','GCG','2024-06-18 11:16:55','2024-06-18 11:16:55',107,0,'Number','ATLAS-DECOMM-MF-S',121,105,385,'',0,NULL),(386,1,'None','MICROSERVICES LAYERS - L','',1,'GCG','GCG','2024-06-18 11:18:27','2024-06-18 11:18:27',107,0,'Number','ATLAS-DECOMM-MS-L',132,105,386,'',0,NULL),(388,2,'None','MICROSERVICES LAYERS - M','',1,'GCG','GCG','2024-06-18 11:20:03','2024-06-18 11:20:03',107,0,'Number','ATLAS-DECOMM-MS-M',132,105,388,'',0,NULL),(389,3,'None','MICROSERVICES LAYERS - S','',1,'GCG','GCG','2024-06-18 11:20:39','2024-06-18 11:20:39',107,0,'Number','ATLAS-DECOMM-MS-S',132,105,389,'',0,NULL),(390,1,'None','PAYMENTS PLATFORM - XL/Platform','',1,'GCG','GCG','2024-06-18 11:21:52','2024-06-18 11:21:52',107,1,'Number','ATLAS-DECOMM-PM-XL',107,104,390,'',0,NULL),(391,2,'None','PAYMENTS PLATFORM - L','',1,'GCG','GCG','2024-06-18 11:23:02','2024-06-18 11:23:02',107,1,'Number','ATLAS-DECOMM-PM-L',107,104,391,'',0,NULL),(392,3,'None','PAYMENTS PLATFORM - M','',1,'GCG','GCG','2024-06-18 11:23:51','2024-06-18 11:23:51',107,1,'Number','ATLAS-DECOMM-PM-M',107,104,392,'',0,NULL),(393,4,'None','PAYMENTS PLATFORM - S','',1,'GCG','GCG','2024-06-18 11:24:45','2024-06-18 11:24:45',107,1,'Number','ATLAS-DECOMM-PM-S',107,104,393,'',0,NULL),(394,1,'None','SAAS PLATFORM - XL/Platform','',1,'GCG','GCG','2024-06-18 11:26:26','2024-06-18 11:26:26',107,0,'Number','ATLAS-DECOMM-SAAS-XL',123,105,394,'',0,NULL),(395,2,'None','SAAS PLATFORM - L','',1,'GCG','GCG','2024-06-18 11:27:07','2024-06-18 11:27:07',107,0,'Number','ATLAS-DECOMM-SAAS-L',123,105,395,'',0,NULL),(396,3,'None','SAAS APPLICATIONS - M','',1,'GCG','GCG','2024-06-18 11:27:44','2024-06-18 11:27:44',107,0,'Number','ATLAS-DECOMM-SAAS-M',123,105,396,'',0,NULL),(397,4,'None','SAAS APPLICATIONS - S','',1,'GCG','GCG','2024-06-18 11:28:48','2024-06-18 11:28:48',107,0,'Number','ATLAS-DECOMM-SAAS-S',123,105,397,'',0,NULL),(398,1,'None','SECURITY APPLICATIONS - L','',1,'GCG','GCG','2024-06-18 11:29:51','2024-06-18 11:29:51',107,0,'Number','ATLAS-DECOMM-SEC-L',124,105,398,'',0,NULL),(399,2,'None','SECURITY APPLICATIONS - M','',1,'GCG','GCG','2024-06-18 11:30:27','2024-06-18 11:30:27',107,0,'Number','ATLAS-DECOMM-M',124,105,399,'',0,NULL),(400,3,'None','SECURITY APPLICATIONS - S','',1,'GCG','GCG','2024-06-18 11:31:05','2024-06-18 11:31:05',107,0,'Number','ATLAS-DECOMM-SEC-S',124,105,400,'',0,NULL),(401,1,'None','TESTING APPLICATIONS - L','',1,'GCG','GCG','2024-06-18 11:31:59','2024-06-18 11:31:59',107,0,'Number','ATLAS-DECOMM-TEST-L',125,105,401,'',0,NULL),(402,2,'None','TESTING APPLICATIONS - M','',1,'GCG','GCG','2024-06-18 11:32:32','2024-06-18 11:32:32',107,0,'Number','ATLAS-DECOMM-TEST-M',125,105,402,'',0,NULL),(403,3,'None','TESTING APPLICATIONS - S','',1,'GCG','GCG','2024-06-18 11:33:09','2024-06-18 11:33:09',107,0,'Number','ATLAS-DECOMM-TEST-S',125,105,403,'',0,NULL),(404,1,'None','TRADING & RISK PLATFORM - XL/Platform','',1,'GCG','GCG','2024-06-18 11:34:00','2024-06-18 11:34:00',107,0,'Number','ATLAS-DECOMM-TRP-XL',126,105,404,'',0,NULL),(405,2,'None','TRADING & RISK PLATFORM - L','',1,'GCG','GCG','2024-06-18 11:34:48','2024-06-18 11:34:48',107,0,'Number','ATLAS-DECOMM-TRP-L',126,105,405,'',0,NULL),(406,3,'None','TRADING & RISK PLATFORM - M','',1,'GCG','GCG','2024-06-18 11:35:20','2024-06-18 11:35:20',107,0,'Number','ATLAS-DECOMM-TRP-M',126,105,406,'',0,NULL),(407,4,'None','TRADING & RISK PLATFORM - S','',1,'GCG','GCG','2024-06-18 11:35:48','2024-06-18 11:35:48',107,0,'Number','ATLAS-DECOMM-TRP-S',126,105,407,'',0,NULL),(408,1,'None','GRID COMPUTE APPLICATIONS - L','',1,'GCG','GCG','2024-06-18 11:36:47','2024-06-18 11:36:47',107,0,'Number','ATLAS-DECOMM-GCA-L',127,105,408,'',0,NULL),(409,2,'None','GRID COMPUTE APPLICATIONS - M','',1,'GCG','GCG','2024-06-18 11:37:18','2024-06-18 11:37:18',107,0,'Number','ATLAS-DECOMM-GCA-M',127,105,409,'',0,NULL),(410,3,'None','GRID COMPUTE APPLICATIONS - S','',1,'GCG','GCG','2024-06-18 11:37:48','2024-06-18 11:37:48',107,0,'Number','ATLAS-DECOMM-GCA-S',127,105,410,'',0,NULL),(411,1,'None','REPORTING & ANALYTICS APPLICATIONS - L','',1,'GCG','GCG','2024-06-18 11:38:46','2024-06-18 11:38:46',107,0,'Number','ATLAS-DECOMM-RAA-L',128,105,411,'',0,NULL),(412,2,'None','REPORTING & ANALYTICS APPLICATIONS - M','',1,'GCG','GCG','2024-06-18 11:39:15','2024-06-18 11:39:15',107,0,'Number','ATLAS-DECOMM-RAA-M',128,105,412,'',0,NULL),(413,3,'None','REPORTING & ANALYTICS APPLICATIONS - S','',1,'GCG','GCG','2024-06-18 11:39:51','2024-06-18 11:39:51',107,0,'Number','ATLAS-DECOMM-RAA-S',128,105,413,'',0,NULL),(414,1,'None','AI PLATFORMS - TRAINING - XL','',1,'GCG','GCG','2024-06-18 11:40:33','2024-06-18 11:40:33',107,0,'Number','ATLAS-DECOMM-AI-XL',129,105,414,'',0,NULL),(415,2,'None','AI PLATFORMS - TRAINING - L','',1,'GCG','GCG','2024-06-18 11:41:06','2024-06-18 11:41:06',107,0,'Number','ATLAS-DECOMM-AI-L',129,105,415,'',0,NULL),(417,3,'None','AI PLATFORMS - TRAINING - M','',1,'GCG','GCG','2024-06-18 11:42:20','2024-06-18 11:42:20',107,0,'Number','ATLAS-DECOMM-AI-M',129,105,417,'',0,NULL),(418,4,'None','AI PLATFORMS - TRAINING - S','',1,'GCG','GCG','2024-06-18 11:42:56','2024-06-18 11:42:56',107,0,'Number','ATLAS-DECOMM-AI-S',129,105,418,'',0,NULL),(419,1,'None','OTHER - GENERAL APPLICATIONS - L','',1,'GCG','GCG','2024-06-18 11:43:43','2024-06-18 11:43:43',107,0,'Number','ATLAS-DECOMM-GA-L',130,105,419,'',0,NULL),(420,2,'None','OTHER - GENERAL APPLICATIONS - M','',1,'GCG','GCG','2024-06-18 11:44:13','2024-06-18 11:44:13',107,0,'Number','ATLAS-DECOMM-GA-M',130,105,420,'',0,NULL),(421,3,'None','OTHER - GENERAL APPLICATIONS - S','',1,'GCG','GCG','2024-06-18 11:44:43','2024-06-18 11:44:43',107,0,'Number','ATLAS-DECOMM-GA-S',130,105,421,'',0,NULL),(422,1,'None','OTHER SMALL APPLICATIONS/LOW COMPLEXITY - S','',1,'GCG','GCG','2024-06-18 11:45:42','2024-06-18 11:45:42',107,0,'Number','ATLAS-DECOMM-OSA-S',131,105,422,'',0,NULL),(423,2,'None','OTHER SMALL APPLICATIONS/LOW COMPLEXITY - XS','',1,'GCG','GCG','2024-06-18 11:46:11','2024-06-18 11:46:11',107,0,'Number','ATLAS-DECOMM-XS',131,105,423,'',0,NULL),(424,3,'None','OTHER SMALL APPLICATIONS/LOW COMPLEXITY - XXS','',1,'GCG','GCG','2024-06-18 11:46:44','2024-06-18 11:46:44',107,0,'Number','ATLAS-DECOMM-XXS',131,105,424,'',0,NULL),(426,4,'None','DIGITAL CHANNEL - XL','',1,'GCG','GCG','2024-07-11 06:57:19','2024-07-11 06:57:19',107,0,'Number','ATLAS-KHI-DC-04',119,105,426,'',0,NULL),(427,1,NULL,'Years since product first went live','Enter the number of years since the product was first launched',1,'GCG','GCG','0000-00-00 00:00:00','2025-02-20 11:46:10',1,0,'Number',NULL,11,2,427,NULL,0,NULL),(428,2,NULL,'Estimated number of users / customers of product','Enter the number of users regularly utilising the product',1,'GCG','GCG','0000-00-00 00:00:00','2025-02-20 11:46:10',1,0,'Number',NULL,11,2,428,NULL,0,NULL),(429,3,NULL,'Estimated volume of transactions / engagements per annum','Enter the number of transactions per year done using the product or application',1,'GCG','GCG','0000-00-00 00:00:00','2025-02-20 11:46:10',1,0,'Number',NULL,11,2,429,NULL,0,NULL),(430,4,'Check','Are the Development, Test, and Production environment/s in the same location?','Enter the location name if all the three environments are in the same location else enter the location name as you fill up data for each environment',1,'GCG','GCG','0000-00-00 00:00:00','2025-02-20 11:46:10',1,0,'Text',NULL,11,2,430,NULL,0,NULL),(431,5,NULL,'If answer to the above question is Yes, please select location here','Select the location where all the three environments - development, test and production reside.',1,'GCG','GCG','0000-00-00 00:00:00','2025-02-20 11:46:10',1,0,'Location',NULL,11,2,431,NULL,0,NULL),(432,6,'Check','Is the hosting type the same for Development, Test, and Production environment/ss?','If all the three environments development, test and production use the same hosting type i.e. either on-premise or cloud.',1,'GCG','GCG','0000-00-00 00:00:00','2025-02-20 11:46:10',1,0,'Text',NULL,11,2,432,NULL,0,NULL),(433,7,'Hosting_Type','If the answer to the above question is Yes, please select the hosting type here','If all the three environments use the same hosting type, select it here.',1,'GCG','GCG','0000-00-00 00:00:00','2025-02-20 11:46:10',1,0,'Number',NULL,11,2,433,NULL,0,NULL),(434,8,'Assessment_type','Which type of assessment would you like to complete – please select','Only one kind of assessment can be selected at a time. It can be either an estimate if you do not have the required data or can be a full assessment if you know of all the data points.',1,'GCG','GCG','0000-00-00 00:00:00','2025-02-20 11:46:10',1,0,'Text',NULL,11,2,434,NULL,0,NULL),(435,9,'Check','Would you like to include an End of Life assessment for your product?','In case you plan to decommission this product in the near future then please fill out the data required in this section',1,'GCG','GCG','0000-00-00 00:00:00','2025-02-20 11:46:10',1,0,'Text',NULL,11,2,435,NULL,0,NULL),(436,1,'Hosting_Type','State Hosting type for the original build - please select','Enter the hosting type for the product when it was originally built',1,'GCG','GCG','0000-00-00 00:00:00','2025-02-20 11:46:15',1,1,'Number',NULL,1,3,436,'42,44,136',0,NULL),(437,2,NULL,'Estimate the number of physical CPU provisioned in each development environment','Enter the total number of CPUs in test environment',1,'GCG','GCG','0000-00-00 00:00:00','2025-02-20 11:46:15',1,1,'Number',NULL,1,3,437,'42,136',0,NULL),(438,3,NULL,'If applicable, estimate the number of vCPU provisioned in each development environment','Enter the number of virtual CPUs in the development server',1,'GCG','GCG','0000-00-00 00:00:00','2025-02-20 11:46:15',1,1,'Number',NULL,1,3,438,'44,136',0,NULL),(439,4,NULL,'Estimate the memory installed per environment (in GB)','Enter the total memory of the environment under consideration',1,'GCG','GCG','0000-00-00 00:00:00','2025-02-20 11:46:15',1,1,'Number',NULL,1,3,439,'42,44,136',0,NULL),(440,5,NULL,'Estimate the storage installed per environment (in TB)','Enter the total storage of the environment under consideration',1,'GCG','GCG','0000-00-00 00:00:00','2025-02-20 11:46:16',1,1,'Number',NULL,1,3,440,'42,44,136',0,NULL),(441,6,NULL,'Estimate the number of development environment/s originally installed','Enter the number of environments that were used for application development',1,'GCG','GCG','0000-00-00 00:00:00','2025-02-20 11:46:16',1,1,'Number',NULL,1,3,441,'42,44,136',0,NULL),(442,7,NULL,'Select location from this list where development environment/s reside','Enter the name of the country where development environment/s existed',1,'GCG','GCG','0000-00-00 00:00:00','2025-02-20 11:46:16',1,1,'Location',NULL,1,3,442,'42,44,136',0,NULL),(443,8,NULL,'Estimate the core build / release duration in working days','Enter the number of days spent in creating the original build of the product',1,'GCG','GCG','0000-00-00 00:00:00','2025-02-20 11:46:16',1,1,'Number',NULL,1,3,443,'42,44,136',0,NULL),(444,9,'Working_hours','Estimate the normal working hours per day - please select','Enter the working hours that an employee spends in office',1,'GCG','GCG','0000-00-00 00:00:00','2025-02-20 11:46:16',1,1,'Number',NULL,1,3,444,'42,44,136',0,NULL),(446,2,'Hosting_Type','State Hosting type for the original build - please select','Enter the hosting type for the product when it was originally built',1,'GCG','GCG','0000-00-00 00:00:00','2025-02-20 11:36:21',1,1,'Number',NULL,2,4,446,'42,44,136',0,436),(447,3,NULL,'Estimate the number of physical CPU provisioned in each Test environment','Enter the total number of CPUs in test environment',1,'GCG','GCG','0000-00-00 00:00:00','2025-02-20 11:36:21',1,1,'Number',NULL,2,4,447,'42, 136',0,437),(448,4,NULL,'If applicable, estimate the number of vCPU provisioned in each development environment','Enter the number of virtual CPUs in the development server',1,'GCG','GCG','0000-00-00 00:00:00','2025-02-20 11:36:21',1,1,'Number',NULL,2,4,448,'44,136',0,438),(449,5,NULL,'Estimate the memory installed per environment (in GB)','Enter the total memory of the environment under consideration',1,'GCG','GCG','0000-00-00 00:00:00','2025-02-20 11:36:21',1,1,'Number',NULL,2,4,449,'42,44,136',0,439),(450,6,NULL,'Estimate the storage installed per environment (in TB)','Enter the total storage of the environment under consideration',1,'GCG','GCG','0000-00-00 00:00:00','2025-02-20 11:36:21',1,1,'Number',NULL,2,4,450,'42,44,136',0,440),(451,8,NULL,'Select location from this list where test environment/s reside','Select the country where the test environments are present',1,'GCG','GCG','0000-00-00 00:00:00','2025-02-20 11:36:21',1,1,'Location',NULL,2,4,451,'42,44,136',0,442),(452,9,NULL,'Estimate the core build / release duration in working days','Enter the number of days spent in creating the original build of the product',1,'GCG','GCG','0000-00-00 00:00:00','2025-02-20 11:36:21',1,1,'Number',NULL,2,4,452,'42,44,136',0,443),(453,10,'Working_hours','Estimate the normal working hours per day - please select','Enter the working hours that an employee spends in office',1,'GCG','GCG','0000-00-00 00:00:00','2025-02-20 11:36:22',1,1,'Number',NULL,2,4,453,'42,44,136',0,444),(454,7,NULL,'Estimate the number of Test environment/s originally installed','Provide an approximate number of test environments that were originally installed during testing phase of the application',1,'GCG','GCG','0000-00-00 00:00:00','2025-02-20 11:36:22',1,1,'Number',NULL,2,4,454,'42,44,136',0,441),(458,10,NULL,'Estimate the average % time allocated to the assessed product across all FTE ','Enter an approximate average time that all full time employees spend on this product either in development, test , production or support.',1,'GCG','GCG','0000-00-00 00:00:00','2025-02-20 11:36:25',1,1,'Number','OtherLocationCode',100,5,458,'42,44,136',0,NULL),(459,11,NULL,'Estimate the % FTE in developer / software engineering roles from total FTE above ','Enter an approximate percentage of developer or software engineers of all full time employees who spend time on this product',1,'GCG','GCG','0000-00-00 00:00:00','2025-02-20 11:36:25',1,1,'Number','OtherLocationCode',100,5,459,'42,44,136',0,NULL),(460,1,NULL,'State the main programming language used','Enter the programming language that was used for product development',1,'GCG','GCG','0000-00-00 00:00:00','2025-02-20 11:36:28',1,1,'Text',NULL,63,6,460,'42,44,136',0,NULL),(461,21,NULL,'If hosting is via a CSP and serverless, state average compute hours per day','Enter the average time in hours per day that the instance for this application runs on each day.',1,'GCG','GCG','0000-00-00 00:00:00','2025-02-20 11:36:47',1,1,'Number',NULL,9,7,461,'44,136',0,NULL),(462,6,'Working_hours','Estimate the normal working hours per day - please select','Enter the working hours that an employee spends in office',1,'GCG','GCG','0000-00-00 00:00:00','2025-02-20 11:36:50',1,1,'Number',NULL,30,8,462,'42,44,136',0,29),(463,1,NULL,'Specify the number of development environment/s installed','Enter the number of development environment/s used in the building of the product',1,'GCG','GCG','0000-00-00 00:00:00','2025-02-20 11:36:50',1,1,'Number',NULL,30,8,463,'42,44,136',0,67),(464,2,NULL,'Select location from this list where development environment/s reside','Enter the name of the country where test environments are present',1,'GCG','GCG','0000-00-00 00:00:00','2025-02-20 11:36:50',1,1,'Location',NULL,30,8,464,'42,44,136',0,68),(465,3,NULL,'State the region where the development environment/s are installed','Enter the name of the region in the country where test environments are present',1,'GCG','GCG','0000-00-00 00:00:00','2025-02-20 11:36:50',1,1,'Region',NULL,30,8,465,'42,44,136',0,69),(466,4,NULL,'Enter the name of the city in the country where development environment/s reside','Enter the name of the city in the country where test environments are present',1,'GCG','GCG','0000-00-00 00:00:00','2025-02-20 11:36:50',1,1,'Text',NULL,30,8,466,'42,44,136',0,70),(467,5,NULL,'State the core build / release duration in working days','Enter the number of days spent in testing the product',1,'GCG','GCG','0000-00-00 00:00:00','2025-02-20 11:36:50',1,1,'Number',NULL,30,8,467,'42,44,136',0,71),(468,8,NULL,'If applicable, specify the number of vCPU provisioned in each development environment','Enter the number of virtual CPUs present in the development server/s',1,'GCG','GCG','0000-00-00 00:00:00','2025-02-20 11:36:50',1,1,'Number',NULL,31,8,468,'44,136',0,65),(469,1,'Hosting_Type','State Hosting type - please select','Enter the hosting type for the product when it was originally built',1,'GCG','GCG','0000-00-00 00:00:00','2025-02-20 11:36:50',1,1,'Number',NULL,31,8,469,'42,44,136',0,73),(470,2,'MainCSP','State main CSP selected if on public cloud - please select','Select the name pf the main Cloud Service Provider',1,'GCG','GCG','0000-00-00 00:00:00','2025-02-20 11:36:50',1,1,'Number',NULL,31,8,470,'44,136',0,74),(471,3,NULL,'If hosting is via a CSP, state the tier / machine family or instance type selected - leave blank if not known','Select the machine family or tier or instance type as provided by Cloud service provoder',1,'GCG','GCG','0000-00-00 00:00:00','2025-02-20 11:36:50',1,1,'Text',NULL,31,8,471,'44,136',0,75),(472,4,NULL,'If hosting is via a CSP, state the number of instances provisioned','Enter the number of instances provided by the Cloud Service Provider',1,'GCG','GCG','0000-00-00 00:00:00','2025-02-20 11:36:51',1,1,'Number',NULL,31,8,472,'44,136',0,76),(473,5,'Workload_Type','If hosting is via a CSP, state the workload type selected - leave blank if not known','Enter the workload type of the Cloud Service Provider',1,'GCG','GCG','0000-00-00 00:00:00','2025-02-20 11:36:51',1,1,'Number',NULL,31,8,473,'44,136',0,77),(474,6,NULL,'Specify the number of physical CPU provisioned in each development environment','Enter the number of CPUs present in the development server/s',1,'GCG','GCG','0000-00-00 00:00:00','2025-02-20 11:36:51',1,1,'Number',NULL,31,8,474,'42,136',0,88),(475,7,NULL,'If hosting is via a CSP and serverless, state average compute hours per day','Enter the average time in hours per day that the instance for this product runs on each day.',1,'GCG','GCG','0000-00-00 00:00:00','2025-02-20 11:36:51',1,1,'Number',NULL,31,8,475,'44,136',0,461),(476,1,NULL,'State the number of development servers','Enter the number of development server/s used to build the product',1,'GCG','GCG','0000-00-00 00:00:00','2025-02-20 11:36:51',1,1,'Number',NULL,32,8,476,'42,136',0,58),(477,2,'Server_type','State the server type used - please select','Select the kind of server used for development',1,'GCG','GCG','0000-00-00 00:00:00','2025-02-20 11:36:51',1,1,'Number',NULL,32,8,477,'42,136',0,59),(478,3,NULL,'State the average refresh cycle for servers (years)','Enter the number of years after which the server or its hardware is replaced',1,'GCG','GCG','0000-00-00 00:00:00','2025-02-20 11:36:51',1,1,'Number',NULL,32,8,478,'42,44,136',0,60),(479,4,'Processor_manufacturer','Specify the main processor manufacturer - please select','Select the manufacturer who built the main processor',1,'GCG','GCG','0000-00-00 00:00:00','2025-02-20 11:36:51',1,1,'Number',NULL,32,8,479,'42,44,136',0,61),(480,5,NULL,'Specify the processor clock speed (in GHZ) if known','Enter the number of cycles a computer\'s central processing unit (CPU) can perform per second',1,'GCG','GCG','0000-00-00 00:00:00','2025-02-20 11:36:51',1,0,'Number',NULL,32,8,480,'42,44,136',0,62),(481,6,NULL,'Specify the number of cores per processor if known','Enter the number of processing units in a central processing unit (CPU)',1,'GCG','GCG','0000-00-00 00:00:00','2025-02-20 11:36:51',1,0,'Number',NULL,32,8,481,'42,44,136',0,63),(482,7,'Operating_System','State the operating system used - please select','Select the operating system running in the server',1,'GCG','GCG','0000-00-00 00:00:00','2025-02-20 11:36:51',1,1,'Number',NULL,32,8,482,'42,44,136',0,66),(483,8,NULL,'State the average processor utilisation in percentage','Enter the percentage of time the processor is used to perform tasks.',1,'GCG','GCG','0000-00-00 00:00:00','2025-02-20 11:36:51',1,1,'Number',NULL,32,8,483,'42,44,136',0,79),(484,9,NULL,'State the memory installed per environment (in GB)','Enter the total memory of the environment under consideration',1,'GCG','GCG','0000-00-00 00:00:00','2025-02-20 11:36:51',1,1,'Number',NULL,32,8,484,'42,44,136',0,80),(485,10,NULL,'State the storage installed per environment (in TB)','Enter the total storage of the environment under consideration',1,'GCG','GCG','0000-00-00 00:00:00','2025-02-20 11:36:51',1,1,'Number',NULL,32,8,485,'42,44,136',0,81),(486,11,'Storage_Type','State Storage type - please select','Select the storage type used for saving data',1,'GCG','GCG','0000-00-00 00:00:00','2025-02-20 11:36:51',1,1,'Number',NULL,32,8,486,'42,44,136',0,82),(487,1,NULL,'State the Power Usage Effectiveness (PUE) for the data centre','Enter the value for the PUE of the data centre',1,'GCG','GCG','0000-00-00 00:00:00','2025-02-20 11:36:51',1,0,'Number',NULL,33,8,487,'42,44,136',0,78),(488,2,'Traffic_Type','Data Traffic type - please select','Select the mode in which data move across the  network',1,'GCG','GCG','0000-00-00 00:00:00','2025-02-20 11:36:51',1,1,'Number',NULL,33,8,488,'42,44,136',0,83),(489,3,NULL,'Estimate the average data size per call (in KB)','Enter the amount of data used per call ',1,'GCG','GCG','0000-00-00 00:00:00','2025-02-20 11:36:51',1,1,'Number',NULL,33,8,489,'42,44,136',0,84),(490,4,NULL,'Estimate the average number of data transfers per minute','Enter how much data is transferred in a minute',1,'GCG','GCG','0000-00-00 00:00:00','2025-02-20 11:36:51',1,1,'Number',NULL,33,8,490,'42,44,136',0,85),(491,2,NULL,'Enter Internal FTE : Location 1','Enter the number of employees who are working full time on the project',1,'GCG','GCG','0000-00-00 00:00:00','2025-02-20 11:36:55',1,1,'Number','location-1',40,88,491,'42,44,136',0,NULL),(492,3,NULL,'Enter External FTE : Location 1','Enter the number of employees who are working full time on the project but are from an outside agency or company',1,'GCG','GCG','0000-00-00 00:00:00','2025-02-20 11:36:55',1,1,'Number','location-1',40,88,492,'42,44,136',0,NULL),(493,10,NULL,'Estimate the average % time allocated to the assessed product across all FTE','This value is calculated based on the data entered for full time employees',1,'GCG','GCG','0000-00-00 00:00:00','2025-02-20 11:36:55',1,1,'Number','OtherLocationCode',40,88,493,'42,44,136',0,NULL),(494,11,NULL,'Estimate the % FTE in developer / software engineering roles from total FTE above','This value is calculated based on the data entered for full time employees',1,'GCG','GCG','0000-00-00 00:00:00','2025-02-20 11:36:55',1,1,'Number','OtherLocationCode',40,88,494,'42,44,136',0,NULL),(495,12,NULL,'State timeframe (core build / release duration in working days) /12','This value is calculated based on the data entered for full time employees',1,'GCG','GCG','0000-00-00 00:00:00','2025-02-20 11:36:55',1,1,'Number','OtherLocationCode',40,88,495,'42,44,136',0,NULL),(496,1,NULL,'Estimate total number of airmiles travelled during product phase','Enter the total number of airmiles that all employees travelled during the entire product development cycle',1,'GCG','GCG','0000-00-00 00:00:00','2025-02-20 11:36:56',1,1,'Number','OtherLocationCode',41,88,496,'42,44,136',0,NULL),(497,2,NULL,'Estimate the number of commute bus trips per person per day','Enter the number of times an employee commuted by bus per day during the entire product development life cycle',1,'GCG','GCG','0000-00-00 00:00:00','2025-02-20 11:36:56',1,1,'Number','OtherLocationCode',41,88,497,'42,44,136',0,NULL),(498,3,NULL,'Estimate the number of commute train trips per person per day','Enter the number of times an employee commuted by train per day during the entire product development life cycle',1,'GCG','GCG','0000-00-00 00:00:00','2025-02-20 11:36:56',1,1,'Number','OtherLocationCode',41,88,498,'42,44,136',0,NULL),(499,4,NULL,'Estimate the number of commute car trips per person per day','Enter the number of times an employee commuted by car per day during the entire product development life cycle',1,'GCG','GCG','0000-00-00 00:00:00','2025-02-20 11:36:56',1,1,'Number','OtherLocationCode',41,88,499,'42,44,136',0,NULL),(500,5,NULL,'Estimate % time WFH','Enter an approximate percentage of time that employees worked from home during the entire product development lifecycle',1,'GCG','GCG','0000-00-00 00:00:00','2025-02-20 11:36:56',1,1,'Number','OtherLocationCode',41,88,500,'42,44,136',0,NULL),(501,6,NULL,'Estimate % of time spent working from owned office premises vs. Third party facilities (e.g. WeWork)','Enter an approximate percentage of time that employees worked from owned office premises or co-working space during the entire product development lifecycle',1,'GCG','GCG','0000-00-00 00:00:00','2025-02-20 11:36:56',1,1,'Number','OtherLocationCode',41,88,501,'42,44,136',0,NULL),(502,1,'Video_Tool','Select main video collaboration tool used','Select the software that was used for video conferencing for meetings etc',1,'GCG','GCG','0000-00-00 00:00:00','2025-02-20 11:36:56',1,1,'Number','OtherLocationCode',42,88,502,'42,44,136',0,NULL),(503,2,NULL,'Estimate the average hours per day using video collaboration tools','Enter the average time spent in hours per day in video conferences',1,'GCG','GCG','0000-00-00 00:00:00','2025-02-20 11:36:56',1,1,'Number','OtherLocationCode',42,88,503,'42,44,136',0,NULL),(504,3,'Development_Repository','State the main software development platform / code repository used - please select','Select the code repository software used during the development of the product',1,'GCG','GCG','0000-00-00 00:00:00','2025-02-20 11:36:56',1,1,'Number','OtherLocationCode',42,88,504,'42,44,136',0,NULL),(505,4,'APM_Tool','State the main Application Performance Monitoring (APM) tool used - please select','Select the main Application Performance Monitoring (APM) tool used during the development of the product',1,'GCG','GCG','0000-00-00 00:00:00','2025-02-20 11:36:56',1,1,'Number','OtherLocationCode',42,88,505,'42,44,136',0,NULL),(506,5,'Testing_Tool','State the main automated / continuous testing tool used - please select','Select the main testing tool used during the development of the product',1,'GCG','GCG','0000-00-00 00:00:00','2025-02-20 11:36:56',1,1,'Number','OtherLocationCode',42,88,506,'42,44,136',0,NULL),(507,1,'Working_hours','State the normal working hours per day','Enter the working hours that an employee spends in office',1,'GCG','GCG','0000-00-00 00:00:00','0000-00-00 00:00:00',1,1,'Number',NULL,65,10,507,'42,44,136',0,NULL),(508,2,NULL,'State the main programming language used','Enter the programming language that was used for product development',1,'GCG','GCG','0000-00-00 00:00:00','0000-00-00 00:00:00',1,1,'Text',NULL,65,10,508,'42,44,136',0,NULL),(509,3,'DeveloperAssessment_Rating','State the average Sustainable Software Engineering Assessment rating achieved for your software engineers - please select','Select the Software Engineering Assessment rating achieved for your software engineers',1,'GCG','GCG','0000-00-00 00:00:00','0000-00-00 00:00:00',1,1,'Number',NULL,65,10,509,'42,44,136',0,NULL),(510,4,NULL,'Estimate the % of no-code assets used','Enter a percentage value for no-code assets used during the development of the product. Leave blank if not known',1,'GCG','GCG','0000-00-00 00:00:00','0000-00-00 00:00:00',1,1,'Number',NULL,65,10,510,'42,44,136',0,NULL),(511,5,NULL,'Estimate the % of code reuse ','Enter a percentage value for code reused during the development of the product. Leave blank if not known',1,'GCG','GCG','0000-00-00 00:00:00','0000-00-00 00:00:00',1,1,'Number',NULL,65,10,511,'42,44,136',0,NULL),(512,6,'DevOps_Maturity','State the level of DevOps maturity - please select','Select organisation\'s DevOps maturity level',1,'GCG','GCG','0000-00-00 00:00:00','0000-00-00 00:00:00',1,1,'Number',NULL,65,10,512,'42,44,136',0,NULL),(513,7,'FinOps_Maturity','State the level of FinOps maturity - please select','Select organization\'s FinOps maturity level',1,'GCG','GCG','0000-00-00 00:00:00','0000-00-00 00:00:00',1,1,'Number',NULL,65,10,513,'42,44,136',0,NULL),(514,15,'Working_hours','Estimate the normal working hours per day - please select','Enter the working hours that an employee spends in office',1,'GCG','GCG','0000-00-00 00:00:00','2025-02-20 11:38:03',1,1,'Number',NULL,16,90,514,'42,44,136',0,NULL),(515,10,NULL,'Specify the number of production environment/s installed','Enter the number of production environments used in the building of the application',1,'GCG','GCG','0000-00-00 00:00:00','2025-02-20 11:38:03',1,1,'Number',NULL,16,90,515,'42,44,136',0,NULL),(516,11,NULL,'Select location from this list where production environment/s reside','Select location from this list where production environments are present',1,'GCG','GCG','0000-00-00 00:00:00','2025-02-20 11:38:03',1,1,'Location',NULL,16,90,516,'42,44,136',0,NULL),(517,12,NULL,'State the region where the  production environment/s are installed','Enter the name of the region in the country where production environments are present',1,'GCG','GCG','0000-00-00 00:00:00','2025-02-20 11:38:03',1,1,'Region',NULL,16,90,517,'42,44,136',0,NULL),(518,13,NULL,'Enter the name of the city in the country where production environment/s reside','Enter the name of the city in the country where production environments are present',1,'GCG','GCG','0000-00-00 00:00:00','2025-02-20 11:38:03',1,1,'Text',NULL,16,90,518,'42,44,136',0,NULL),(519,14,NULL,'State the core build / release duration in working days','Enter the number of days spent testing the product',1,'GCG','GCG','0000-00-00 00:00:00','2025-02-20 11:38:03',1,1,'Number',NULL,16,90,519,'42,44,136',0,NULL),(521,1,NULL,'State the number of  production servers','Enter how many production srvers were/are used for the application',1,'GCG','GCG','0000-00-00 00:00:00','2025-02-20 11:38:03',1,1,'Number',NULL,17,90,521,'42,136',0,NULL),(522,2,'Server_type','State the server type used - please select','Select the kind of server used for development',1,'GCG','GCG','0000-00-00 00:00:00','2025-02-20 11:38:03',1,1,'Number',NULL,17,90,522,'42,136',0,NULL),(523,3,NULL,'State the average refresh cycle for servers (years)','Enter the number of years after which the server or its hardware is replaced',1,'GCG','GCG','0000-00-00 00:00:00','2025-02-20 11:38:03',1,1,'Number',NULL,17,90,523,'44,136',0,NULL),(524,4,'Processor_manufacturer','Specify the main processor manufacturer - please select','Select the manufacturer who built the main processor',1,'GCG','GCG','0000-00-00 00:00:00','2025-02-20 11:38:03',1,1,'Number',NULL,17,90,524,'42,44,136',0,NULL),(525,5,NULL,'Specify the processor clock speed (in GHZ) if known','Enter the number of cycles a computer\'s central processing unit (CPU) can perform per second',1,'GCG','GCG','0000-00-00 00:00:00','2025-02-20 11:38:03',1,0,'Number',NULL,17,90,525,'42,44,136',0,NULL),(526,6,NULL,'Specify the number of cores per processor if known','Enter the number of processing units in a central processing unit (CPU)',1,'GCG','GCG','0000-00-00 00:00:00','2025-02-20 11:38:03',1,0,'Number',NULL,17,90,526,'42,44,136',0,NULL),(527,7,'Operating_System','State the operating system used - please select','Select the operating system running in the server',1,'GCG','GCG','0000-00-00 00:00:00','2025-02-20 11:38:03',1,1,'Number',NULL,17,90,527,'42,44,136',0,NULL),(528,8,NULL,'State the average processor utilisation in percentage','Enter the percentage of time the processor is used to perform tasks.',1,'GCG','GCG','0000-00-00 00:00:00','2025-02-20 11:38:03',1,1,'Number',NULL,17,90,528,'42,44,136',0,NULL),(529,9,NULL,'State the memory installed per environment (in GB)','Enter the total memory of the environment under consideration',1,'GCG','GCG','0000-00-00 00:00:00','2025-02-20 11:38:03',1,1,'Number',NULL,17,90,529,'42,44,136',0,NULL),(530,10,NULL,'State the storage installed per environment (in TB)','Enter the total storage of the environment under consideration',1,'GCG','GCG','0000-00-00 00:00:00','2025-02-20 11:38:03',1,1,'Number',NULL,17,90,530,'42,44,136',0,NULL),(531,11,'Storage_Type','State Storage type - please select','Select the storage type used for saving data',1,'GCG','GCG','0000-00-00 00:00:00','2025-02-20 11:38:03',1,1,'Number',NULL,17,90,531,'42,44,136',0,NULL),(536,22,NULL,'If applicable, specify the number of vCPU provisioned in each development environment','Enter the number of virtual CPUs present in the development server/s',1,'GCG','GCG','0000-00-00 00:00:00','2025-02-20 11:38:03',1,1,'Number',NULL,18,90,536,'44,136',0,NULL),(537,16,'Hosting_Type','State Hosting type - please select','Enter the hosting type for the product when it was originally built',1,'GCG','GCG','0000-00-00 00:00:00','2025-02-20 11:38:03',1,1,'Number',NULL,18,90,537,'42,44,136',0,NULL),(538,17,'MainCSP','State main CSP selected if on public cloud - please select','Select the name pf the main Cloud Service Provider',1,'GCG','GCG','0000-00-00 00:00:00','2025-02-20 11:38:03',1,1,'Number',NULL,18,90,538,'44,136',0,NULL),(539,18,NULL,'If hosting is via a CSP, state the tier / machine family or instance type selected - leave blank if not known','Select the machine family or tier or instance type as provided by Cloud service provoder',1,'GCG','GCG','0000-00-00 00:00:00','2025-02-20 11:38:03',1,1,'Text',NULL,18,90,539,'44,136',0,NULL),(540,19,NULL,'If hosting is via a CSP, state the number of instances provisioned','Enter the number of instances provided by the Cloud Service Provider',1,'GCG','GCG','0000-00-00 00:00:00','2025-02-20 11:38:04',1,1,'Number',NULL,18,90,540,'44,136',0,NULL),(541,20,'Workload_Type','If hosting is via a CSP, state the workload type selected - leave blank if not known','Enter the workload type of the Cloud Service Provider',1,'GCG','GCG','0000-00-00 00:00:00','2025-02-20 11:38:04',1,1,'Number',NULL,18,90,541,'44,136',0,NULL),(542,23,NULL,'Specify the number of physical CPU provisioned in each development environment','Enter the number of CPUs present in the development server/s',1,'GCG','GCG','0000-00-00 00:00:00','2025-02-20 11:38:04',1,1,'Number',NULL,18,90,542,'42,136',0,NULL),(543,21,NULL,'If hosting is via a CSP and serverless, state average compute hours per day','Enter the average time in hours per day that the instance for this product runs on each day.',1,'GCG','GCG','0000-00-00 00:00:00','2025-02-20 11:38:04',1,1,'Number',NULL,18,90,543,'44,136',0,NULL),(551,1,NULL,'State the Power Usage Effectiveness (PUE) for the data centre','Enter the value for the PUE of the data centre',1,'GCG','GCG','0000-00-00 00:00:00','2025-02-20 11:38:04',1,0,'Number',NULL,19,90,551,'44,136',0,NULL),(552,2,'Traffic_Type','Data Traffic type - please select','Select the mode in which data move across the  network',1,'GCG','GCG','0000-00-00 00:00:00','2025-02-20 11:38:04',1,1,'Number',NULL,19,90,552,'42,44,136',0,NULL),(553,3,NULL,'Estimate the average data size per call (in KB)','Enter the amount of data used per call ',1,'GCG','GCG','0000-00-00 00:00:00','2025-02-20 11:38:04',1,1,'Number',NULL,19,90,553,'42,44,136',0,NULL),(554,4,NULL,'Estimate the average number of data transfers per minute','Enter how much data is transferred in a minute',1,'GCG','GCG','0000-00-00 00:00:00','2025-02-20 11:38:04',1,1,'Number',NULL,19,90,554,'42,44,136',0,NULL),(558,2,NULL,'Enter Internal FTE : Location 1','Enter the number of employees who are working full time on the project',1,'GCG','GCG','0000-00-00 00:00:00','2025-02-20 11:41:59',1,1,'Number','location-1',43,92,558,'42,44,136',0,NULL),(559,3,NULL,'Enter External FTE : Location 1','Enter the number of employees who are working full time on the project but are not direct employees of the company',1,'GCG','GCG','0000-00-00 00:00:00','2025-02-20 11:41:59',1,1,'Number','location-1',43,92,559,'42,44,136',0,NULL),(560,10,NULL,'Estimate the average % time allocated to the assessed product across all FTE','This value is calculated based on the data entered for full time employees',1,'GCG','GCG','0000-00-00 00:00:00','2025-02-20 11:41:59',1,1,'Number','OtherLocationCode',43,92,560,'42,44,136',0,NULL),(561,11,NULL,'Estimate the % FTE in developer / software engineering roles from total FTE above','This value is calculated based on the data entered for full time employees',1,'GCG','GCG','0000-00-00 00:00:00','2025-02-20 11:41:59',1,1,'Number','OtherLocationCode',43,92,561,'42,44,136',0,NULL),(562,12,NULL,'State timeframe  ( core build / release duration in working days) /12','This value is calculated based on the data entered for full time employees',1,'GCG','GCG','0000-00-00 00:00:00','2025-02-20 11:41:59',1,1,'Number','OtherLocationCode',43,92,562,'42,44,136',0,NULL),(565,1,NULL,'Estimate total number of airmiles travelled during product phase','Enter the total number of airmiles that all employees travelled during the entire product development cycle',1,'GCG','GCG','0000-00-00 00:00:00','2025-02-20 11:41:59',1,1,'Number',NULL,44,92,565,'42,44,136',0,NULL),(566,2,NULL,'Estimate the number of commute bus trips per person per day','Enter the number of times an employee commuted by bus per day during the entire product development life cycle',1,'GCG','GCG','0000-00-00 00:00:00','2025-02-20 11:42:00',1,1,'Number',NULL,44,92,566,'42,44,136',0,NULL),(567,3,NULL,'Estimate the number of commute train trips per person per day','Enter the number of times an employee commuted by train per day during the entire product development life cycle',1,'GCG','GCG','0000-00-00 00:00:00','2025-02-20 11:42:00',1,1,'Number',NULL,44,92,567,'42,44,136',0,NULL),(568,4,NULL,'Estimate the number of commute car trips per person per day','Enter the number of times an employee commuted by car per day during the entire product development life cycle',1,'GCG','GCG','0000-00-00 00:00:00','2025-02-20 11:42:00',1,1,'Number',NULL,44,92,568,'42,44,136',0,NULL),(569,5,NULL,'Estimate % time WFH','Enter an approximate percentage of time that employees worked from home during the entire product development lifecycle',1,'GCG','GCG','0000-00-00 00:00:00','2025-02-20 11:42:00',1,1,'Number',NULL,44,92,569,'42,44,136',0,NULL),(570,6,NULL,'Estimate % of time spent working from owned office premises vs. Third party facilities (e.g. WeWork)','Enter an approximate percentage of time that employees worked from owned office premises or co-working space during the entire product development lifecycle',1,'GCG','GCG','0000-00-00 00:00:00','2025-02-20 11:42:00',1,1,'Number',NULL,44,92,570,'42,44,136',0,NULL),(572,1,'Video_Tool','Select main video collaboration tool used','Select the software that was used for video conferencing for meetings etc',1,'GCG','GCG','0000-00-00 00:00:00','2025-02-20 11:42:00',1,1,'Number',NULL,45,92,572,'42,44,136',0,NULL),(573,2,NULL,'Estimate the average hours per day using video collaboration tools','Enter the average time spent in hours per day in video conferences',1,'GCG','GCG','0000-00-00 00:00:00','2025-02-20 11:42:00',1,1,'Number',NULL,45,92,573,'42,44,136',0,NULL),(574,3,'Development_Repository','State the main software development platform / code repository used - please select','Select the code repository software used during the development of the product',1,'GCG','GCG','0000-00-00 00:00:00','2025-02-20 11:42:00',1,1,'Number',NULL,45,92,574,'42,44,136',0,NULL),(575,4,'APM_Tool','State the main Application Performance Monitoring (APM) tool used - please select','Select the main Application Performance Monitoring (APM) tool used during the development of the product',1,'GCG','GCG','0000-00-00 00:00:00','2025-02-20 11:42:00',1,1,'Number',NULL,45,92,575,'42,44,136',0,NULL),(576,5,'Testing_Tool','State the main automated / continuous testing tool used - please select','Select the main testing tool used during the development of the product',1,'GCG','GCG','0000-00-00 00:00:00','2025-02-20 11:42:00',1,1,'Number',NULL,45,92,576,'42,44,136',0,NULL),(579,1,'Working_hours','State the normal working hours per day','Enter the working hours that an employee spends in office',1,'GCG','GCG','0000-00-00 00:00:00','2025-02-20 11:42:04',1,1,'Number',NULL,66,93,579,'42,44,136',0,NULL),(580,2,NULL,'State the main programming language used','Enter the programming language that was used for product development',1,'GCG','GCG','0000-00-00 00:00:00','2025-02-20 11:42:04',1,1,'Text',NULL,66,93,580,'42,44,136',0,NULL),(581,3,'DeveloperAssessment_Rating','State the average Sustainable Software Engineering Assessment rating achieved for your software engineers - please select','Select the Software Engineering Assessment rating achieved for your software engineers',1,'GCG','GCG','0000-00-00 00:00:00','2025-02-20 11:42:04',1,1,'Number',NULL,66,93,581,'42,44,136',0,NULL),(582,4,NULL,'Estimate the % of no-code assets used','Enter a percentage value for no-code assets used during the development of the product. Leave blank if not known',1,'GCG','GCG','0000-00-00 00:00:00','2025-02-20 11:42:05',1,1,'Number',NULL,66,93,582,'42,44,136',0,NULL),(583,5,NULL,'Estimate the % of code reuse ','Enter a percentage value for code reused during the development of the product. Leave blank if not known',1,'GCG','GCG','0000-00-00 00:00:00','2025-02-20 11:42:05',1,1,'Number',NULL,66,93,583,'42,44,136',0,NULL),(584,6,'DevOps_Maturity','State the level of DevOps maturity - please select','Select organisation\'s DevOps maturity level',1,'GCG','GCG','0000-00-00 00:00:00','2025-02-20 11:42:05',1,1,'Number',NULL,66,93,584,'42,44,136',0,NULL),(585,7,'FinOps_Maturity','State the level of FinOps maturity - please select','Select organization\'s FinOps maturity level',1,'GCG','GCG','0000-00-00 00:00:00','2025-02-20 11:42:05',1,1,'Number',NULL,66,93,585,'42,44,136',0,NULL),(586,2,NULL,'Enter Internal FTE - location 1','Enter the number of employees who are working full time on the project',1,'GCG','GCG','0000-00-00 00:00:00','0000-00-00 00:00:00',1,1,'Number','location-internal-1',46,94,586,'42,44,136',0,NULL),(587,2,NULL,'Enter External FTE - location 1','Enter the number of employees who are working full time on the project but are not direct employees of the company',1,'GCG','GCG','0000-00-00 00:00:00','0000-00-00 00:00:00',1,1,'Number','location-external-1',47,94,587,'42,44,136',0,NULL),(588,3,NULL,'Estimate the average % time allocated to the assessed product across all FTE','This value is calculated based on the data entered for full time employees',1,'GCG','GCG','0000-00-00 00:00:00','0000-00-00 00:00:00',1,1,'Number',NULL,48,94,588,'42,44,136',0,NULL),(589,4,NULL,'Estimate the % FTE in developer / software engineering roles from total FTE above','This value is calculated based on the data entered for full time employees',1,'GCG','GCG','0000-00-00 00:00:00','0000-00-00 00:00:00',1,1,'Number',NULL,48,94,589,'42,44,136',0,NULL),(590,5,NULL,'Specifiy Time (months) effort to decommission applications','Estimate a time period in months required to decommission applications',1,'GCG','GCG','0000-00-00 00:00:00','0000-00-00 00:00:00',1,1,'Number',NULL,48,94,590,'42,44,136',0,NULL),(591,6,NULL,'Estimate total number of airmiles travelled during product phase','Enter the total number of airmiles that all employees travelled during the entire product development cycle',1,'GCG','GCG','0000-00-00 00:00:00','0000-00-00 00:00:00',1,1,'Number',NULL,49,94,591,'42,44,136',0,NULL),(592,7,NULL,'Estimate the number of commute bus trips per person per day','Enter the number of times an employee commuted by bus per day during the entire product development life cycle',1,'GCG','GCG','0000-00-00 00:00:00','0000-00-00 00:00:00',1,1,'Number',NULL,49,94,592,'42,44,136',0,NULL),(593,8,NULL,'Estimate the number of commute train trips per person per day','Enter the number of times an employee commuted by train per day during the entire product development life cycle',1,'GCG','GCG','0000-00-00 00:00:00','0000-00-00 00:00:00',1,1,'Number',NULL,49,94,593,'42,44,136',0,NULL),(594,9,NULL,'Estimate the number of commute car trips per person per day','Enter the number of times an employee commuted by car per day during the entire product development life cycle',1,'GCG','GCG','0000-00-00 00:00:00','0000-00-00 00:00:00',1,1,'Number',NULL,49,94,594,'42,44,136',0,NULL),(595,10,NULL,'Estimate total number of airmiles travelled during product phase','Enter the total number of airmiles that all employees travelled during the entire product development cycle',1,'GCG','GCG','0000-00-00 00:00:00','0000-00-00 00:00:00',1,1,'Number',NULL,50,94,595,'42,44,136',0,NULL),(596,11,NULL,'Estimate the number of commute bus trips per person per day','Enter the number of times an employee commuted by bus per day during the entire product development life cycle',1,'GCG','GCG','0000-00-00 00:00:00','0000-00-00 00:00:00',1,1,'Number',NULL,50,94,596,'42,44,136',0,NULL),(597,12,NULL,'Estimate the number of commute train trips per person per day','Enter the number of times an employee commuted by train per day during the entire product development life cycle',1,'GCG','GCG','0000-00-00 00:00:00','0000-00-00 00:00:00',1,1,'Number',NULL,50,94,597,'42,44,136',0,NULL),(598,13,NULL,'Estimate the number of commute car trips per person per day','Enter the number of times an employee commuted by car per day during the entire product development life cycle',1,'GCG','GCG','0000-00-00 00:00:00','0000-00-00 00:00:00',1,1,'Number',NULL,50,94,598,'42,44,136',0,NULL),(599,14,'Video_Tool','Select main video collaboration tool used','Select the software that was used for video conferencing for meetings etc',1,'GCG','GCG','0000-00-00 00:00:00','0000-00-00 00:00:00',1,1,'Number',NULL,51,94,599,'42,44,136',0,NULL),(600,1,NULL,'Estimate the average hours per day using video collaboration tools','Enter the average time spent in hours per day in video conferences',1,'GCG','GCG','0000-00-00 00:00:00','0000-00-00 00:00:00',1,1,'Number',NULL,51,94,600,'42,44,136',0,NULL),(601,6,'Working_hours','Estimate the normal working hours per day - please select','Enter the working hours that an employee spends in office',1,'GCG','GCG','0000-00-00 00:00:00','2025-02-20 11:36:32',1,1,'Number',NULL,52,100,601,'42,44,136',0,NULL),(602,1,NULL,'Specify the number of development environment/s installed','Enter the number of development environment/s used in the building of the product',1,'GCG','GCG','0000-00-00 00:00:00','2025-02-20 11:36:32',1,1,'Number',NULL,52,100,602,'42,44,136',0,NULL),(603,2,NULL,'Select location from this list where development environment/s reside','Select location from this list where development environment/s reside',1,'GCG','GCG','0000-00-00 00:00:00','2025-02-20 11:36:32',1,1,'Location',NULL,52,100,603,'42,44,136',0,NULL),(604,3,NULL,'State the region where the  development environment/s are installed','Select the region where this country is',1,'GCG','GCG','0000-00-00 00:00:00','2025-02-20 11:36:32',1,1,'Region',NULL,52,100,604,'42,44,136',0,NULL),(605,4,NULL,'Enter the name of the city in the country where development environment/s reside','Enter the name of the city in the country where test environments are present',1,'GCG','GCG','0000-00-00 00:00:00','2025-02-20 11:36:32',1,1,'Text',NULL,52,100,605,'42,44,136',0,NULL),(606,5,NULL,'State the core build / release duration in working days','Enter the number of days spent testing the product',1,'GCG','GCG','0000-00-00 00:00:00','2025-02-20 11:36:32',1,1,'Number',NULL,52,100,606,'42,44,136',0,NULL),(608,8,NULL,'Specify the number of vCPU provisioned in each development environment','Enter the number of virtual CPUs present in the development server/s',1,'GCG','GCG','0000-00-00 00:00:00','2025-02-20 11:36:32',1,1,'Number',NULL,53,100,608,'42,44,136',0,NULL),(609,1,'Hosting_Type','State Hosting type - please select','Enter the hosting type for the product when it was originally built',1,'GCG','GCG','0000-00-00 00:00:00','2025-02-20 11:36:32',1,1,'Number',NULL,53,100,609,'42,44,136',0,NULL),(610,2,'MainCSP','State main CSP selected if on public cloud - please select','Select the name pf the main Cloud Service Provider',1,'GCG','GCG','0000-00-00 00:00:00','2025-02-20 11:36:32',1,1,'Number',NULL,53,100,610,'44,136',0,NULL),(611,3,NULL,'If hosting is via a CSP, state the tier / machine family or instance type selected - leave blank if not known','Select the machine family or tier or instance type as provided by Cloud service provoder',1,'GCG','GCG','0000-00-00 00:00:00','2025-02-20 11:36:32',1,1,'Text',NULL,53,100,611,'44,136',0,NULL),(612,4,NULL,'If hosting is via a CSP, state the number of instances provisioned','Enter the number of instances provided by the Cloud Service Provider',1,'GCG','GCG','0000-00-00 00:00:00','2025-02-20 11:36:32',1,1,'Number',NULL,53,100,612,'44,136',0,NULL),(613,5,'Workload_Type','If hosting is via a CSP, state the workload type selected - leave blank if not known','Enter the workload type of the Cloud Service Provider',1,'GCG','GCG','0000-00-00 00:00:00','2025-02-20 11:36:32',1,1,'Number',NULL,53,100,613,'44,136',0,NULL),(614,7,NULL,'Specify the number of physical CPU provisioned in each development environment','Enter the number of CPUs present in the development server/s',1,'GCG','GCG','0000-00-00 00:00:00','2025-02-20 11:36:32',1,1,'Number',NULL,53,100,614,'42,136',0,NULL),(615,6,NULL,'If hosting is via a CSP and serverless, state average compute hours per day','Enter the average time in hours per day that the instance for this product runs on each day.',1,'GCG','GCG','0000-00-00 00:00:00','2025-02-20 11:36:32',1,1,'Number',NULL,53,100,615,'44,136',0,NULL),(623,1,NULL,'State the number of development servers','Enter the number of development servers used to build the product',1,'GCG','GCG','0000-00-00 00:00:00','2025-02-20 11:36:32',1,1,'Number',NULL,54,100,623,'42,136',0,NULL),(624,2,'Server_type','State the server type used - please select','Select the kind of server used for development',1,'GCG','GCG','0000-00-00 00:00:00','2025-02-20 11:36:32',1,1,'Number',NULL,54,100,624,'42,136',0,NULL),(625,3,NULL,'State the average refresh cycle for servers (years)','Enter the number of years after which the server or its hardware is replaced',1,'GCG','GCG','0000-00-00 00:00:00','2025-02-20 11:36:32',1,1,'Number',NULL,54,100,625,'42,44,136',0,NULL),(626,4,'Processor_manufacturer','Specify the main processor manufacturer - please select','Select the manufacturer who built the main processor',1,'GCG','GCG','0000-00-00 00:00:00','2025-02-20 11:36:32',1,1,'Number',NULL,54,100,626,'42,44,136',0,NULL),(627,5,NULL,'Specify the processor clock speed (in GHZ) if known','Enter the number of cycles a computer\'s central processing unit (CPU) can perform per second',1,'GCG','GCG','0000-00-00 00:00:00','2025-02-20 11:36:32',1,0,'Number',NULL,54,100,627,'42,44,136',0,NULL),(628,6,NULL,'Specify the number of cores per processor if known','Enter the number of processing units in a central processing unit (CPU)',1,'GCG','GCG','0000-00-00 00:00:00','2025-02-20 11:36:32',1,0,'Number',NULL,54,100,628,'42,44,136',0,NULL),(629,7,'Operating_System','State the operating system used - please select','Select the operating system running in the server',1,'GCG','GCG','0000-00-00 00:00:00','2025-02-20 11:36:32',1,1,'Number',NULL,54,100,629,'42,44,136',0,NULL),(630,8,NULL,'State the average processor utilisation in percentage','Enter the percentage of time the processor is used to perform tasks.',1,'GCG','GCG','0000-00-00 00:00:00','2025-02-20 11:36:32',1,1,'Number',NULL,54,100,630,'42,44,136',0,NULL),(631,9,NULL,'State the memory installed per environment (in GB)','Enter the total memory of the environment under consideration',1,'GCG','GCG','0000-00-00 00:00:00','2025-02-20 11:36:32',1,1,'Number',NULL,54,100,631,'42,44,136',0,NULL),(632,10,NULL,'State the storage installed per environment (in TB)','Enter the total storage of the environment under consideration',1,'GCG','GCG','0000-00-00 00:00:00','2025-02-20 11:36:33',1,1,'Number',NULL,54,100,632,'42,44,136',0,NULL),(633,11,'Storage_Type','State Storage type - please select','Select the storage type used for saving data',1,'GCG','GCG','0000-00-00 00:00:00','2025-02-20 11:36:33',1,1,'Number',NULL,54,100,633,'42,44,136',0,NULL),(638,1,NULL,'State the Power Usage Effectiveness (PUE) for the data centre','Enter the value for the PUE of the data centre',1,'GCG','GCG','0000-00-00 00:00:00','2025-02-20 11:36:33',1,0,'Number',NULL,55,100,638,'42,44,136',0,NULL),(639,2,'Traffic_Type','Data Traffic type - please select','Select the mode in which data move across the  network',1,'GCG','GCG','0000-00-00 00:00:00','2025-02-20 11:36:33',1,1,'Number',NULL,55,100,639,'42,44,136',0,NULL),(640,3,NULL,'Estimate the average data size per call (in KB)','Enter the amount of data used per call ',1,'GCG','GCG','0000-00-00 00:00:00','2025-02-20 11:36:33',1,1,'Number',NULL,55,100,640,'42,44,136',0,NULL),(641,4,NULL,'Estimate the average number of data transfers per minute','Enter how much data is transferred in a minute',1,'GCG','GCG','0000-00-00 00:00:00','2025-02-20 11:36:33',1,1,'Number',NULL,55,100,641,'42,44,136',0,NULL),(645,1,NULL,'Select location 1','Select the country where employees work during the course of the product development, testing, production and support. ',1,'GCG','GCG','0000-00-00 00:00:00','2025-02-20 11:36:40',1,1,'Location','location-1',60,102,645,'42,44,136',0,NULL),(646,2,NULL,'Enter internall FTE for Location 1:','Enter the number of employees who are working full time on the project',1,'GCG','GCG','0000-00-00 00:00:00','2025-02-20 11:36:40',1,1,'Number','location-1',60,102,646,'42,44,136',0,NULL),(647,10,NULL,'Estimate the average % time allocated to the assessed product across all FTE','This value is calculated based on the data entered for full time employees',1,'GCG','GCG','0000-00-00 00:00:00','2025-02-20 11:36:40',1,1,'Number','OtherLocationCode',60,102,647,'42,44,136',0,NULL),(648,11,NULL,'Estimate the % FTE in developer / software engineering roles from total FTE above','This value is calculated based on the data entered for full time employees',1,'GCG','GCG','0000-00-00 00:00:00','2025-02-20 11:36:40',1,1,'Number','OtherLocationCode',60,102,648,'42,44,136',0,NULL),(649,12,NULL,'State timeframe  ( core build / release duration in working days) /12','This value is calculated based on the data entered for full time employees',1,'GCG','GCG','0000-00-00 00:00:00','2025-02-20 11:36:40',1,1,'Number','OtherLocationCode',60,102,649,'42,44,136',0,NULL),(650,1,NULL,'Estimate total number of airmiles travelled during product phase','Enter the total number of airmiles that all employees travelled during the entire product development cycle',1,'GCG','GCG','0000-00-00 00:00:00','2025-02-20 11:36:40',1,1,'Number',NULL,61,102,650,'42,44,136',0,NULL),(651,2,NULL,'Estimate the number of commute bus trips per person per day','Enter the number of times an employee commuted by bus per day during the entire product development life cycle',1,'GCG','GCG','0000-00-00 00:00:00','2025-02-20 11:36:40',1,1,'Number',NULL,61,102,651,'42,44,136',0,NULL),(652,3,NULL,'Estimate the number of commute train trips per person per day','Enter the number of times an employee commuted by train per day during the entire product development life cycle',1,'GCG','GCG','0000-00-00 00:00:00','2025-02-20 11:36:40',1,1,'Number',NULL,61,102,652,'42,44,136',0,NULL),(653,4,NULL,'Estimate the number of commute car trips per person per day','Enter the number of times an employee commuted by car per day during the entire product development life cycle',1,'GCG','GCG','0000-00-00 00:00:00','2025-02-20 11:36:40',1,1,'Number',NULL,61,102,653,'42,44,136',0,NULL),(654,5,NULL,'Estimate % time WFH','Enter an approximate percentage of time that employees worked from home during the entire product development lifecycle',1,'GCG','GCG','0000-00-00 00:00:00','2025-02-20 11:36:40',1,1,'Number',NULL,61,102,654,'42,44,136',0,NULL),(655,6,NULL,'Estimate % of time spent working from owned office premises vs. Third party facilities (e.g. WeWork)','Enter an approximate percentage of time that employees worked from owned office premises or co-working space during the entire product development lifecycle',1,'GCG','GCG','0000-00-00 00:00:00','2025-02-20 11:36:40',1,1,'Number',NULL,61,102,655,'42,44,136',0,NULL),(656,1,'Video_Tool','Select main video collaboration tool used','Select the software that was used for video conferencing for meetings etc',1,'GCG','GCG','0000-00-00 00:00:00','2025-02-20 11:36:40',1,1,'Number',NULL,62,102,656,'42,44,136',0,NULL),(657,2,NULL,'Estimate the average hours per day using video collaboration tools','Enter the average time spent in hours per day in video conferences',1,'GCG','GCG','0000-00-00 00:00:00','2025-02-20 11:36:40',1,1,'Number',NULL,62,102,657,'42,44,136',0,NULL),(658,3,'Development_Repository','State the main software development platform / code repository used - please select','Select the code repository software used during the development of the product',1,'GCG','GCG','0000-00-00 00:00:00','2025-02-20 11:36:40',1,1,'Number',NULL,62,102,658,'42,44,136',0,NULL),(659,4,'APM_Tool','State the main Application Performance Monitoring (APM) tool used - please select','Select the main Application Performance Monitoring (APM) tool used during the development of the product',1,'GCG','GCG','0000-00-00 00:00:00','2025-02-20 11:36:41',1,1,'Number',NULL,62,102,659,'42,44,136',0,NULL),(660,5,'Testing_Tool','State the main automated / continuous testing tool used - please select','Select the main testing tool used during the development of the product',1,'GCG','GCG','0000-00-00 00:00:00','2025-02-20 11:36:41',1,1,'Number',NULL,62,102,660,'42,44,136',0,NULL),(676,1,'Working_hours','State the normal working hours per day','Enter the working hours that an employee spends in office',1,'GCG','GCG','0000-00-00 00:00:00','2025-02-20 11:36:43',1,1,'Number',NULL,64,103,676,'42,44,136',0,NULL),(677,2,NULL,'State the main programming language used','Enter the programming language that was used for product development',1,'GCG','GCG','0000-00-00 00:00:00','2025-02-20 11:36:43',1,1,'Text',NULL,64,103,677,'42,44,136',0,NULL),(678,3,'DeveloperAssessment_Rating','State the average Sustainable Software Engineering Assessment rating achieved for your software engineers - please select','Select the Software Engineering Assessment rating achieved for your software engineers',1,'GCG','GCG','0000-00-00 00:00:00','2025-02-20 11:36:43',1,1,'Number',NULL,64,103,678,'42,44,136',0,NULL),(679,4,NULL,'Estimate the % of no-code assets used','Enter a percentage value for no-code assets used during the development of the product. Leave blank if not known',1,'GCG','GCG','0000-00-00 00:00:00','2025-02-20 11:36:43',1,1,'Number',NULL,64,103,679,'42,44,136',0,NULL),(680,5,NULL,'Estimate the % of code reuse ','Enter a percentage value for code reused during the development of the product. Leave blank if not known',1,'GCG','GCG','0000-00-00 00:00:00','2025-02-20 11:36:43',1,1,'Number',NULL,64,103,680,'42,44,136',0,NULL),(681,6,'DevOps_Maturity','State the level of DevOps maturity - please select','Select organisation\'s DevOps maturity level',1,'GCG','GCG','0000-00-00 00:00:00','2025-02-20 11:36:43',1,1,'Number',NULL,64,103,681,'42,44,136',0,NULL),(682,7,'FinOps_Maturity','State the level of FinOps maturity - please select','Select organization\'s FinOps maturity level',1,'GCG','GCG','0000-00-00 00:00:00','2025-02-20 11:36:43',1,1,'Number',NULL,64,103,682,'42,44,136',0,NULL),(683,6,'Working_hours','Estimate the normal working hours per day - please select','Enter the working hours that an employee spends in office',1,'GCG','GCG','0000-00-00 00:00:00','2025-02-20 11:36:36',1,1,'Number',NULL,56,101,683,'42,44,136',0,601),(684,1,NULL,'Specify the number of test environment/s installed','Enter the number of test environments installed during the development of this product',1,'GCG','GCG','0000-00-00 00:00:00','2025-02-20 11:36:36',1,1,'Number',NULL,56,101,684,'42,44,136',0,602),(685,2,NULL,'Select location from this list where test environment/s reside','Select the country from the list where test environments are present',1,'GCG','GCG','0000-00-00 00:00:00','2025-02-20 11:36:36',1,1,'Location',NULL,56,101,685,'42,44,136',0,603),(686,3,NULL,'State the region where the  test environment/s are installed','Select the region where this country is',1,'GCG','GCG','0000-00-00 00:00:00','2025-02-20 11:36:36',1,1,'Region',NULL,56,101,686,'42,44,136',0,604),(687,4,NULL,'Enter the name of the city in the country where test environment/s reside','Enter the city where the test environments are present',1,'GCG','GCG','0000-00-00 00:00:00','2025-02-20 11:36:36',1,1,'Text',NULL,56,101,687,'42,44,136',0,605),(688,5,NULL,'State the core build / release duration in working days','Enter the number of days spent testing the product',1,'GCG','GCG','0000-00-00 00:00:00','2025-02-20 11:36:36',1,1,'Number',NULL,56,101,688,'42,44,136',0,606),(689,8,NULL,'If applicable, specify the number of vCPU provisioned in each test environment','Enter the number of virtual CPUs in the development server',1,'GCG','GCG','0000-00-00 00:00:00','2025-02-20 11:36:36',1,1,'Number',NULL,57,101,689,'44,136',0,608),(690,1,'Hosting_Type','State Hosting type - please select','Enter the hosting type for the product when it was originally built',1,'GCG','GCG','0000-00-00 00:00:00','2025-02-20 11:36:36',1,1,'Number',NULL,57,101,690,'42,44,136',0,609),(691,2,'MainCSP','State main CSP selected if on public cloud - please select','Select the name pf the main Cloud Service Provider',1,'GCG','GCG','0000-00-00 00:00:00','2025-02-20 11:36:36',1,1,'Number',NULL,57,101,691,'44,136',0,610),(692,3,NULL,'If hosting is via a CSP, state the tier / machine family or instance type selected - leave blank if not known','Select the machine family or tier or instance type as provided by Cloud service provoder',1,'GCG','GCG','0000-00-00 00:00:00','2025-02-20 11:36:36',1,1,'Text',NULL,57,101,692,'44,136',0,611),(693,4,NULL,'If hosting is via a CSP, state the number of instances provisioned','Enter the number of instances provided by the Cloud Service Provider',1,'GCG','GCG','0000-00-00 00:00:00','2025-02-20 11:36:36',1,1,'Number',NULL,57,101,693,'44,136',0,612),(694,5,'Workload_Type','If hosting is via a CSP, state the workload type selected - leave blank if not known','Enter the workload type of the Cloud Service Provider',1,'GCG','GCG','0000-00-00 00:00:00','2025-02-20 11:36:36',1,1,'Number',NULL,57,101,694,'44,136',0,613),(695,7,NULL,'Specify the number of physical CPU provisioned in each test environment','Enter the total number of CPUs in test environment',1,'GCG','GCG','0000-00-00 00:00:00','2025-02-20 11:36:36',1,1,'Number',NULL,57,101,695,'42,136',0,614),(696,6,NULL,'If hosting is via a CSP and serverless, state average compute hours per day','Enter the average time in hours per day that the instance for this product runs on each day.',1,'GCG','GCG','0000-00-00 00:00:00','2025-02-20 11:36:36',1,1,'Number',NULL,57,101,696,'44,136',0,615),(697,1,NULL,'State the number of test servers','Enter the number of test servers used to test the application',1,'GCG','GCG','0000-00-00 00:00:00','2025-02-20 11:36:36',1,1,'Number',NULL,58,101,697,'42,136',0,623),(698,2,'Server_type','State the server type used - please select','Select the kind of server used for development',1,'GCG','GCG','0000-00-00 00:00:00','2025-02-20 11:36:36',1,1,'Number',NULL,58,101,698,'42,136',0,624),(699,3,NULL,'State the average refresh cycle for servers (years)','Enter the number of years after which the server or its hardware is replaced',1,'GCG','GCG','0000-00-00 00:00:00','2025-02-20 11:36:36',1,1,'Number',NULL,58,101,699,'44,136',0,625),(700,4,'Processor_manufacturer','Specify the main processor manufacturer - please select','Select the manufacturer who built the main processor',1,'GCG','GCG','0000-00-00 00:00:00','2025-02-20 11:36:36',1,1,'Number',NULL,58,101,700,'42,44,136',0,626),(701,5,NULL,'Specify the processor clock speed (in GHZ) if known','Enter the number of cycles a computer\'s central processing unit (CPU) can perform per second',1,'GCG','GCG','0000-00-00 00:00:00','2025-02-20 11:36:36',1,0,'Number',NULL,58,101,701,'42,44,136',0,627),(702,6,NULL,'Specify the number of cores per processor if known','Enter the number of processing units in a central processing unit (CPU)',1,'GCG','GCG','0000-00-00 00:00:00','2025-02-20 11:36:36',1,0,'Number',NULL,58,101,702,'42,44,136',0,628),(703,7,'Operating_System','State the operating system used - please select','Select the operating system running in the server',1,'GCG','GCG','0000-00-00 00:00:00','2025-02-20 11:36:36',1,1,'Number',NULL,58,101,703,'42,44,136',0,629),(704,8,NULL,'State the average processor utilisation in percentage','Enter the percentage of time the processor is used to perform tasks.',1,'GCG','GCG','0000-00-00 00:00:00','2025-02-20 11:36:36',1,1,'Number',NULL,58,101,704,'42,44,136',0,630),(705,9,NULL,'State the memory installed per environment (in GB)','Enter the total memory of the environment under consideration',1,'GCG','GCG','0000-00-00 00:00:00','2025-02-20 11:36:36',1,1,'Number',NULL,58,101,705,'42,44,136',0,631),(706,10,NULL,'State the storage installed per environment (in TB)','Enter the total storage of the environment under consideration',1,'GCG','GCG','0000-00-00 00:00:00','2025-02-20 11:36:37',1,1,'Number',NULL,58,101,706,'42,44,136',0,632),(707,11,'Storage_Type','State Storage type - please select','Select the storage type used for saving data',1,'GCG','GCG','0000-00-00 00:00:00','2025-02-20 11:36:37',1,1,'Number',NULL,58,101,707,'42,44,136',0,633),(708,1,NULL,'State the Power Usage Effectiveness (PUE) for the data centre','Enter the value for the PUE of the data centre',1,'GCG','GCG','0000-00-00 00:00:00','2025-02-20 11:36:37',1,0,'Number',NULL,59,101,708,'42,44,136',0,638),(709,2,'Traffic_Type','Data Traffic type - please select','Select the mode in which data move across the  network',1,'GCG','GCG','0000-00-00 00:00:00','2025-02-20 11:36:37',1,1,'Number',NULL,59,101,709,'42,44,136',0,639),(710,3,NULL,'Estimate the average data size per call (in KB)','Enter the amount of data used per call ',1,'GCG','GCG','0000-00-00 00:00:00','2025-02-20 11:36:37',1,1,'Number',NULL,59,101,710,'42,44,136',0,640),(711,4,NULL,'Estimate the average number of data transfers per minute','Enter how much data is transferred in a minute',1,'GCG','GCG','0000-00-00 00:00:00','2025-02-20 11:36:37',1,1,'Number',NULL,59,101,711,'42,44,136',0,641),(719,1,NULL,'Select location 1','Select the location of the office from the list where full time employees work',1,NULL,NULL,'0000-00-00 00:00:00','2025-02-20 11:36:25',1,1,'Location','location-1',100,5,719,'42,44,136',0,NULL),(720,4,NULL,'Select location 2','Select the location of the office from the list where full time employees work',1,'',NULL,'0000-00-00 00:00:00','2025-02-20 11:36:25',1,1,'Location','location-2',100,5,720,'42,44,136',0,NULL),(721,7,NULL,'Select location 3','Select the location of the office from the list where full time employees work',1,NULL,NULL,'0000-00-00 00:00:00','2025-02-20 11:36:25',1,1,'Location','location-3',100,5,721,'42,44,136',0,NULL),(722,1,NULL,'Select Location 1','Select the location of the office from the list where full time employees work',1,'GCG','GCG','0000-00-00 00:00:00','2025-02-20 11:36:55',1,1,'Location','location-1',40,88,722,'42,44,136',0,NULL),(723,4,NULL,'Select Location 2','Select the location of the office from the list where full time employees work',1,'GCG','GCG','0000-00-00 00:00:00','2025-02-20 11:36:55',1,1,'Location','location-2',40,88,723,'42,44,136',0,NULL),(724,7,NULL,'Select Location 3','Select the location of the office from the list where full time employees work',1,'GCG','GCG','0000-00-00 00:00:00','2025-02-20 11:36:55',1,1,'Location','location-3',40,88,724,'42,44,136',0,NULL),(725,5,NULL,'Enter Internal FTE : Location 2','Enter the number of employees who are working full time on the project',1,'GCG','GCG','0000-00-00 00:00:00','2025-02-20 11:36:56',1,1,'Number','location-2',40,88,725,'42,44,136',0,NULL),(726,6,NULL,'Enter External FTE : Location 2','Enter the number of employees who are working full time on the project but are not direct employees of the company',1,'GCG','GCG','0000-00-00 00:00:00','2025-02-20 11:36:56',1,1,'Number','location-2',40,88,726,'42,44,136',0,NULL),(727,8,NULL,'Enter Internal FTE : Location 3','Enter the number of employees who are working full time on the project',1,'GCG','GCG','0000-00-00 00:00:00','2025-02-20 11:36:56',1,1,'Number','location-3',40,88,727,'42,44,136',0,NULL),(728,9,NULL,'Enter External FTE : Location 3','Enter the number of employees who are working full time on the project but are not direct employees of the company',1,'GCG','GCG','0000-00-00 00:00:00','2025-02-20 11:36:56',1,1,'Number','location-3',40,88,728,'42,44,136',0,NULL),(729,5,NULL,'Enter Internal FTE : Location 2','Enter the number of employees who are working full time on the project',1,'GCG','GCG','0000-00-00 00:00:00','2025-02-20 11:41:59',1,1,'Number','location-2',43,92,729,'42,44,136',0,NULL),(730,6,NULL,'Enter External FTE : Location 2','Enter the number of employees who are working full time on the project but are not direct employees of the company',1,'GCG','GCG','0000-00-00 00:00:00','2025-02-20 11:41:59',1,1,'Number','location-2',43,92,730,'42,44,136',0,NULL),(731,8,NULL,'Enter Internal FTE : Location 3','Enter the number of employees who are working full time on the project',1,'GCG','GCG','0000-00-00 00:00:00','2025-02-20 11:41:59',1,1,'Number','location-3',43,92,731,'42,44,136',0,NULL),(732,9,NULL,'Enter External FTE : Location 3','Enter the number of employees who are working full time on the project but are not direct employees of the company',1,'GCG','GCG','0000-00-00 00:00:00','2025-02-20 11:41:59',1,1,'Number','location-3',43,92,732,'42,44,136',0,NULL),(733,1,NULL,'Select Location1','Select the location of the office from the list where full time employees work',1,'GCG','GCG','0000-00-00 00:00:00','2025-02-20 11:41:59',1,1,'Location','location-1',43,92,733,'42,44,136',0,NULL),(734,4,NULL,'Select Location 2','Select the location of the office from the list where full time employees work',1,'GCG','GCG','0000-00-00 00:00:00','2025-02-20 11:41:59',1,1,'Location','location-2',43,92,734,'42,44,136',0,NULL),(735,7,NULL,'Select Location 3','Select the location of the office from the list where full time employees work',1,'GCG','GCG','0000-00-00 00:00:00','2025-02-20 11:41:59',1,1,'Location','location-3',43,92,735,'42,44,136',0,NULL),(737,3,NULL,'Enter external FTE for Location 1:','Enter the number of employees who are working full time on the project but are not direct employees of the company',1,'GCG','GCG','0000-00-00 00:00:00','2025-02-20 11:36:40',1,1,'Number','location-1',60,102,737,'42,44,136',0,NULL),(738,4,NULL,'Select location 2','Select the location of the office from the list where full time employees work',1,'GCG','GCG','0000-00-00 00:00:00','2025-02-20 11:36:40',1,1,'Location','location-2',60,102,738,'42,44,136',0,NULL),(739,5,NULL,'Enter internall FTE for Location 2:','Enter the number of employees who are working full time on the project',1,'GCG','GCG','0000-00-00 00:00:00','2025-02-20 11:36:40',1,1,'Number','location-2',60,102,739,'42,44,136',0,NULL),(740,6,NULL,'Enter external FTE for Location 2:','Enter the number of employees who are working full time on the project but are not direct employees of the company',1,'GCG','GCG','0000-00-00 00:00:00','2025-02-20 11:36:40',1,1,'Number','location-2',60,102,740,'42,44,136',0,NULL),(741,7,NULL,'Select location3','Select the location of the office from the list where full time employees work',1,'GCG','GCG','0000-00-00 00:00:00','2025-02-20 11:36:40',1,1,'Location','location-3',60,102,741,'42,44,136',0,NULL),(742,8,NULL,'Enter internall FTE for Location 3:','Enter the number of employees who are working full time on the project',1,'GCG','GCG','0000-00-00 00:00:00','2025-02-20 11:36:40',1,1,'Number','location-3',60,102,742,'42,44,136',0,NULL),(743,9,NULL,'Enter external FTE for Location 3:','Enter the number of employees who are working full time on the project but are not direct employees of the company',1,'GCG','GCG','0000-00-00 00:00:00','2025-02-20 11:36:40',1,1,'Number','location-3',60,102,743,'42,44,136',0,NULL),(745,1,NULL,'Select Location 1','Select the location of the office from the list where full time employees work',1,'GCG','GCG','0000-00-00 00:00:00','0000-00-00 00:00:00',1,1,'Location','location-internal-1',46,94,745,'42,44,136',0,NULL),(746,1,NULL,'Select Location 1','Select the location of the office from the list where full time employees work',1,'GCG','GCG','0000-00-00 00:00:00','0000-00-00 00:00:00',1,1,'Location','location-external-1',47,94,746,'42,44,136',0,NULL),(747,4,NULL,'Enter Internal FTE - location 2','Enter the number of employees who are working full time on the project',1,'GCG','GCG','0000-00-00 00:00:00','0000-00-00 00:00:00',1,1,'Number','location-internal-2',46,94,747,'42,44,136',0,NULL),(748,6,NULL,'Enter Internal FTE - location 3','Enter the number of employees who are working full time on the project',1,'GCG','GCG','0000-00-00 00:00:00','0000-00-00 00:00:00',1,1,'Number','location-internal-3',46,94,748,'42,44,136',0,NULL),(749,4,NULL,'Enter External FTE - location 2','Enter the number of employees who are working full time on the project but are not direct employees of the company',1,'GCG','GCG','0000-00-00 00:00:00','0000-00-00 00:00:00',1,1,'Number','location-external-2',47,94,749,'42,44,136',0,NULL),(750,6,NULL,'Enter External FTE - location 3','Enter the number of employees who are working full time on the project but are not direct employees of the company',1,'GCG','GCG','0000-00-00 00:00:00','0000-00-00 00:00:00',1,1,'Number','location-external-3',47,94,750,'42,44,136',0,NULL),(751,3,NULL,'Select Location 2','Select the location of the office from the list where full time employees work',1,'GCG','GCG','0000-00-00 00:00:00','0000-00-00 00:00:00',1,1,'Location','location-internal-2',46,94,751,'42,44,136',0,NULL),(752,5,NULL,'Select Location 3','Select the location of the office from the list where full time employees work',1,'GCG','GCG','0000-00-00 00:00:00','0000-00-00 00:00:00',1,1,'Location','location-internal-3',46,94,752,'42,44,136',0,NULL),(753,3,NULL,'Select Location 2','Select the location of the office from the list where full time employees work',1,'GCG','GCG','0000-00-00 00:00:00','0000-00-00 00:00:00',1,1,'Location','location-external-2',47,94,753,'42,44,136',0,NULL),(754,5,NULL,'Select Location 3','Select the location of the office from the list where full time employees work',1,'GCG','GCG','0000-00-00 00:00:00','0000-00-00 00:00:00',1,1,'Location','location-external-3',47,94,754,'42,44,136',0,NULL),(755,2,NULL,'How many Satellite Office Locations are there ?','How many Satellite Office Locations are there ?',1,'GCG','GCG','0000-00-00 00:00:00','0000-00-00 00:00:00',2,1,'Number',NULL,133,23,755,NULL,0,NULL),(756,1,NULL,'Specify service provider or team name','Specify service provider or team name',1,'GCG','GCG','0000-00-00 00:00:00','0000-00-00 00:00:00',2,1,'Text',NULL,133,23,756,NULL,0,NULL),(757,1,NULL,'Specify the number of standard physical desktop PCs at head office',NULL,1,NULL,NULL,'0000-00-00 00:00:00','0000-00-00 00:00:00',2,1,'Number',NULL,134,106,757,NULL,0,NULL),(758,2,'Seq_Proc_Manuf','Specify the main manufacturer for desktop PCs at head office',NULL,1,NULL,NULL,'0000-00-00 00:00:00','0000-00-00 00:00:00',2,1,'Number',NULL,134,106,758,NULL,0,NULL),(759,3,NULL,'Estimate the average number of physical CPU per PC',NULL,1,NULL,NULL,'0000-00-00 00:00:00','0000-00-00 00:00:00',2,1,'Number',NULL,134,106,759,NULL,0,NULL),(760,4,NULL,'Estimate the average number of years before hardware is replaced',NULL,1,NULL,NULL,'0000-00-00 00:00:00','0000-00-00 00:00:00',2,1,'Number',NULL,134,106,760,NULL,0,NULL),(768,1,NULL,'Specify the number of standard physical desktop PCs at this location',NULL,1,NULL,NULL,'0000-00-00 00:00:00','0000-00-00 00:00:00',2,1,'Number',NULL,1045,108,768,NULL,0,NULL),(769,2,'Seq_Proc_Manuf','Specify the main manufacturer ',NULL,1,NULL,NULL,'0000-00-00 00:00:00','0000-00-00 00:00:00',2,1,'Number',NULL,1045,108,769,NULL,0,NULL),(770,3,NULL,'Estimate the average number of physical CPU per PC',NULL,1,NULL,NULL,'0000-00-00 00:00:00','0000-00-00 00:00:00',2,1,'Number',NULL,1045,108,770,NULL,0,NULL),(771,4,NULL,'Estimate the average number of years before hardware is replaced',NULL,1,NULL,NULL,'0000-00-00 00:00:00','0000-00-00 00:00:00',2,1,'Number',NULL,1045,108,771,NULL,0,NULL),(775,1,NULL,'Specify the number of standard physical desktop PCs at satellite Location 2',NULL,1,NULL,NULL,'0000-00-00 00:00:00','0000-00-00 00:00:00',2,1,'Number',NULL,1030,109,775,NULL,0,NULL),(776,2,'Seq_Proc_Manuf','Specify the main manufacturer ',NULL,1,NULL,NULL,'0000-00-00 00:00:00','0000-00-00 00:00:00',2,1,'Number',NULL,1030,109,776,NULL,0,NULL),(777,3,NULL,'Estimate the average number of physical CPU per PC',NULL,1,NULL,NULL,'0000-00-00 00:00:00','0000-00-00 00:00:00',2,1,'Number',NULL,1030,109,777,NULL,0,NULL),(778,4,NULL,'Estimate the average number of years before hardware is replaced',NULL,1,NULL,NULL,'0000-00-00 00:00:00','0000-00-00 00:00:00',2,1,'Number',NULL,1030,109,778,NULL,0,NULL),(782,1,NULL,'Specify the number of standard physical desktop PCs at satellite Location 3',NULL,1,NULL,NULL,'0000-00-00 00:00:00','0000-00-00 00:00:00',2,1,'Number',NULL,1060,110,782,NULL,0,NULL),(783,2,'Seq_Proc_Manuf','Specify the main manufacturer',NULL,1,NULL,NULL,'0000-00-00 00:00:00','0000-00-00 00:00:00',2,1,'Number',NULL,1060,110,783,NULL,0,NULL),(784,3,NULL,'Estimate the average number of physical CPU per PC',NULL,1,NULL,NULL,'0000-00-00 00:00:00','0000-00-00 00:00:00',2,1,'Number',NULL,1060,110,784,NULL,0,NULL),(785,4,NULL,'Estimate the average number of years before hardware is replaced',NULL,1,NULL,NULL,'0000-00-00 00:00:00','0000-00-00 00:00:00',2,1,'Number',NULL,1060,110,785,NULL,0,NULL),(789,1,NULL,'Specify the number of standard thin clients at satellite Location 2',NULL,1,NULL,NULL,'0000-00-00 00:00:00','0000-00-00 00:00:00',2,1,'Number',NULL,135,106,789,'NULL',0,NULL),(790,2,'Seq_Proc_Manuf','Specify the main manufacturer',NULL,1,NULL,NULL,'0000-00-00 00:00:00','0000-00-00 00:00:00',2,1,'Number',NULL,135,106,790,NULL,0,NULL),(791,3,NULL,'Estimate the average number of physical CPU per thin client',NULL,1,NULL,NULL,'0000-00-00 00:00:00','0000-00-00 00:00:00',2,1,'Number',NULL,135,106,791,NULL,0,NULL),(792,4,NULL,'Estimate the average number of years before hardware is replaced',NULL,1,NULL,NULL,'0000-00-00 00:00:00','0000-00-00 00:00:00',2,1,'Number',NULL,135,106,792,NULL,0,NULL),(800,1,NULL,'Specify the number of standard thin clients at this location',NULL,1,NULL,NULL,'0000-00-00 00:00:00','0000-00-00 00:00:00',2,1,'Number',NULL,1046,108,800,NULL,0,NULL),(801,2,'Seq_Proc_Manuf','Specify the main manufacturer ',NULL,1,NULL,NULL,'0000-00-00 00:00:00','0000-00-00 00:00:00',2,1,'Number',NULL,1046,108,801,NULL,0,NULL),(802,3,NULL,'Estimate the average number of physical CPU per thin client',NULL,1,NULL,NULL,'0000-00-00 00:00:00','0000-00-00 00:00:00',2,1,'Number',NULL,1046,108,802,NULL,0,NULL),(803,4,NULL,'Estimate the average number of years before hardware is replaced',NULL,1,NULL,NULL,'0000-00-00 00:00:00','0000-00-00 00:00:00',2,1,'Number',NULL,1046,108,803,NULL,0,NULL),(807,1,NULL,'Specify the number of standard thin clients at this location',NULL,1,NULL,NULL,'0000-00-00 00:00:00','0000-00-00 00:00:00',2,1,'Number',NULL,1031,109,807,NULL,0,NULL),(808,2,'Seq_Proc_Manuf','Specify the main manufacturer ',NULL,1,NULL,NULL,'0000-00-00 00:00:00','0000-00-00 00:00:00',2,1,'Number',NULL,1031,109,808,NULL,0,NULL),(809,3,NULL,'Estimate the average number of physical CPU per thin client',NULL,1,NULL,NULL,'0000-00-00 00:00:00','0000-00-00 00:00:00',2,1,'Number',NULL,1031,109,809,NULL,0,NULL),(810,4,NULL,'Estimate the average number of years before hardware is replaced',NULL,1,NULL,NULL,'0000-00-00 00:00:00','0000-00-00 00:00:00',2,1,'Number',NULL,1031,109,810,NULL,0,NULL),(821,1,NULL,'Specify the number of non-standard physical desktop PCs at head office',NULL,1,NULL,NULL,'0000-00-00 00:00:00','0000-00-00 00:00:00',2,1,'Number',NULL,136,106,821,NULL,0,NULL),(822,2,'Seq_Proc_Manuf','Specify the main manufacturer ',NULL,1,NULL,NULL,'0000-00-00 00:00:00','0000-00-00 00:00:00',2,1,'Number',NULL,136,106,822,NULL,0,NULL),(823,3,NULL,'Estimate the average number of physical CPU per non-standard PC',NULL,1,NULL,NULL,'0000-00-00 00:00:00','0000-00-00 00:00:00',2,1,'Number',NULL,136,106,823,NULL,0,NULL),(824,4,NULL,'Estimate the average number of years before hardware is replaced',NULL,1,NULL,NULL,'0000-00-00 00:00:00','0000-00-00 00:00:00',2,1,'Number',NULL,136,106,824,NULL,0,NULL),(832,1,NULL,'Specify the number of non-standard physical desktop PCs at this location',NULL,1,NULL,NULL,'0000-00-00 00:00:00','0000-00-00 00:00:00',2,1,'Number',NULL,1047,108,832,NULL,0,NULL),(833,2,'Seq_Proc_Manuf','Specify the main manufacturer ',NULL,1,NULL,NULL,'0000-00-00 00:00:00','0000-00-00 00:00:00',2,1,'Number',NULL,1047,108,833,NULL,0,NULL),(834,3,NULL,'Estimate the average number of physical CPU per non-standard PC',NULL,1,NULL,NULL,'0000-00-00 00:00:00','0000-00-00 00:00:00',2,1,'Number',NULL,1047,108,834,NULL,0,NULL),(835,4,NULL,'Estimate the average number of years before hardware is replaced',NULL,1,NULL,NULL,'0000-00-00 00:00:00','0000-00-00 00:00:00',2,1,'Number',NULL,1047,108,835,NULL,0,NULL),(839,1,NULL,'Specify the number of non-standard physical desktop PCs at satellite Location 2',NULL,1,NULL,NULL,'0000-00-00 00:00:00','0000-00-00 00:00:00',2,1,'Number',NULL,1032,109,839,NULL,0,NULL),(840,2,'Seq_Proc_Manuf','Specify the main manufacturer',NULL,1,NULL,NULL,'0000-00-00 00:00:00','0000-00-00 00:00:00',2,1,'Number',NULL,1032,109,840,NULL,0,NULL),(841,3,NULL,'Estimate the average number of physical CPU per non-standard PC',NULL,1,NULL,NULL,'0000-00-00 00:00:00','0000-00-00 00:00:00',2,1,'Number',NULL,1032,109,841,NULL,0,NULL),(842,4,NULL,'Estimate the average number of years before hardware is replaced',NULL,1,NULL,NULL,'0000-00-00 00:00:00','0000-00-00 00:00:00',2,1,'Number',NULL,1032,109,842,NULL,0,NULL),(854,1,NULL,'Specify number of screens connected to physical desktop PCs',NULL,1,NULL,NULL,'0000-00-00 00:00:00','0000-00-00 00:00:00',2,1,'Number',NULL,137,106,854,NULL,0,NULL),(855,2,'Seq_Proc_Manuf','Specify the main manufacturer',NULL,1,NULL,NULL,'0000-00-00 00:00:00','0000-00-00 00:00:00',2,1,'Number',NULL,137,106,855,NULL,0,NULL),(856,3,NULL,'Specify average screen size in inches',NULL,1,NULL,NULL,'0000-00-00 00:00:00','0000-00-00 00:00:00',2,1,'Number',NULL,137,106,856,NULL,0,NULL),(857,4,NULL,'Estimate the average number of years before hardware is replaced',NULL,1,NULL,NULL,'0000-00-00 00:00:00','0000-00-00 00:00:00',2,1,'Number',NULL,137,106,857,NULL,0,NULL),(858,5,NULL,'Specify number of screens connected to thin cients',NULL,1,NULL,NULL,'0000-00-00 00:00:00','0000-00-00 00:00:00',2,1,'Number',NULL,137,106,858,NULL,0,NULL),(859,6,NULL,'Specify number of screens connected to non-standard desktop PCs',NULL,1,NULL,NULL,'0000-00-00 00:00:00','0000-00-00 00:00:00',2,1,'Number',NULL,137,106,859,NULL,0,NULL),(867,1,NULL,'Specify number of screens connected to physical desktop PCs',NULL,1,NULL,NULL,'0000-00-00 00:00:00','0000-00-00 00:00:00',2,1,'Number',NULL,1048,108,867,NULL,0,NULL),(868,2,'Seq_Proc_Manuf','Specify the main manufacturer ',NULL,1,NULL,NULL,'0000-00-00 00:00:00','0000-00-00 00:00:00',2,1,'Number',NULL,1048,108,868,NULL,0,NULL),(869,3,NULL,'Specify average screen size in inches',NULL,1,NULL,NULL,'0000-00-00 00:00:00','0000-00-00 00:00:00',2,1,'Number',NULL,1048,108,869,NULL,0,NULL),(870,4,NULL,'Estimate the average number of years before hardware is replaced',NULL,1,NULL,NULL,'0000-00-00 00:00:00','0000-00-00 00:00:00',2,1,'Number',NULL,1048,108,870,NULL,0,NULL),(871,5,NULL,'Specify number of screens connected to thin cients',NULL,1,NULL,NULL,'0000-00-00 00:00:00','0000-00-00 00:00:00',2,1,'Number',NULL,1048,108,871,NULL,0,NULL),(872,6,NULL,'Specify number of screens connected to non-standard desktop PCs',NULL,1,NULL,NULL,'0000-00-00 00:00:00','0000-00-00 00:00:00',2,1,'Number',NULL,1048,108,872,NULL,0,NULL),(874,1,NULL,'Specify number of screens connected to physical desktop PCs',NULL,1,NULL,NULL,'0000-00-00 00:00:00','0000-00-00 00:00:00',2,1,'Number',NULL,1033,109,874,NULL,0,NULL),(875,2,'Seq_Proc_Manuf','Specify the main manufacturer',NULL,1,NULL,NULL,'0000-00-00 00:00:00','0000-00-00 00:00:00',2,1,'Number',NULL,1033,109,875,NULL,0,NULL),(876,3,NULL,'Specify average screen size in inches',NULL,1,NULL,NULL,'0000-00-00 00:00:00','0000-00-00 00:00:00',2,1,'Number',NULL,1033,109,876,NULL,0,NULL),(877,4,NULL,'Estimate the average number of years before hardware is replaced',NULL,1,NULL,NULL,'0000-00-00 00:00:00','0000-00-00 00:00:00',2,1,'Number',NULL,1033,109,877,NULL,0,NULL),(878,5,NULL,'Specify number of screens connected to thin cients',NULL,1,NULL,NULL,'0000-00-00 00:00:00','0000-00-00 00:00:00',2,1,'Number',NULL,1033,109,878,NULL,0,NULL),(879,6,NULL,'Specify number of screens connected to non-standard desktop PCs',NULL,1,NULL,NULL,'0000-00-00 00:00:00','0000-00-00 00:00:00',2,1,'Number',NULL,1033,109,879,NULL,0,NULL),(888,1,NULL,'Specify the number of laptops issued at head office',NULL,1,NULL,NULL,'0000-00-00 00:00:00','0000-00-00 00:00:00',2,1,'Number',NULL,138,106,888,NULL,0,NULL),(889,2,'Seq_Proc_Manuf','Specify the main manufacturer ',NULL,1,NULL,NULL,'0000-00-00 00:00:00','0000-00-00 00:00:00',2,1,'Number',NULL,138,106,889,NULL,0,NULL),(890,3,NULL,'Estimate the average number of physical CPU per laptop',NULL,1,NULL,NULL,'0000-00-00 00:00:00','0000-00-00 00:00:00',2,1,'Number',NULL,138,106,890,NULL,0,NULL),(891,4,NULL,'Estimate the average number of years before hardware is replaced',NULL,1,NULL,NULL,'0000-00-00 00:00:00','0000-00-00 00:00:00',2,1,'Number',NULL,138,106,891,NULL,0,NULL),(899,1,NULL,'Specify the number of laptops issued at this location',NULL,1,NULL,NULL,'0000-00-00 00:00:00','0000-00-00 00:00:00',2,1,'Number',NULL,1049,108,899,NULL,0,NULL),(900,2,'Seq_Proc_Manuf','Specify the main manufacturer',NULL,1,NULL,NULL,'0000-00-00 00:00:00','0000-00-00 00:00:00',2,1,'Number',NULL,1049,108,900,NULL,0,NULL),(901,3,NULL,'Estimate the average number of physical CPU per laptop',NULL,1,NULL,NULL,'0000-00-00 00:00:00','0000-00-00 00:00:00',2,1,'Number',NULL,1049,108,901,NULL,0,NULL),(902,4,NULL,'Estimate the average number of years before hardware is replaced',NULL,1,NULL,NULL,'0000-00-00 00:00:00','0000-00-00 00:00:00',2,1,'Number',NULL,1049,108,902,NULL,0,NULL),(906,1,NULL,'Specify the number of laptops issued at satellite Location 2',NULL,1,NULL,NULL,'0000-00-00 00:00:00','0000-00-00 00:00:00',2,1,'Number',NULL,1034,109,906,NULL,0,NULL),(907,2,'Seq_Proc_Manuf','Specify the main manufacturer  ',NULL,1,NULL,NULL,'0000-00-00 00:00:00','0000-00-00 00:00:00',2,1,'Number',NULL,1034,109,907,NULL,0,NULL),(908,3,NULL,'Estimate the average number of physical CPU per laptop',NULL,1,NULL,NULL,'0000-00-00 00:00:00','0000-00-00 00:00:00',2,1,'Number',NULL,1034,109,908,NULL,0,NULL),(909,4,NULL,'Estimate the average number of years before hardware is replaced',NULL,1,NULL,NULL,'0000-00-00 00:00:00','0000-00-00 00:00:00',2,1,'Number',NULL,1034,109,909,NULL,0,NULL),(913,1,NULL,'Specify the number of laptops issued at satellite Location 3',NULL,1,NULL,NULL,'0000-00-00 00:00:00','0000-00-00 00:00:00',2,1,'Number',NULL,1064,110,913,NULL,0,NULL),(914,2,'Seq_Proc_Manuf','Specify the main manufacturer ',NULL,1,NULL,NULL,'0000-00-00 00:00:00','0000-00-00 00:00:00',2,1,'Number',NULL,1064,110,914,NULL,0,NULL),(915,3,NULL,'Estimate the average number of physical CPU per laptop',NULL,1,NULL,NULL,'0000-00-00 00:00:00','0000-00-00 00:00:00',2,1,'Number',NULL,1064,110,915,NULL,0,NULL),(916,4,NULL,'Estimate the average number of years before hardware is replaced',NULL,1,NULL,NULL,'0000-00-00 00:00:00','0000-00-00 00:00:00',2,1,'Number',NULL,1064,110,916,NULL,0,NULL),(920,1,NULL,'Specify number of VOIP telephones installed at head office',NULL,1,NULL,NULL,'0000-00-00 00:00:00','0000-00-00 00:00:00',2,1,'Number',NULL,139,106,920,NULL,0,NULL),(921,2,'Processor_manufacturer','Specify the main manufacturer',NULL,1,NULL,NULL,'0000-00-00 00:00:00','0000-00-00 00:00:00',2,1,'Number',NULL,139,106,921,NULL,0,NULL),(922,3,NULL,'Estimate the average number of years before hardware is replaced',NULL,1,NULL,NULL,'0000-00-00 00:00:00','0000-00-00 00:00:00',2,1,'Number',NULL,139,106,922,NULL,0,NULL),(926,1,NULL,'Specify number of VOIP telephones installed for this location',NULL,1,NULL,NULL,'0000-00-00 00:00:00','0000-00-00 00:00:00',2,1,'Number',NULL,1050,108,926,NULL,0,NULL),(927,2,'Processor_manufacturer','Specify the main manufacturer',NULL,1,NULL,NULL,'0000-00-00 00:00:00','0000-00-00 00:00:00',2,1,'Number',NULL,1050,108,927,NULL,0,NULL),(928,3,NULL,'Estimate the average number of years before hardware is replaced',NULL,1,NULL,NULL,'0000-00-00 00:00:00','0000-00-00 00:00:00',2,1,'Number',NULL,1050,108,928,NULL,0,NULL),(929,1,NULL,'Specify number of VOIP telephones installed for satellite Location 2',NULL,1,NULL,NULL,'0000-00-00 00:00:00','0000-00-00 00:00:00',2,1,'Number',NULL,1035,109,929,NULL,0,NULL),(930,2,'Processor_manufacturer','Specify the main manufacturer',NULL,1,NULL,NULL,'0000-00-00 00:00:00','0000-00-00 00:00:00',2,1,'Number',NULL,1035,109,930,NULL,0,NULL),(931,3,NULL,'Estimate the average number of years before hardware is replaced',NULL,1,NULL,NULL,'0000-00-00 00:00:00','0000-00-00 00:00:00',2,1,'Number',NULL,1035,109,931,NULL,0,NULL),(932,1,NULL,'Specify number of VOIP telephones installed for satellite Location 3',NULL,1,NULL,NULL,'0000-00-00 00:00:00','0000-00-00 00:00:00',2,1,'Number',NULL,1065,110,932,NULL,0,NULL),(933,2,'Processor_manufacturer','Specify the main manufacturer',NULL,1,NULL,NULL,'0000-00-00 00:00:00','0000-00-00 00:00:00',2,1,'Number',NULL,1065,110,933,NULL,0,NULL),(934,3,NULL,'Estimate the average number of years before hardware is replaced',NULL,1,NULL,NULL,'0000-00-00 00:00:00','0000-00-00 00:00:00',2,1,'Number',NULL,1065,110,934,NULL,0,NULL),(935,1,NULL,'Specify the number of Smartphones issued at head office',NULL,1,NULL,NULL,'0000-00-00 00:00:00','0000-00-00 00:00:00',2,1,'Number',NULL,140,106,935,NULL,0,NULL),(936,2,'Mobile_manufacturer','Specify the main manufacturer',NULL,1,NULL,NULL,'0000-00-00 00:00:00','0000-00-00 00:00:00',2,1,'Number',NULL,140,106,936,NULL,0,NULL),(937,3,NULL,'Estimate the average number of years before hardware is replaced',NULL,1,NULL,NULL,'0000-00-00 00:00:00','0000-00-00 00:00:00',2,1,'Number',NULL,140,106,937,NULL,0,NULL),(941,1,NULL,'Specify the number of Smartphones issued at this location',NULL,1,NULL,NULL,'0000-00-00 00:00:00','0000-00-00 00:00:00',2,1,'Number',NULL,1051,108,941,NULL,0,NULL),(942,2,'Mobile_manufacturer','Specify the main manufacturer ',NULL,1,NULL,NULL,'0000-00-00 00:00:00','0000-00-00 00:00:00',2,1,'Number',NULL,1051,108,942,NULL,0,NULL),(943,3,NULL,'Estimate the average number of years before hardware is replaced',NULL,1,NULL,NULL,'0000-00-00 00:00:00','0000-00-00 00:00:00',2,1,'Number',NULL,1051,108,943,NULL,0,NULL),(944,1,NULL,'Specify the number of Smartphones issued at satellite Location 2',NULL,1,NULL,NULL,'0000-00-00 00:00:00','0000-00-00 00:00:00',2,1,'Number',NULL,1036,109,944,NULL,0,NULL),(945,2,'Mobile_manufacturer','Specify the main manufacturer',NULL,1,NULL,NULL,'0000-00-00 00:00:00','0000-00-00 00:00:00',2,1,'Number',NULL,1036,109,945,NULL,0,NULL),(946,3,NULL,'Estimate the average number of years before hardware is replaced',NULL,1,NULL,NULL,'0000-00-00 00:00:00','0000-00-00 00:00:00',2,1,'Number',NULL,1036,109,946,NULL,0,NULL),(947,1,NULL,'Specify the number of Smartphones issued at satellite Location 3',NULL,1,NULL,NULL,'0000-00-00 00:00:00','0000-00-00 00:00:00',2,1,'Number',NULL,1066,110,947,NULL,0,NULL),(948,2,'Mobile_manufacturer','Specify the main manufacturer ',NULL,1,NULL,NULL,'0000-00-00 00:00:00','0000-00-00 00:00:00',2,1,'Number',NULL,1066,110,948,NULL,0,NULL),(949,3,NULL,'Estimate the average number of years before hardware is replaced',NULL,1,NULL,NULL,'0000-00-00 00:00:00','0000-00-00 00:00:00',2,1,'Number',NULL,1066,110,949,NULL,0,NULL),(950,1,NULL,'Specify the number of Tablets issued at head office',NULL,1,NULL,NULL,'0000-00-00 00:00:00','0000-00-00 00:00:00',2,1,'Number',NULL,141,106,950,NULL,0,NULL),(951,2,'Tablet_manufacturer','Specify the main manufacturer',NULL,1,NULL,NULL,'0000-00-00 00:00:00','0000-00-00 00:00:00',2,1,'Number',NULL,141,106,951,NULL,0,NULL),(952,3,NULL,'Estimate the average number of years before hardware is replaced',NULL,1,NULL,NULL,'0000-00-00 00:00:00','0000-00-00 00:00:00',2,1,'Number',NULL,141,106,952,NULL,0,NULL),(956,1,NULL,'Specify the number of Tablets issued at this location',NULL,1,NULL,NULL,'0000-00-00 00:00:00','0000-00-00 00:00:00',2,1,'Number',NULL,1052,108,956,NULL,0,NULL),(957,2,'Tablet_manufacturer','Specify the main manufacturer',NULL,1,NULL,NULL,'0000-00-00 00:00:00','0000-00-00 00:00:00',2,1,'Number',NULL,1052,108,957,NULL,0,NULL),(958,3,NULL,'Estimate the average number of years before hardware is replaced',NULL,1,NULL,NULL,'0000-00-00 00:00:00','0000-00-00 00:00:00',2,1,'Number',NULL,1052,108,958,NULL,0,NULL),(959,1,NULL,'Specify the number of Tablets issued at satellite Location 2',NULL,1,NULL,NULL,'0000-00-00 00:00:00','0000-00-00 00:00:00',2,1,'Number',NULL,1037,109,959,NULL,0,NULL),(960,2,'Tablet_manufacturer','Specify the main manufacturer',NULL,1,NULL,NULL,'0000-00-00 00:00:00','0000-00-00 00:00:00',2,1,'Number',NULL,1037,109,960,NULL,0,NULL),(961,3,NULL,'Estimate the average number of years before hardware is replaced',NULL,1,NULL,NULL,'0000-00-00 00:00:00','0000-00-00 00:00:00',2,1,'Number',NULL,1037,109,961,NULL,0,NULL),(962,1,NULL,'Specify the number of Tablets issued at Satellite location 3',NULL,1,NULL,NULL,'0000-00-00 00:00:00','0000-00-00 00:00:00',2,1,'Number',NULL,1067,110,962,NULL,0,NULL),(963,2,'Tablet_manufacturer','Specify the main manufacturer',NULL,1,NULL,NULL,'0000-00-00 00:00:00','0000-00-00 00:00:00',2,1,'Number',NULL,1067,110,963,NULL,0,NULL),(964,3,NULL,'Estimate the average number of years before hardware is replaced',NULL,1,NULL,NULL,'0000-00-00 00:00:00','0000-00-00 00:00:00',2,1,'Number',NULL,1067,110,964,NULL,0,NULL),(965,1,NULL,'Specify the number of Laserjet printers issued at head office',NULL,1,NULL,NULL,'0000-00-00 00:00:00','0000-00-00 00:00:00',2,1,'Number',NULL,142,106,965,NULL,0,NULL),(966,2,'Printer_manufacturer','Specify the main manufacturer',NULL,1,NULL,NULL,'0000-00-00 00:00:00','0000-00-00 00:00:00',2,1,'Number',NULL,142,106,966,NULL,0,NULL),(967,3,NULL,'Estimate the average number of years before hardware is replaced',NULL,1,NULL,NULL,'0000-00-00 00:00:00','0000-00-00 00:00:00',2,1,'Number',NULL,142,106,967,NULL,0,NULL),(971,1,NULL,'Specify the number of Laserjet printers issued at this location',NULL,1,NULL,NULL,'0000-00-00 00:00:00','0000-00-00 00:00:00',2,1,'Number',NULL,1053,108,971,NULL,0,NULL),(972,2,'Printer_manufacturer','Specify the main manufacturer ',NULL,1,NULL,NULL,'0000-00-00 00:00:00','0000-00-00 00:00:00',2,1,'Number',NULL,1053,108,972,NULL,0,NULL),(973,3,NULL,'Estimate the average number of years before hardware is replaced',NULL,1,NULL,NULL,'0000-00-00 00:00:00','0000-00-00 00:00:00',2,1,'Number',NULL,1053,108,973,NULL,0,NULL),(974,1,NULL,'Specify the number of Laserjet printers issued at satellite Location 2',NULL,1,NULL,NULL,'0000-00-00 00:00:00','0000-00-00 00:00:00',2,1,'Number',NULL,1038,109,974,NULL,0,NULL),(975,2,'Printer_manufacturer','Specify the main manufacturer',NULL,1,NULL,NULL,'0000-00-00 00:00:00','0000-00-00 00:00:00',2,1,'Number',NULL,1038,109,975,NULL,0,NULL),(976,3,NULL,'Estimate the average number of years before hardware is replaced',NULL,1,NULL,NULL,'0000-00-00 00:00:00','0000-00-00 00:00:00',2,1,'Number',NULL,1038,109,976,NULL,0,NULL),(977,1,NULL,'Specify the number of Laserjet printers issued at Satellite location 3',NULL,1,NULL,NULL,'0000-00-00 00:00:00','0000-00-00 00:00:00',2,1,'Number',NULL,1068,110,977,NULL,0,NULL),(978,2,'Printer_manufacturer','Specify the main manufacturer',NULL,1,NULL,NULL,'0000-00-00 00:00:00','0000-00-00 00:00:00',2,1,'Number',NULL,1068,110,978,NULL,0,NULL),(979,3,NULL,'Estimate the average number of years before hardware is replaced',NULL,1,NULL,NULL,'0000-00-00 00:00:00','0000-00-00 00:00:00',2,1,'Number',NULL,1068,110,979,NULL,0,NULL),(980,1,NULL,'Specify the number of RDS servers installed',NULL,1,NULL,NULL,'0000-00-00 00:00:00','0000-00-00 00:00:00',2,1,'Number',NULL,1010,107,980,NULL,0,NULL),(981,2,'Seq_Proc_Manuf','Specify the main manufacturer',NULL,1,NULL,NULL,'0000-00-00 00:00:00','0000-00-00 00:00:00',2,1,'Number',NULL,1010,107,981,NULL,0,NULL),(982,3,NULL,'Estimate the average number of physical CPU per server',NULL,1,NULL,NULL,'0000-00-00 00:00:00','0000-00-00 00:00:00',2,1,'Number',NULL,1010,107,982,NULL,0,NULL),(983,4,NULL,'Estimate the average number of years before hardware is replaced',NULL,1,NULL,NULL,'0000-00-00 00:00:00','0000-00-00 00:00:00',2,1,'Number',NULL,1010,107,983,NULL,0,NULL),(984,1,NULL,'Specify the number of email and file servers installed ',NULL,1,NULL,NULL,'0000-00-00 00:00:00','0000-00-00 00:00:00',2,1,'Number',NULL,1009,107,984,NULL,0,NULL),(985,2,'Seq_Proc_Manuf','Specify the main manufacturer',NULL,1,NULL,NULL,'0000-00-00 00:00:00','0000-00-00 00:00:00',2,1,'Number',NULL,1009,107,985,NULL,0,NULL),(986,3,NULL,'Estimate the average number of physical CPU per server',NULL,1,NULL,NULL,'0000-00-00 00:00:00','0000-00-00 00:00:00',2,1,'Number',NULL,1009,107,986,NULL,0,NULL),(987,4,NULL,'Estimate the average number of years before hardware is replaced',NULL,1,NULL,NULL,'0000-00-00 00:00:00','0000-00-00 00:00:00',2,1,'Number',NULL,1009,107,987,NULL,0,NULL),(988,1,NULL,'Specify the number of RDS application servers installed ',NULL,1,NULL,NULL,'0000-00-00 00:00:00','0000-00-00 00:00:00',2,1,'Number',NULL,1011,107,988,NULL,0,NULL),(989,2,'Seq_Proc_Manuf','Specify the main manufacturer',NULL,1,NULL,NULL,'0000-00-00 00:00:00','0000-00-00 00:00:00',2,1,'Number',NULL,1011,107,989,NULL,0,NULL),(990,3,NULL,'Estimate the average number of physical CPU per server',NULL,1,NULL,NULL,'0000-00-00 00:00:00','0000-00-00 00:00:00',2,1,'Number',NULL,1011,107,990,NULL,0,NULL),(991,4,NULL,'Estimate the average number of years before hardware is replaced',NULL,1,NULL,NULL,'0000-00-00 00:00:00','0000-00-00 00:00:00',2,1,'Number',NULL,1011,107,991,NULL,0,NULL),(992,1,NULL,'Specify the number of print servers installed',NULL,1,NULL,NULL,'0000-00-00 00:00:00','0000-00-00 00:00:00',2,1,'Number',NULL,1012,107,992,NULL,0,NULL),(993,2,'Seq_Proc_Manuf','Specify the main manufacturer',NULL,1,NULL,NULL,'0000-00-00 00:00:00','0000-00-00 00:00:00',2,1,'Number',NULL,1012,107,993,NULL,0,NULL),(994,3,NULL,'Estimate the average number of physical CPU per server',NULL,1,NULL,NULL,'0000-00-00 00:00:00','0000-00-00 00:00:00',2,1,'Number',NULL,1012,107,994,NULL,0,NULL),(995,4,NULL,'Estimate the average number of years before hardware is replaced',NULL,1,NULL,NULL,'0000-00-00 00:00:00','0000-00-00 00:00:00',2,1,'Number',NULL,1012,107,995,NULL,0,NULL),(996,5,NULL,'Specify the number of RAID controller cards per server',NULL,1,NULL,NULL,'0000-00-00 00:00:00','0000-00-00 00:00:00',2,1,'Number',NULL,1012,107,996,NULL,0,NULL),(997,6,NULL,'Specify the amount of storage allocated to each user (in GB)',NULL,1,NULL,NULL,'0000-00-00 00:00:00','0000-00-00 00:00:00',2,1,'Number',NULL,1012,107,997,NULL,0,NULL),(998,7,NULL,'Estimate the % of total storage on HDD disk',NULL,1,NULL,NULL,'0000-00-00 00:00:00','0000-00-00 00:00:00',2,1,'Number',NULL,1012,107,998,NULL,0,NULL),(999,8,NULL,'Estimate the % of total storage on SSD disk',NULL,1,NULL,NULL,'0000-00-00 00:00:00','0000-00-00 00:00:00',2,1,'Number',NULL,1012,107,999,NULL,0,NULL),(1000,1,NULL,'Specify number of support FTE',NULL,1,NULL,NULL,'0000-00-00 00:00:00','0000-00-00 00:00:00',2,1,'Number',NULL,147,107,1000,NULL,0,NULL),(1001,2,NULL,'Estimate the % of time allocated per FTE',NULL,1,NULL,NULL,'0000-00-00 00:00:00','0000-00-00 00:00:00',2,1,'Number',NULL,147,107,1001,NULL,0,NULL),(1002,1,NULL,'Specify the country in which head office is located',NULL,1,NULL,NULL,'0000-00-00 00:00:00','0000-00-00 00:00:00',2,1,'Location',NULL,1075,106,1002,NULL,0,NULL),(1003,2,NULL,'Specify region / state in which the head office  is located',NULL,1,NULL,NULL,'0000-00-00 00:00:00','0000-00-00 00:00:00',2,1,'Region',NULL,1075,106,1003,NULL,0,NULL),(1004,3,NULL,'Specify the city in which Office is located',NULL,1,NULL,NULL,'0000-00-00 00:00:00','0000-00-00 00:00:00',2,1,'Text',NULL,1075,106,1004,NULL,0,NULL),(1005,4,NULL,'Estimate number of business users ',NULL,1,NULL,NULL,'0000-00-00 00:00:00','0000-00-00 00:00:00',2,1,'Number',NULL,1075,106,1005,NULL,0,NULL),(1006,5,NULL,'Estimate the % of time employees spend in the head office',NULL,1,NULL,NULL,'0000-00-00 00:00:00','0000-00-00 00:00:00',2,1,'Number',NULL,1075,106,1006,NULL,0,NULL),(1007,6,NULL,'State business working days in year',NULL,1,NULL,NULL,'0000-00-00 00:00:00','0000-00-00 00:00:00',2,1,'Number',NULL,1075,106,1007,NULL,0,NULL),(1008,7,'Working_hours','State normal working hours per day','Enter the working hours that an employee spends in office',1,NULL,NULL,'0000-00-00 00:00:00','0000-00-00 00:00:00',2,1,'Number',NULL,1075,106,1008,NULL,0,NULL),(1009,8,NULL,'State the current EPC rating for head office',NULL,1,NULL,NULL,'0000-00-00 00:00:00','0000-00-00 00:00:00',2,1,'Number',NULL,1075,106,1009,NULL,0,NULL),(1010,1,NULL,'Specify the country in which data Centre is located',NULL,1,NULL,NULL,'0000-00-00 00:00:00','0000-00-00 00:00:00',2,1,'Location',NULL,1076,107,1010,NULL,0,NULL),(1011,2,NULL,'Specify region / state in which the data Centre is located',NULL,1,NULL,NULL,'0000-00-00 00:00:00','0000-00-00 00:00:00',2,1,'Region',NULL,1076,107,1011,NULL,0,NULL),(1012,3,NULL,'Specify the city in which data Centre is located',NULL,1,NULL,NULL,'0000-00-00 00:00:00','0000-00-00 00:00:00',2,1,'Text',NULL,1076,107,1012,NULL,0,NULL),(1015,6,NULL,'State business working days in year',NULL,1,NULL,NULL,'0000-00-00 00:00:00','0000-00-00 00:00:00',2,1,'Number',NULL,1076,107,1015,NULL,0,NULL),(1016,7,'Working_hours','State normal working hours per day','Enter the working hours that an employee spends in office',1,NULL,NULL,'0000-00-00 00:00:00','0000-00-00 00:00:00',2,1,'Number',NULL,1076,107,1016,NULL,0,NULL),(1017,8,NULL,'State the current EPC rating for PUE for data centre',NULL,1,NULL,NULL,'0000-00-00 00:00:00','0000-00-00 00:00:00',2,1,'Number',NULL,1076,107,1017,NULL,0,NULL),(1025,1,NULL,'Specify the country in which Satellite location 1 is located',NULL,1,NULL,NULL,'0000-00-00 00:00:00','0000-00-00 00:00:00',2,1,'Location',NULL,1077,108,1025,NULL,0,NULL),(1026,2,NULL,'Specify region in which this location is located',NULL,1,NULL,NULL,'0000-00-00 00:00:00','0000-00-00 00:00:00',2,1,'Region',NULL,1077,108,1026,NULL,0,NULL),(1027,3,NULL,'Specify the city in which this location is located',NULL,1,NULL,NULL,'0000-00-00 00:00:00','0000-00-00 00:00:00',2,1,'Text',NULL,1077,108,1027,NULL,0,NULL),(1028,4,NULL,'Estimate number of business users in this location',NULL,1,NULL,NULL,'0000-00-00 00:00:00','0000-00-00 00:00:00',2,1,'Number',NULL,1077,108,1028,NULL,0,NULL),(1029,5,NULL,'Estimate the % of time employees spend in the office',NULL,1,NULL,NULL,'0000-00-00 00:00:00','0000-00-00 00:00:00',2,1,'Number',NULL,1077,108,1029,NULL,0,NULL),(1030,6,NULL,'State business working days in year',NULL,1,NULL,NULL,'0000-00-00 00:00:00','0000-00-00 00:00:00',2,1,'Number',NULL,1077,108,1030,NULL,0,NULL),(1031,7,'Working_hours','State normal working hours per day','Enter the working hours that an employee spends in office',1,NULL,NULL,'0000-00-00 00:00:00','0000-00-00 00:00:00',2,1,'Number',NULL,1077,108,1031,NULL,0,NULL),(1032,8,NULL,'State the current EPC rating for this location',NULL,1,NULL,NULL,'0000-00-00 00:00:00','0000-00-00 00:00:00',2,1,'Number',NULL,1077,108,1032,NULL,0,NULL),(1040,1,NULL,'Specify the country in which satellite Location 2  is located',NULL,1,NULL,NULL,'0000-00-00 00:00:00','0000-00-00 00:00:00',2,1,'Location',NULL,1078,109,1040,NULL,0,NULL),(1041,2,NULL,'Specify region / state in which satellite Location 2 is located',NULL,1,NULL,NULL,'0000-00-00 00:00:00','0000-00-00 00:00:00',2,1,'Region',NULL,1078,109,1041,NULL,0,NULL),(1042,3,NULL,'Specify the city in which satellite Location 2 is located',NULL,1,NULL,NULL,'0000-00-00 00:00:00','0000-00-00 00:00:00',2,1,'Text',NULL,1078,109,1042,NULL,0,NULL),(1043,4,NULL,'Estimate number of business users in satellite Location 2',NULL,1,NULL,NULL,'0000-00-00 00:00:00','0000-00-00 00:00:00',2,1,'Number',NULL,1078,109,1043,NULL,0,NULL),(1044,5,NULL,'Estimate the % of time employees spend in satellite Location 2',NULL,1,NULL,NULL,'0000-00-00 00:00:00','0000-00-00 00:00:00',2,1,'Number',NULL,1078,109,1044,NULL,0,NULL),(1045,6,NULL,'State business working days in year',NULL,1,NULL,NULL,'0000-00-00 00:00:00','0000-00-00 00:00:00',2,1,'Number',NULL,1078,109,1045,NULL,0,NULL),(1046,7,'Working_hours','State normal working hours per day','Enter the working hours that an employee spends in office',1,NULL,NULL,'0000-00-00 00:00:00','0000-00-00 00:00:00',2,1,'Number',NULL,1078,109,1046,NULL,0,NULL),(1047,8,NULL,'State the current EPC rating for Office locations / PUE for satellite Location 2',NULL,1,NULL,NULL,'0000-00-00 00:00:00','0000-00-00 00:00:00',2,1,'Number',NULL,1078,109,1047,NULL,0,NULL),(1055,1,NULL,'Specify the country in which satellite Location 3 is located',NULL,1,NULL,NULL,'0000-00-00 00:00:00','0000-00-00 00:00:00',2,1,'Location',NULL,1079,110,1055,NULL,0,NULL),(1056,2,NULL,'Specify region / state in which the satellite Location 3 is located',NULL,1,NULL,NULL,'0000-00-00 00:00:00','0000-00-00 00:00:00',2,1,'Region',NULL,1079,110,1056,NULL,0,NULL),(1057,3,NULL,'Specify the city in which satellite Location 3 is located',NULL,1,NULL,NULL,'0000-00-00 00:00:00','0000-00-00 00:00:00',2,1,'Text',NULL,1079,110,1057,NULL,0,NULL),(1058,4,NULL,'Estimate number of business users in satellite Location 3',NULL,1,NULL,NULL,'0000-00-00 00:00:00','0000-00-00 00:00:00',2,1,'Number',NULL,1079,110,1058,NULL,0,NULL),(1059,5,NULL,'Estimate the % of time employees spend in the office of satellite Location 3',NULL,1,NULL,NULL,'0000-00-00 00:00:00','0000-00-00 00:00:00',2,1,'Number',NULL,1079,110,1059,NULL,0,NULL),(1060,6,NULL,'State business working days in year',NULL,1,NULL,NULL,'0000-00-00 00:00:00','0000-00-00 00:00:00',2,1,'Number',NULL,1079,110,1060,NULL,0,NULL),(1061,7,'Working_hours','State normal working hours per day','Enter the working hours that an employee spends in office',1,NULL,NULL,'0000-00-00 00:00:00','0000-00-00 00:00:00',2,1,'Number',NULL,1079,110,1061,NULL,0,NULL),(1062,8,NULL,'State the current EPC rating for PUE for Satellite Location 3',NULL,1,NULL,NULL,'0000-00-00 00:00:00','0000-00-00 00:00:00',2,1,'Number',NULL,1079,110,1062,NULL,0,NULL),(1070,1,NULL,'Specify the number of standard thin clients at satellite Location 3',NULL,1,NULL,NULL,'0000-00-00 00:00:00','0000-00-00 00:00:00',2,1,'Number',NULL,1061,110,1070,NULL,0,NULL),(1071,2,'Seq_Proc_Manuf','Specify the main manufacturer',NULL,1,NULL,NULL,'0000-00-00 00:00:00','0000-00-00 00:00:00',2,1,'Number',NULL,1061,110,1071,NULL,0,NULL),(1072,3,NULL,'Estimate the average number of physical CPU per thin client',NULL,1,NULL,NULL,'0000-00-00 00:00:00','0000-00-00 00:00:00',2,1,'Number',NULL,1061,110,1072,NULL,0,NULL),(1073,4,NULL,'Estimate the average number of years before hardware is replaced',NULL,1,NULL,NULL,'0000-00-00 00:00:00','0000-00-00 00:00:00',2,1,'Number',NULL,1061,110,1073,NULL,0,NULL),(1074,1,NULL,'Specify the number of non-standard physical desktop PCs at satellite Location 3',NULL,1,NULL,NULL,'0000-00-00 00:00:00','0000-00-00 00:00:00',2,1,'Number',NULL,1062,110,1074,NULL,0,NULL),(1075,2,'Seq_Proc_Manuf','Specify the main manufacturer',NULL,1,NULL,NULL,'0000-00-00 00:00:00','0000-00-00 00:00:00',2,1,'Number',NULL,1062,110,1075,NULL,0,NULL),(1076,3,NULL,'Estimate the average number of physical CPU per non-standard PC',NULL,1,NULL,NULL,'0000-00-00 00:00:00','0000-00-00 00:00:00',2,1,'Number',NULL,1062,110,1076,NULL,0,NULL),(1077,4,NULL,'Estimate the average number of years before hardware is replaced',NULL,1,NULL,NULL,'0000-00-00 00:00:00','0000-00-00 00:00:00',2,1,'Number',NULL,1062,110,1077,NULL,0,NULL),(1078,1,NULL,'Specify number of screens connected to physical desktop PCs',NULL,1,NULL,NULL,'0000-00-00 00:00:00','0000-00-00 00:00:00',2,1,'Number',NULL,1063,110,1078,NULL,0,NULL),(1079,2,'Seq_Proc_Manuf','Specify the main manufacturer',NULL,1,NULL,NULL,'0000-00-00 00:00:00','0000-00-00 00:00:00',2,1,'Number',NULL,1063,110,1079,NULL,0,NULL),(1080,3,NULL,'Specify average screen size in inches',NULL,1,NULL,NULL,'0000-00-00 00:00:00','0000-00-00 00:00:00',2,1,'Number',NULL,1063,110,1080,NULL,0,NULL),(1081,4,NULL,'Estimate the average number of years before hardware is replaced',NULL,1,NULL,NULL,'0000-00-00 00:00:00','0000-00-00 00:00:00',2,1,'Number',NULL,1063,110,1081,NULL,0,NULL),(1082,5,NULL,'Specify number of screens connected to thin cients',NULL,1,NULL,NULL,'0000-00-00 00:00:00','0000-00-00 00:00:00',2,1,'Number',NULL,1063,110,1082,NULL,0,NULL),(1083,6,NULL,'Specify number of screens connected to non-standard desktop PCs',NULL,1,NULL,NULL,'0000-00-00 00:00:00','0000-00-00 00:00:00',2,1,'Number',NULL,1063,110,1083,NULL,0,NULL),(1117,1,NULL,'Specify organisation or team name','Specify organisation or team name',1,'GCG','GCG','0000-00-00 00:00:00','0000-00-00 00:00:00',109,1,'Text',NULL,1080,111,1117,NULL,0,NULL),(1118,2,NULL,'How many Data Centre Locations are there ?','How many Data Centre Locations are there ?',1,'GCG','GCG','0000-00-00 00:00:00','0000-00-00 00:00:00',109,1,'Number',NULL,1080,111,1118,NULL,0,NULL),(1119,1,NULL,'Specify the country in which data centre is located','Specify the country in which data centre is located',1,'GCG','GCG','0000-00-00 00:00:00','0000-00-00 00:00:00',109,1,'Location',NULL,1081,112,1119,NULL,0,NULL),(1120,2,NULL,'Specify region / state in which the data centre is located','Specify region / state in which the data centre is located',1,'GCG','GCG','0000-00-00 00:00:00','0000-00-00 00:00:00',109,1,'Region',NULL,1081,112,1120,NULL,0,NULL),(1121,3,NULL,'Specify the city in which data centre is located','Specify the city in which data centre is located',1,'GCG','GCG','0000-00-00 00:00:00','0000-00-00 00:00:00',109,1,'Text',NULL,1081,112,1121,NULL,0,NULL),(1122,4,NULL,'Specify the PUE rating for the data centre facility','Specify the PUE rating for the data centre facility',1,'GCG','GCG','0000-00-00 00:00:00','0000-00-00 00:00:00',109,1,'Number',NULL,1081,112,1122,NULL,0,NULL),(1123,1,NULL,'Estimate the total number of rack cabinets installed per site','Estimate the total number of rack cabinets installed per site',NULL,NULL,NULL,'0000-00-00 00:00:00','0000-00-00 00:00:00',109,1,'Number',NULL,1084,112,1123,NULL,0,NULL),(1124,2,'PDU_rating','Specify the average PDU rating per rack cabinet (AMPS)','Specify the average PDU rating per rack cabinet (AMPS)',NULL,NULL,NULL,'0000-00-00 00:00:00','0000-00-00 00:00:00',109,1,'Number',NULL,1084,112,1124,NULL,0,NULL),(1125,3,NULL,'Estimate the average number of years before racks are replaced at the data centre facility','Estimate the average number of years before racks are replaced at the data centre facility',NULL,NULL,NULL,'0000-00-00 00:00:00','0000-00-00 00:00:00',109,1,'Number',NULL,1084,112,1125,NULL,0,NULL),(1126,1,NULL,'Specify the number of physical CPUs in a standard Tower server','Specify the number of physical CPUs in a standard Tower server',NULL,NULL,NULL,'0000-00-00 00:00:00','0000-00-00 00:00:00',109,1,'Number',NULL,1085,112,1126,NULL,0,NULL),(1127,2,NULL,'Specify the number of standard Tower servers installed per site',NULL,NULL,NULL,NULL,'0000-00-00 00:00:00','0000-00-00 00:00:00',109,1,'Number',NULL,1085,112,1127,NULL,0,NULL),(1128,3,'Seq_Proc_Manuf','Specify the main manufacturer of standard Tower servers installed per site',NULL,NULL,NULL,NULL,'0000-00-00 00:00:00','0000-00-00 00:00:00',109,1,'Number',NULL,1085,112,1128,NULL,0,NULL),(1129,4,'Operating_System','Specify the standard operating system selected for this server type',NULL,NULL,NULL,NULL,'0000-00-00 00:00:00','0000-00-00 00:00:00',109,1,'Number',NULL,1085,112,1129,NULL,0,NULL),(1130,5,NULL,'Estimate the average number of years before this server type are replaced at the data centre facility',NULL,NULL,NULL,NULL,'0000-00-00 00:00:00','0000-00-00 00:00:00',109,1,'Number',NULL,1085,112,1130,NULL,0,NULL),(1131,1,NULL,'Specify the number of physical CPUs in a standard Rack server',NULL,NULL,NULL,NULL,'0000-00-00 00:00:00','0000-00-00 00:00:00',109,1,'Number',NULL,1086,112,1131,NULL,0,NULL),(1132,2,NULL,'Specify the number of standard Rack servers installed per site',NULL,NULL,NULL,NULL,'0000-00-00 00:00:00','0000-00-00 00:00:00',109,1,'Number',NULL,1086,112,1132,NULL,0,NULL),(1133,3,'Seq_Proc_Manuf','Specify the main manufacturer of standard Rack servers installed per site',NULL,NULL,NULL,NULL,'0000-00-00 00:00:00','0000-00-00 00:00:00',109,1,'Number',NULL,1086,112,1133,NULL,0,NULL),(1134,4,'Operating_System','Specify the standard operating system selected for this server type',NULL,NULL,NULL,NULL,'0000-00-00 00:00:00','0000-00-00 00:00:00',109,1,'Number',NULL,1086,112,1134,NULL,0,NULL),(1135,5,NULL,'Estimate the average number of years before this server type are replaced at the data centre facility',NULL,NULL,NULL,NULL,'0000-00-00 00:00:00','0000-00-00 00:00:00',109,1,'Number',NULL,1086,112,1135,NULL,0,NULL),(1136,1,NULL,'Specify the number of physical CPUs in a standard Blade server',NULL,NULL,NULL,NULL,'0000-00-00 00:00:00','0000-00-00 00:00:00',109,1,'Number',NULL,1087,112,1136,NULL,0,NULL),(1137,2,NULL,'Specify the number of standard Blade servers installed per site',NULL,NULL,NULL,NULL,'0000-00-00 00:00:00','0000-00-00 00:00:00',109,1,'Number',NULL,1087,112,1137,NULL,0,NULL),(1138,3,'Seq_Proc_Manuf','Specify the main manufacturer of standard Blade servers installed per site',NULL,NULL,NULL,NULL,'0000-00-00 00:00:00','0000-00-00 00:00:00',109,1,'Number',NULL,1087,112,1138,NULL,0,NULL),(1139,4,'Operating_System','Specify the standard operating system selected for this server type',NULL,NULL,NULL,NULL,'0000-00-00 00:00:00','0000-00-00 00:00:00',109,1,'Number',NULL,1087,112,1139,NULL,0,NULL),(1140,5,NULL,'Estimate the average number of years before this server type are replaced at the data centre facility',NULL,NULL,NULL,NULL,'0000-00-00 00:00:00','0000-00-00 00:00:00',109,1,'Number',NULL,1087,112,1140,NULL,0,NULL),(1141,1,NULL,'Specify the number of cores in a standard Mid Range server',NULL,NULL,NULL,NULL,'0000-00-00 00:00:00','0000-00-00 00:00:00',109,1,'Number',NULL,1088,112,1141,NULL,0,NULL),(1142,2,NULL,'Specify the number of standard Mid Range servers installed per site',NULL,NULL,NULL,NULL,'0000-00-00 00:00:00','0000-00-00 00:00:00',109,1,'Number',NULL,1088,112,1142,NULL,0,NULL),(1143,3,'Seq_Proc_Manuf','Specify the main manufacturer of standard Mid Range servers installed per site',NULL,NULL,NULL,NULL,'0000-00-00 00:00:00','0000-00-00 00:00:00',109,1,'Number',NULL,1088,112,1143,NULL,0,NULL),(1144,4,'Operating_System','Specify the standard operating system selected for this server type',NULL,NULL,NULL,NULL,'0000-00-00 00:00:00','0000-00-00 00:00:00',109,1,'Number',NULL,1088,112,1144,NULL,0,NULL),(1145,5,NULL,'Estimate the average number of years before this server type are replaced at the data centre facility',NULL,NULL,NULL,NULL,'0000-00-00 00:00:00','0000-00-00 00:00:00',109,1,'Number',NULL,1088,112,1145,NULL,0,NULL),(1146,1,NULL,'Specify the number of cores in a standard Mainframe server',NULL,NULL,NULL,NULL,'0000-00-00 00:00:00','0000-00-00 00:00:00',109,1,'Number',NULL,1089,112,1146,NULL,0,NULL),(1147,2,NULL,'Specify the number of standard Mainframe servers installed per site',NULL,NULL,NULL,NULL,'0000-00-00 00:00:00','0000-00-00 00:00:00',109,1,'Number',NULL,1089,112,1147,NULL,0,NULL),(1148,3,'Seq_Proc_Manuf','Specify the main manufacturer of standard Mainframe servers installed per site',NULL,NULL,NULL,NULL,'0000-00-00 00:00:00','0000-00-00 00:00:00',109,1,'Number',NULL,1089,112,1148,NULL,0,NULL),(1149,4,'Operating_System','Specify the standard operating system selected for this server type',NULL,NULL,NULL,NULL,'0000-00-00 00:00:00','0000-00-00 00:00:00',109,1,'Number',NULL,1089,112,1149,NULL,0,NULL),(1150,5,NULL,'Estimate the average number of years before this server type are replaced at the data centre facility',NULL,NULL,NULL,NULL,'0000-00-00 00:00:00','0000-00-00 00:00:00',109,1,'Number',NULL,1089,112,1150,NULL,0,NULL),(1151,1,NULL,'Specify the number of physical CPUs in a standard GPU server',NULL,NULL,NULL,NULL,'0000-00-00 00:00:00','0000-00-00 00:00:00',109,1,'Number',NULL,1090,112,1151,NULL,0,NULL),(1152,2,NULL,'Specify the number of standard GPU servers installed per site',NULL,NULL,NULL,NULL,'0000-00-00 00:00:00','0000-00-00 00:00:00',109,1,'Number',NULL,1090,112,1152,NULL,0,NULL),(1153,3,'Seq_Proc_Manuf','Specify the main manufacturer of standard GPU servers installed per site',NULL,NULL,NULL,NULL,'0000-00-00 00:00:00','0000-00-00 00:00:00',109,1,'Number',NULL,1090,112,1153,NULL,0,NULL),(1154,4,NULL,'Specify the number of GPUs per standard GPU server',NULL,NULL,NULL,NULL,'0000-00-00 00:00:00','0000-00-00 00:00:00',109,1,'Number',NULL,1090,112,1154,NULL,0,NULL),(1155,5,'Operating_System','Specify the standard operating system selected for this server type',NULL,NULL,NULL,NULL,'0000-00-00 00:00:00','0000-00-00 00:00:00',109,1,'Number',NULL,1090,112,1155,NULL,0,NULL),(1156,6,NULL,'Estimate the average number of years before this server type are replaced at the data centre facility',NULL,NULL,NULL,NULL,'0000-00-00 00:00:00','0000-00-00 00:00:00',109,1,'Number',NULL,1090,112,1156,NULL,0,NULL),(1157,1,NULL,'Specify the number of physical CPUs in a standard Data Storage server',NULL,NULL,NULL,NULL,'0000-00-00 00:00:00','0000-00-00 00:00:00',109,1,'Number',NULL,1091,112,1157,NULL,0,NULL),(1158,2,NULL,'Specify the number of standard Data Storage servers installed per site',NULL,NULL,NULL,NULL,'0000-00-00 00:00:00','0000-00-00 00:00:00',109,1,'Number',NULL,1091,112,1158,NULL,0,NULL),(1159,3,'Seq_Proc_Manuf','Specify the main manufacturer of standard Data Storage servers installed per site',NULL,NULL,NULL,NULL,'0000-00-00 00:00:00','0000-00-00 00:00:00',109,1,'Number',NULL,1091,112,1159,NULL,0,NULL),(1160,4,'Operating_System','Specify the standard operating system selected for this server type',NULL,NULL,NULL,NULL,'0000-00-00 00:00:00','0000-00-00 00:00:00',109,1,'Number',NULL,1091,112,1160,NULL,0,NULL),(1161,5,NULL,'Estimate the average number of years before this server type are replaced at the data centre facility',NULL,NULL,NULL,NULL,'0000-00-00 00:00:00','0000-00-00 00:00:00',109,1,'Number',NULL,1091,112,1161,NULL,0,NULL),(1162,6,NULL,'Specify the average number of RAID controller cards installed per Data Storage server',NULL,NULL,NULL,NULL,'0000-00-00 00:00:00','0000-00-00 00:00:00',109,1,'Number',NULL,1091,112,1162,NULL,0,NULL),(1163,7,NULL,'Estimate the total HDD disk storage installed per site (in TB)',NULL,NULL,NULL,NULL,'0000-00-00 00:00:00','0000-00-00 00:00:00',109,1,'Number',NULL,1091,112,1163,NULL,0,NULL),(1164,8,NULL,'Estimate the total SDD disk storage installed per site (in TB)',NULL,NULL,NULL,NULL,'0000-00-00 00:00:00','0000-00-00 00:00:00',109,1,'Number',NULL,1091,112,1164,NULL,0,NULL),(1165,9,NULL,'Estimate the average number of years before data storage disks are replaced at the data centre facility',NULL,NULL,NULL,NULL,'0000-00-00 00:00:00','0000-00-00 00:00:00',109,1,'Number',NULL,1091,112,1165,NULL,0,NULL),(1166,1,'Confirmation','Do you use a private cloud / HCI environment? (Yes / No)',NULL,NULL,NULL,NULL,'0000-00-00 00:00:00','0000-00-00 00:00:00',109,1,'Number',NULL,1092,112,1166,NULL,0,NULL),(1167,2,NULL,'Specify the number of VMs in the environment',NULL,NULL,NULL,NULL,'0000-00-00 00:00:00','0000-00-00 00:00:00',109,1,'Number',NULL,1092,112,1167,NULL,0,NULL),(1168,3,NULL,'Estimate the total Data Storage in the environment (in TB)',NULL,NULL,NULL,NULL,'0000-00-00 00:00:00','0000-00-00 00:00:00',109,1,'Number',NULL,1092,112,1168,NULL,0,NULL),(1169,4,NULL,'Estimate the total number of racks installed to support private cloud / HCI servers',NULL,NULL,NULL,NULL,'0000-00-00 00:00:00','0000-00-00 00:00:00',109,1,'Number',NULL,1092,112,1169,NULL,0,NULL),(1170,5,NULL,'Specify the average PDU rating per rack (AMPS)',NULL,NULL,NULL,NULL,'0000-00-00 00:00:00','0000-00-00 00:00:00',109,1,'Number',NULL,1092,112,1170,NULL,0,NULL),(1171,6,NULL,'Estimate the number of Private Cloud / HCI servers installed',NULL,NULL,NULL,NULL,'0000-00-00 00:00:00','0000-00-00 00:00:00',109,1,'Number',NULL,1092,112,1171,NULL,0,NULL),(1172,7,'Seq_Proc_Manuf','Specify the main manufacturer of standard servers installed per site',NULL,NULL,NULL,NULL,'0000-00-00 00:00:00','0000-00-00 00:00:00',109,1,'Number',NULL,1092,112,1172,NULL,0,NULL),(1173,8,NULL,'Specify the average number of physical CPUs in a standard Private Cloud / HCI server',NULL,NULL,NULL,NULL,'0000-00-00 00:00:00','0000-00-00 00:00:00',109,1,'Number',NULL,1092,112,1173,NULL,0,NULL),(1174,9,'Seq_Proc_Manuf','Specify the main manufacturer of Private cloud / HCI Data Storage',NULL,NULL,NULL,NULL,'0000-00-00 00:00:00','0000-00-00 00:00:00',109,1,'Number',NULL,1092,112,1174,NULL,0,NULL),(1175,10,NULL,'Estimate the average number of years before Private Cloud / HCI equipment is replaced at the data centre facility',NULL,NULL,NULL,NULL,'0000-00-00 00:00:00','0000-00-00 00:00:00',109,1,'Number',NULL,1092,112,1175,NULL,0,NULL),(1176,1,NULL,'Specify Location',NULL,NULL,NULL,NULL,'0000-00-00 00:00:00','0000-00-00 00:00:00',109,1,'Location',NULL,1093,112,1176,NULL,0,NULL),(1177,2,NULL,'Specify number of support FTE',NULL,NULL,NULL,NULL,'0000-00-00 00:00:00','0000-00-00 00:00:00',109,1,'Number',NULL,1093,112,1177,NULL,0,NULL),(1178,3,NULL,'Estimate the % of time allocated per FTE',NULL,NULL,NULL,NULL,'0000-00-00 00:00:00','0000-00-00 00:00:00',109,1,'Number',NULL,1093,112,1178,NULL,0,NULL),(1179,1,NULL,'Specify the country in which data centre is located','Specify the country in which data centre is located',1,'GCG','GCG','0000-00-00 00:00:00','0000-00-00 00:00:00',109,1,'Location',NULL,1082,113,1179,NULL,0,NULL),(1180,2,NULL,'Specify region / state in which the data centre is located','Specify region / state in which the data centre is located',1,'GCG','GCG','0000-00-00 00:00:00','0000-00-00 00:00:00',109,1,'Region',NULL,1082,113,1180,NULL,0,NULL),(1181,3,NULL,'Specify the city in which data centre is located','Specify the city in which data centre is located',1,'GCG','GCG','0000-00-00 00:00:00','0000-00-00 00:00:00',109,1,'Text',NULL,1082,113,1181,NULL,0,NULL),(1182,4,NULL,'Specify the PUE rating for the data centre facility','Specify the PUE rating for the data centre facility',1,'GCG','GCG','0000-00-00 00:00:00','0000-00-00 00:00:00',109,1,'Number',NULL,1082,113,1182,NULL,0,NULL),(1186,1,NULL,'Estimate the total number of rack cabinets installed per site','Estimate the total number of rack cabinets installed per site',NULL,NULL,NULL,'0000-00-00 00:00:00','0000-00-00 00:00:00',109,1,'Number',NULL,1094,113,1186,NULL,0,NULL),(1187,2,'PDU_rating','Specify the average PDU rating per rack cabinet (AMPS)','Specify the average PDU rating per rack cabinet (AMPS)',NULL,NULL,NULL,'0000-00-00 00:00:00','0000-00-00 00:00:00',109,1,'Number',NULL,1094,113,1187,NULL,0,NULL),(1188,3,NULL,'Estimate the average number of years before racks are replaced at the data centre facility','Estimate the average number of years before racks are replaced at the data centre facility',NULL,NULL,NULL,'0000-00-00 00:00:00','0000-00-00 00:00:00',109,1,'Number',NULL,1094,113,1188,NULL,0,NULL),(1189,1,NULL,'Specify the number of physical CPUs in a standard Tower server','Specify the number of physical CPUs in a standard Tower server',NULL,NULL,NULL,'0000-00-00 00:00:00','0000-00-00 00:00:00',109,1,'Number',NULL,1095,113,1189,NULL,0,NULL),(1190,2,NULL,'Specify the number of standard Tower servers installed per site',NULL,NULL,NULL,NULL,'0000-00-00 00:00:00','0000-00-00 00:00:00',109,1,'Number',NULL,1095,113,1190,NULL,0,NULL),(1191,3,'Seq_Proc_Manuf','Specify the main manufacturer of standard Tower servers installed per site',NULL,NULL,NULL,NULL,'0000-00-00 00:00:00','0000-00-00 00:00:00',109,1,'Number',NULL,1095,113,1191,NULL,0,NULL),(1192,4,'Operating_System','Specify the standard operating system selected for this server type',NULL,NULL,NULL,NULL,'0000-00-00 00:00:00','0000-00-00 00:00:00',109,1,'Number',NULL,1095,113,1192,NULL,0,NULL),(1193,5,NULL,'Estimate the average number of years before this server type are replaced at the data centre facility',NULL,NULL,NULL,NULL,'0000-00-00 00:00:00','0000-00-00 00:00:00',109,1,'Number',NULL,1095,113,1193,NULL,0,NULL),(1196,1,NULL,'Specify the number of physical CPUs in a standard Rack server',NULL,NULL,NULL,NULL,'0000-00-00 00:00:00','0000-00-00 00:00:00',109,1,'Number',NULL,1096,113,1196,NULL,0,NULL),(1197,2,NULL,'Specify the number of standard Rack servers installed per site',NULL,NULL,NULL,NULL,'0000-00-00 00:00:00','0000-00-00 00:00:00',109,1,'Number',NULL,1096,113,1197,NULL,0,NULL),(1198,3,'Seq_Proc_Manuf','Specify the main manufacturer of standard Rack servers installed per site',NULL,NULL,NULL,NULL,'0000-00-00 00:00:00','0000-00-00 00:00:00',109,1,'Number',NULL,1096,113,1198,NULL,0,NULL),(1199,4,'Operating_System','Specify the standard operating system selected for this server type',NULL,NULL,NULL,NULL,'0000-00-00 00:00:00','0000-00-00 00:00:00',109,1,'Number',NULL,1096,113,1199,NULL,0,NULL),(1200,5,NULL,'Estimate the average number of years before this server type are replaced at the data centre facility',NULL,NULL,NULL,NULL,'0000-00-00 00:00:00','0000-00-00 00:00:00',109,1,'Number',NULL,1096,113,1200,NULL,0,NULL),(1203,1,NULL,'Specify the number of physical CPUs in a standard Blade server',NULL,NULL,NULL,NULL,'0000-00-00 00:00:00','0000-00-00 00:00:00',109,1,'Number',NULL,1097,113,1203,NULL,0,NULL),(1204,2,NULL,'Specify the number of standard Blade servers installed per site',NULL,NULL,NULL,NULL,'0000-00-00 00:00:00','0000-00-00 00:00:00',109,1,'Number',NULL,1097,113,1204,NULL,0,NULL),(1205,3,'Seq_Proc_Manuf','Specify the main manufacturer of standard Blade servers installed per site',NULL,NULL,NULL,NULL,'0000-00-00 00:00:00','0000-00-00 00:00:00',109,1,'Number',NULL,1097,113,1205,NULL,0,NULL),(1206,4,'Operating_System','Specify the standard operating system selected for this server type',NULL,NULL,NULL,NULL,'0000-00-00 00:00:00','0000-00-00 00:00:00',109,1,'Number',NULL,1097,113,1206,NULL,0,NULL),(1207,5,NULL,'Estimate the average number of years before this server type are replaced at the data centre facility',NULL,NULL,NULL,NULL,'0000-00-00 00:00:00','0000-00-00 00:00:00',109,1,'Number',NULL,1097,113,1207,NULL,0,NULL),(1210,1,NULL,'Specify the number of cores in a standard Mid Range server',NULL,NULL,NULL,NULL,'0000-00-00 00:00:00','0000-00-00 00:00:00',109,1,'Number',NULL,1098,113,1210,NULL,0,NULL),(1211,2,NULL,'Specify the number of standard Mid Range servers installed per site',NULL,NULL,NULL,NULL,'0000-00-00 00:00:00','0000-00-00 00:00:00',109,1,'Number',NULL,1098,113,1211,NULL,0,NULL),(1212,3,'Seq_Proc_Manuf','Specify the main manufacturer of standard Mid Range servers installed per site',NULL,NULL,NULL,NULL,'0000-00-00 00:00:00','0000-00-00 00:00:00',109,1,'Number',NULL,1098,113,1212,NULL,0,NULL),(1213,4,'Operating_System','Specify the standard operating system selected for this server type',NULL,NULL,NULL,NULL,'0000-00-00 00:00:00','0000-00-00 00:00:00',109,1,'Number',NULL,1098,113,1213,NULL,0,NULL),(1214,5,NULL,'Estimate the average number of years before this server type are replaced at the data centre facility',NULL,NULL,NULL,NULL,'0000-00-00 00:00:00','0000-00-00 00:00:00',109,1,'Number',NULL,1098,113,1214,NULL,0,NULL),(1217,1,NULL,'Specify the number of cores in a standard Mainframe server',NULL,NULL,NULL,NULL,'0000-00-00 00:00:00','0000-00-00 00:00:00',109,1,'Number',NULL,1099,113,1217,NULL,0,NULL),(1218,2,NULL,'Specify the number of standard Mainframe servers installed per site',NULL,NULL,NULL,NULL,'0000-00-00 00:00:00','0000-00-00 00:00:00',109,1,'Number',NULL,1099,113,1218,NULL,0,NULL),(1219,3,'Seq_Proc_Manuf','Specify the main manufacturer of standard Mainframe servers installed per site',NULL,NULL,NULL,NULL,'0000-00-00 00:00:00','0000-00-00 00:00:00',109,1,'Number',NULL,1099,113,1219,NULL,0,NULL),(1220,4,'Operating_System','Specify the standard operating system selected for this server type',NULL,NULL,NULL,NULL,'0000-00-00 00:00:00','0000-00-00 00:00:00',109,1,'Number',NULL,1099,113,1220,NULL,0,NULL),(1221,5,NULL,'Estimate the average number of years before this server type are replaced at the data centre facility',NULL,NULL,NULL,NULL,'0000-00-00 00:00:00','0000-00-00 00:00:00',109,1,'Number',NULL,1099,113,1221,NULL,0,NULL),(1224,1,NULL,'Specify the number of physical CPUs in a standard GPU server',NULL,NULL,NULL,NULL,'0000-00-00 00:00:00','0000-00-00 00:00:00',109,1,'Number',NULL,1100,113,1224,NULL,0,NULL),(1225,2,NULL,'Specify the number of standard GPU servers installed per site',NULL,NULL,NULL,NULL,'0000-00-00 00:00:00','0000-00-00 00:00:00',109,1,'Number',NULL,1100,113,1225,NULL,0,NULL),(1226,3,'Seq_Proc_Manuf','Specify the main manufacturer of standard GPU servers installed per site',NULL,NULL,NULL,NULL,'0000-00-00 00:00:00','0000-00-00 00:00:00',109,1,'Number',NULL,1100,113,1226,NULL,0,NULL),(1227,4,NULL,'Specify the number of GPUs per standard GPU server',NULL,NULL,NULL,NULL,'0000-00-00 00:00:00','0000-00-00 00:00:00',109,1,'Number',NULL,1100,113,1227,NULL,0,NULL),(1228,5,'Operating_System','Specify the standard operating system selected for this server type',NULL,NULL,NULL,NULL,'0000-00-00 00:00:00','0000-00-00 00:00:00',109,1,'Number',NULL,1100,113,1228,NULL,0,NULL),(1229,6,NULL,'Estimate the average number of years before this server type are replaced at the data centre facility',NULL,NULL,NULL,NULL,'0000-00-00 00:00:00','0000-00-00 00:00:00',109,1,'Number',NULL,1100,113,1229,NULL,0,NULL),(1231,1,NULL,'Specify the number of physical CPUs in a standard Data Storage server',NULL,NULL,NULL,NULL,'0000-00-00 00:00:00','0000-00-00 00:00:00',109,1,'Number',NULL,1101,113,1231,NULL,0,NULL),(1232,2,NULL,'Specify the number of standard Data Storage servers installed per site',NULL,NULL,NULL,NULL,'0000-00-00 00:00:00','0000-00-00 00:00:00',109,1,'Number',NULL,1101,113,1232,NULL,0,NULL),(1233,3,'Seq_Proc_Manuf','Specify the main manufacturer of standard Data Storage servers installed per site',NULL,NULL,NULL,NULL,'0000-00-00 00:00:00','0000-00-00 00:00:00',109,1,'Number',NULL,1101,113,1233,NULL,0,NULL),(1234,4,'Operating_System','Specify the standard operating system selected for this server type',NULL,NULL,NULL,NULL,'0000-00-00 00:00:00','0000-00-00 00:00:00',109,1,'Number',NULL,1101,113,1234,NULL,0,NULL),(1235,5,NULL,'Estimate the average number of years before this server type are replaced at the data centre facility',NULL,NULL,NULL,NULL,'0000-00-00 00:00:00','0000-00-00 00:00:00',109,1,'Number',NULL,1101,113,1235,NULL,0,NULL),(1236,6,NULL,'Specify the average number of RAID controller cards installed per Data Storage server',NULL,NULL,NULL,NULL,'0000-00-00 00:00:00','0000-00-00 00:00:00',109,1,'Number',NULL,1101,113,1236,NULL,0,NULL),(1237,7,NULL,'Estimate the total HDD disk storage installed per site (in TB)',NULL,NULL,NULL,NULL,'0000-00-00 00:00:00','0000-00-00 00:00:00',109,1,'Number',NULL,1101,113,1237,NULL,0,NULL),(1238,8,NULL,'Estimate the total SDD disk storage installed per site (in TB)',NULL,NULL,NULL,NULL,'0000-00-00 00:00:00','0000-00-00 00:00:00',109,1,'Number',NULL,1101,113,1238,NULL,0,NULL),(1239,9,NULL,'Estimate the average number of years before data storage disks are replaced at the data centre facility',NULL,NULL,NULL,NULL,'0000-00-00 00:00:00','0000-00-00 00:00:00',109,1,'Number',NULL,1101,113,1239,NULL,0,NULL),(1246,1,'Confirmation','Do you use a private cloud / HCI environment? (Yes / No)',NULL,NULL,NULL,NULL,'0000-00-00 00:00:00','0000-00-00 00:00:00',109,1,'Number',NULL,1102,113,1246,NULL,0,NULL),(1247,2,NULL,'Specify the number of VMs in the environment',NULL,NULL,NULL,NULL,'0000-00-00 00:00:00','0000-00-00 00:00:00',109,1,'Number',NULL,1102,113,1247,NULL,0,NULL),(1248,3,NULL,'Estimate the total Data Storage in the environment (in TB)',NULL,NULL,NULL,NULL,'0000-00-00 00:00:00','0000-00-00 00:00:00',109,1,'Number',NULL,1102,113,1248,NULL,0,NULL),(1249,4,NULL,'Estimate the total number of racks installed to support private cloud / HCI servers',NULL,NULL,NULL,NULL,'0000-00-00 00:00:00','0000-00-00 00:00:00',109,1,'Number',NULL,1102,113,1249,NULL,0,NULL),(1250,5,NULL,'Specify the average PDU rating per rack (AMPS)',NULL,NULL,NULL,NULL,'0000-00-00 00:00:00','0000-00-00 00:00:00',109,1,'Number',NULL,1102,113,1250,NULL,0,NULL),(1251,6,NULL,'Estimate the number of Private Cloud / HCI servers installed',NULL,NULL,NULL,NULL,'0000-00-00 00:00:00','0000-00-00 00:00:00',109,1,'Number',NULL,1102,113,1251,NULL,0,NULL),(1252,7,'Seq_Proc_Manuf','Specify the main manufacturer of standard servers installed per site',NULL,NULL,NULL,NULL,'0000-00-00 00:00:00','0000-00-00 00:00:00',109,1,'Number',NULL,1102,113,1252,NULL,0,NULL),(1253,8,NULL,'Specify the average number of physical CPUs in a standard Private Cloud / HCI server',NULL,NULL,NULL,NULL,'0000-00-00 00:00:00','0000-00-00 00:00:00',109,1,'Number',NULL,1102,113,1253,NULL,0,NULL),(1254,9,'Seq_Proc_Manuf','Specify the main manufacturer of Private cloud / HCI Data Storage',NULL,NULL,NULL,NULL,'0000-00-00 00:00:00','0000-00-00 00:00:00',109,1,'Number',NULL,1102,113,1254,NULL,0,NULL),(1255,10,NULL,'Estimate the average number of years before Private Cloud / HCI equipment is replaced at the data centre facility',NULL,NULL,NULL,NULL,'0000-00-00 00:00:00','0000-00-00 00:00:00',109,1,'Number',NULL,1102,113,1255,NULL,0,NULL),(1261,1,NULL,'Specify Location',NULL,NULL,NULL,NULL,'0000-00-00 00:00:00','0000-00-00 00:00:00',109,1,'Location',NULL,1103,113,1261,NULL,0,NULL),(1262,2,NULL,'Specify number of support FTE',NULL,NULL,NULL,NULL,'0000-00-00 00:00:00','0000-00-00 00:00:00',109,1,'Number',NULL,1103,113,1262,NULL,0,NULL),(1263,3,NULL,'Estimate the % of time allocated per FTE',NULL,NULL,NULL,NULL,'0000-00-00 00:00:00','0000-00-00 00:00:00',109,1,'Number',NULL,1103,113,1263,NULL,0,NULL),(1264,1,NULL,'Specify the country in which data centre is located','Specify the country in which data centre is located',1,'GCG','GCG','0000-00-00 00:00:00','0000-00-00 00:00:00',109,1,'Location',NULL,1083,114,1264,NULL,0,NULL),(1265,2,NULL,'Specify region / state in which the data centre is located','Specify region / state in which the data centre is located',1,'GCG','GCG','0000-00-00 00:00:00','0000-00-00 00:00:00',109,1,'Region',NULL,1083,114,1265,NULL,0,NULL),(1266,3,NULL,'Specify the city in which data centre is located','Specify the city in which data centre is located',1,'GCG','GCG','0000-00-00 00:00:00','0000-00-00 00:00:00',109,1,'Text',NULL,1083,114,1266,NULL,0,NULL),(1267,4,NULL,'Specify the PUE rating for the data centre facility','Specify the PUE rating for the data centre facility',1,'GCG','GCG','0000-00-00 00:00:00','0000-00-00 00:00:00',109,1,'Number',NULL,1083,114,1267,NULL,0,NULL),(1271,1,NULL,'Estimate the total number of rack cabinets installed per site','Estimate the total number of rack cabinets installed per site',NULL,NULL,NULL,'0000-00-00 00:00:00','0000-00-00 00:00:00',109,1,'Number',NULL,1104,114,1271,NULL,0,NULL),(1272,2,'PDU_rating','Specify the average PDU rating per rack cabinet (AMPS)','Specify the average PDU rating per rack cabinet (AMPS)',NULL,NULL,NULL,'0000-00-00 00:00:00','0000-00-00 00:00:00',109,1,'Number',NULL,1104,114,1272,NULL,0,NULL),(1273,3,NULL,'Estimate the average number of years before racks are replaced at the data centre facility','Estimate the average number of years before racks are replaced at the data centre facility',NULL,NULL,NULL,'0000-00-00 00:00:00','0000-00-00 00:00:00',109,1,'Number',NULL,1104,114,1273,NULL,0,NULL),(1274,1,NULL,'Specify the number of physical CPUs in a standard Tower server','Specify the number of physical CPUs in a standard Tower server',NULL,NULL,NULL,'0000-00-00 00:00:00','0000-00-00 00:00:00',109,1,'Number',NULL,1105,114,1274,NULL,0,NULL),(1275,2,NULL,'Specify the number of standard Tower servers installed per site',NULL,NULL,NULL,NULL,'0000-00-00 00:00:00','0000-00-00 00:00:00',109,1,'Number',NULL,1105,114,1275,NULL,0,NULL),(1276,3,'Seq_Proc_Manuf','Specify the main manufacturer of standard Tower servers installed per site',NULL,NULL,NULL,NULL,'0000-00-00 00:00:00','0000-00-00 00:00:00',109,1,'Number',NULL,1105,114,1276,NULL,0,NULL),(1277,4,'Operating_System','Specify the standard operating system selected for this server type',NULL,NULL,NULL,NULL,'0000-00-00 00:00:00','0000-00-00 00:00:00',109,1,'Number',NULL,1105,114,1277,NULL,0,NULL),(1278,5,NULL,'Estimate the average number of years before this server type are replaced at the data centre facility',NULL,NULL,NULL,NULL,'0000-00-00 00:00:00','0000-00-00 00:00:00',109,1,'Number',NULL,1105,114,1278,NULL,0,NULL),(1281,1,NULL,'Specify the number of physical CPUs in a standard Rack server',NULL,NULL,NULL,NULL,'0000-00-00 00:00:00','0000-00-00 00:00:00',109,1,'Number',NULL,1106,114,1281,NULL,0,NULL),(1282,2,NULL,'Specify the number of standard Rack servers installed per site',NULL,NULL,NULL,NULL,'0000-00-00 00:00:00','0000-00-00 00:00:00',109,1,'Number',NULL,1106,114,1282,NULL,0,NULL),(1283,3,'Seq_Proc_Manuf','Specify the main manufacturer of standard Rack servers installed per site',NULL,NULL,NULL,NULL,'0000-00-00 00:00:00','0000-00-00 00:00:00',109,1,'Number',NULL,1106,114,1283,NULL,0,NULL),(1284,4,'Operating_System','Specify the standard operating system selected for this server type',NULL,NULL,NULL,NULL,'0000-00-00 00:00:00','0000-00-00 00:00:00',109,1,'Number',NULL,1106,114,1284,NULL,0,NULL),(1285,5,NULL,'Estimate the average number of years before this server type are replaced at the data centre facility',NULL,NULL,NULL,NULL,'0000-00-00 00:00:00','0000-00-00 00:00:00',109,1,'Number',NULL,1106,114,1285,NULL,0,NULL),(1288,1,NULL,'Specify the number of physical CPUs in a standard Blade server',NULL,NULL,NULL,NULL,'0000-00-00 00:00:00','0000-00-00 00:00:00',109,1,'Number',NULL,1107,114,1288,NULL,0,NULL),(1289,2,NULL,'Specify the number of standard Blade servers installed per site',NULL,NULL,NULL,NULL,'0000-00-00 00:00:00','0000-00-00 00:00:00',109,1,'Number',NULL,1107,114,1289,NULL,0,NULL),(1290,3,'Seq_Proc_Manuf','Specify the main manufacturer of standard Blade servers installed per site',NULL,NULL,NULL,NULL,'0000-00-00 00:00:00','0000-00-00 00:00:00',109,1,'Number',NULL,1107,114,1290,NULL,0,NULL),(1291,4,'Operating_System','Specify the standard operating system selected for this server type',NULL,NULL,NULL,NULL,'0000-00-00 00:00:00','0000-00-00 00:00:00',109,1,'Number',NULL,1107,114,1291,NULL,0,NULL),(1292,5,NULL,'Estimate the average number of years before this server type are replaced at the data centre facility',NULL,NULL,NULL,NULL,'0000-00-00 00:00:00','0000-00-00 00:00:00',109,1,'Number',NULL,1107,114,1292,NULL,0,NULL),(1295,1,NULL,'Specify the number of cores in a standard Mid Range server',NULL,NULL,NULL,NULL,'0000-00-00 00:00:00','0000-00-00 00:00:00',109,1,'Number',NULL,1108,114,1295,NULL,0,NULL),(1296,2,NULL,'Specify the number of standard Mid Range servers installed per site',NULL,NULL,NULL,NULL,'0000-00-00 00:00:00','0000-00-00 00:00:00',109,1,'Number',NULL,1108,114,1296,NULL,0,NULL),(1297,3,'Seq_Proc_Manuf','Specify the main manufacturer of standard Mid Range servers installed per site',NULL,NULL,NULL,NULL,'0000-00-00 00:00:00','0000-00-00 00:00:00',109,1,'Number',NULL,1108,114,1297,NULL,0,NULL),(1298,4,'Operating_System','Specify the standard operating system selected for this server type',NULL,NULL,NULL,NULL,'0000-00-00 00:00:00','0000-00-00 00:00:00',109,1,'Number',NULL,1108,114,1298,NULL,0,NULL),(1299,5,NULL,'Estimate the average number of years before this server type are replaced at the data centre facility',NULL,NULL,NULL,NULL,'0000-00-00 00:00:00','0000-00-00 00:00:00',109,1,'Number',NULL,1108,114,1299,NULL,0,NULL),(1302,1,NULL,'Specify the number of cores in a standard Mainframe server',NULL,NULL,NULL,NULL,'0000-00-00 00:00:00','0000-00-00 00:00:00',109,1,'Number',NULL,1109,114,1302,NULL,0,NULL),(1303,2,NULL,'Specify the number of standard Mainframe servers installed per site',NULL,NULL,NULL,NULL,'0000-00-00 00:00:00','0000-00-00 00:00:00',109,1,'Number',NULL,1109,114,1303,NULL,0,NULL),(1304,3,'Seq_Proc_Manuf','Specify the main manufacturer of standard Mainframe servers installed per site',NULL,NULL,NULL,NULL,'0000-00-00 00:00:00','0000-00-00 00:00:00',109,1,'Number',NULL,1109,114,1304,NULL,0,NULL),(1305,4,'Operating_System','Specify the standard operating system selected for this server type',NULL,NULL,NULL,NULL,'0000-00-00 00:00:00','0000-00-00 00:00:00',109,1,'Number',NULL,1109,114,1305,NULL,0,NULL),(1306,5,NULL,'Estimate the average number of years before this server type are replaced at the data centre facility',NULL,NULL,NULL,NULL,'0000-00-00 00:00:00','0000-00-00 00:00:00',109,1,'Number',NULL,1109,114,1306,NULL,0,NULL),(1309,1,NULL,'Specify the number of physical CPUs in a standard GPU server',NULL,NULL,NULL,NULL,'0000-00-00 00:00:00','0000-00-00 00:00:00',109,1,'Number',NULL,1110,114,1309,NULL,0,NULL),(1310,2,NULL,'Specify the number of standard GPU servers installed per site',NULL,NULL,NULL,NULL,'0000-00-00 00:00:00','0000-00-00 00:00:00',109,1,'Number',NULL,1110,114,1310,NULL,0,NULL),(1311,3,'Seq_Proc_Manuf','Specify the main manufacturer of standard GPU servers installed per site',NULL,NULL,NULL,NULL,'0000-00-00 00:00:00','0000-00-00 00:00:00',109,1,'Number',NULL,1110,114,1311,NULL,0,NULL),(1312,4,NULL,'Specify the number of GPUs per standard GPU server',NULL,NULL,NULL,NULL,'0000-00-00 00:00:00','0000-00-00 00:00:00',109,1,'Number',NULL,1110,114,1312,NULL,0,NULL),(1313,5,'Operating_System','Specify the standard operating system selected for this server type',NULL,NULL,NULL,NULL,'0000-00-00 00:00:00','0000-00-00 00:00:00',109,1,'Number',NULL,1110,114,1313,NULL,0,NULL),(1314,6,NULL,'Estimate the average number of years before this server type are replaced at the data centre facility',NULL,NULL,NULL,NULL,'0000-00-00 00:00:00','0000-00-00 00:00:00',109,1,'Number',NULL,1110,114,1314,NULL,0,NULL),(1316,1,NULL,'Specify the number of physical CPUs in a standard Data Storage server',NULL,NULL,NULL,NULL,'0000-00-00 00:00:00','0000-00-00 00:00:00',109,1,'Number',NULL,1111,114,1316,NULL,0,NULL),(1317,2,NULL,'Specify the number of standard Data Storage servers installed per site',NULL,NULL,NULL,NULL,'0000-00-00 00:00:00','0000-00-00 00:00:00',109,1,'Number',NULL,1111,114,1317,NULL,0,NULL),(1318,3,'Seq_Proc_Manuf','Specify the main manufacturer of standard Data Storage servers installed per site',NULL,NULL,NULL,NULL,'0000-00-00 00:00:00','0000-00-00 00:00:00',109,1,'Number',NULL,1111,114,1318,NULL,0,NULL),(1319,4,'Operating_System','Specify the standard operating system selected for this server type',NULL,NULL,NULL,NULL,'0000-00-00 00:00:00','0000-00-00 00:00:00',109,1,'Number',NULL,1111,114,1319,NULL,0,NULL),(1320,5,NULL,'Estimate the average number of years before this server type are replaced at the data centre facility',NULL,NULL,NULL,NULL,'0000-00-00 00:00:00','0000-00-00 00:00:00',109,1,'Number',NULL,1111,114,1320,NULL,0,NULL),(1321,6,NULL,'Specify the average number of RAID controller cards installed per Data Storage server',NULL,NULL,NULL,NULL,'0000-00-00 00:00:00','0000-00-00 00:00:00',109,1,'Number',NULL,1111,114,1321,NULL,0,NULL),(1322,7,NULL,'Estimate the total HDD disk storage installed per site (in TB)',NULL,NULL,NULL,NULL,'0000-00-00 00:00:00','0000-00-00 00:00:00',109,1,'Number',NULL,1111,114,1322,NULL,0,NULL),(1323,8,NULL,'Estimate the total SDD disk storage installed per site (in TB)',NULL,NULL,NULL,NULL,'0000-00-00 00:00:00','0000-00-00 00:00:00',109,1,'Number',NULL,1111,114,1323,NULL,0,NULL),(1324,9,NULL,'Estimate the average number of years before data storage disks are replaced at the data centre facility',NULL,NULL,NULL,NULL,'0000-00-00 00:00:00','0000-00-00 00:00:00',109,1,'Number',NULL,1111,114,1324,NULL,0,NULL),(1331,1,'Confirmation','Do you use a private cloud / HCI environment? (Yes / No)',NULL,NULL,NULL,NULL,'0000-00-00 00:00:00','0000-00-00 00:00:00',109,1,'Number',NULL,1112,114,1331,NULL,0,NULL),(1332,2,NULL,'Specify the number of VMs in the environment',NULL,NULL,NULL,NULL,'0000-00-00 00:00:00','0000-00-00 00:00:00',109,1,'Number',NULL,1112,114,1332,NULL,0,NULL),(1333,3,NULL,'Estimate the total Data Storage in the environment (in TB)',NULL,NULL,NULL,NULL,'0000-00-00 00:00:00','0000-00-00 00:00:00',109,1,'Number',NULL,1112,114,1333,NULL,0,NULL),(1334,4,NULL,'Estimate the total number of racks installed to support private cloud / HCI servers',NULL,NULL,NULL,NULL,'0000-00-00 00:00:00','0000-00-00 00:00:00',109,1,'Number',NULL,1112,114,1334,NULL,0,NULL),(1335,5,NULL,'Specify the average PDU rating per rack (AMPS)',NULL,NULL,NULL,NULL,'0000-00-00 00:00:00','0000-00-00 00:00:00',109,1,'Number',NULL,1112,114,1335,NULL,0,NULL),(1336,6,NULL,'Estimate the number of Private Cloud / HCI servers installed',NULL,NULL,NULL,NULL,'0000-00-00 00:00:00','0000-00-00 00:00:00',109,1,'Number',NULL,1112,114,1336,NULL,0,NULL),(1337,7,'Seq_Proc_Manuf','Specify the main manufacturer of standard servers installed per site',NULL,NULL,NULL,NULL,'0000-00-00 00:00:00','0000-00-00 00:00:00',109,1,'Number',NULL,1112,114,1337,NULL,0,NULL),(1338,8,NULL,'Specify the average number of physical CPUs in a standard Private Cloud / HCI server',NULL,NULL,NULL,NULL,'0000-00-00 00:00:00','0000-00-00 00:00:00',109,1,'Number',NULL,1112,114,1338,NULL,0,NULL),(1339,9,'Seq_Proc_Manuf','Specify the main manufacturer of Private cloud / HCI Data Storage',NULL,NULL,NULL,NULL,'0000-00-00 00:00:00','0000-00-00 00:00:00',109,1,'Number',NULL,1112,114,1339,NULL,0,NULL),(1340,10,NULL,'Estimate the average number of years before Private Cloud / HCI equipment is replaced at the data centre facility',NULL,NULL,NULL,NULL,'0000-00-00 00:00:00','0000-00-00 00:00:00',109,1,'Number',NULL,1112,114,1340,NULL,0,NULL),(1346,1,NULL,'Specify Location',NULL,NULL,NULL,NULL,'0000-00-00 00:00:00','0000-00-00 00:00:00',109,1,'Location',NULL,1113,114,1346,NULL,0,NULL),(1347,2,NULL,'Specify number of support FTE',NULL,NULL,NULL,NULL,'0000-00-00 00:00:00','0000-00-00 00:00:00',109,1,'Number',NULL,1113,114,1347,NULL,0,NULL),(1348,3,NULL,'Estimate the % of time allocated per FTE',NULL,NULL,NULL,NULL,'0000-00-00 00:00:00','0000-00-00 00:00:00',109,1,'Number',NULL,1113,114,1348,NULL,0,NULL),(1349,1,'','Specify service provider or team name','Specify service provider or team name',NULL,NULL,NULL,'0000-00-00 00:00:00','0000-00-00 00:00:00',110,1,'Text',NULL,1114,115,1349,NULL,0,NULL),(1350,2,'','Number of office location','Number of office location',NULL,NULL,NULL,'0000-00-00 00:00:00','0000-00-00 00:00:00',110,1,'Number',NULL,1114,115,1350,NULL,0,NULL),(1351,1,NULL,'Specify the country in which data centre is located','Specify the country in which data centre is located',NULL,NULL,NULL,'0000-00-00 00:00:00','0000-00-00 00:00:00',110,1,'Location',NULL,1115,116,1351,NULL,0,NULL),(1352,2,NULL,'Specify the city in which data centre is located','Specify the city in which data centre is located',NULL,NULL,NULL,'0000-00-00 00:00:00','0000-00-00 00:00:00',110,1,'Text',NULL,1115,116,1351,NULL,0,NULL),(1353,3,NULL,'Specify region / state in which the data centre is located','Specify region / state in which the data centre is located',NULL,NULL,NULL,'0000-00-00 00:00:00','0000-00-00 00:00:00',110,1,'Region',NULL,1115,116,1352,NULL,0,NULL),(1354,4,NULL,'State business working days in year','State business working days in year',NULL,NULL,NULL,'0000-00-00 00:00:00','0000-00-00 00:00:00',110,1,'Number',NULL,1115,116,1353,NULL,0,NULL),(1355,5,NULL,'State normal working hours per day','State normal working hours per day',NULL,NULL,NULL,'0000-00-00 00:00:00','0000-00-00 00:00:00',110,1,'Number',NULL,1115,116,1354,NULL,0,NULL),(1356,6,NULL,'Estimate number of business users in each location','Estimate number of business users in each location',NULL,NULL,NULL,'0000-00-00 00:00:00','0000-00-00 00:00:00',110,1,'Number',NULL,1115,116,1355,NULL,0,NULL),(1357,1,NULL,'For each location specify LAN bandwidth provisioned in Mbps','For each location specify LAN bandwidth provisioned in Mbps',NULL,NULL,NULL,'0000-00-00 00:00:00','0000-00-00 00:00:00',110,1,'Number',NULL,1116,116,1356,NULL,0,NULL),(1358,2,NULL,'For each location state average monthly data volume transferred across the network in MB','For each location state average monthly data volume transferred across the network in MB',NULL,NULL,NULL,'0000-00-00 00:00:00','0000-00-00 00:00:00',110,1,'Number',NULL,1116,116,1357,NULL,0,NULL),(1359,3,NULL,'Specify the main router manufacturer for each location','Specify the main router manufacturer for each location',NULL,NULL,NULL,'0000-00-00 00:00:00','0000-00-00 00:00:00',110,1,'Dropdown',NULL,1116,116,1358,NULL,0,NULL),(1360,4,NULL,'Specify number of routers installed at each location','Specify number of routers installed at each location',NULL,NULL,NULL,'0000-00-00 00:00:00','0000-00-00 00:00:00',110,1,'Number',NULL,1116,116,1359,NULL,0,NULL),(1361,5,NULL,'Specify average number of AIM modules per router','Specify average number of AIM modules per router',NULL,NULL,NULL,'0000-00-00 00:00:00','0000-00-00 00:00:00',110,1,'Number',NULL,1116,116,1360,NULL,0,NULL),(1362,6,NULL,'Specify average number of HWIC cards per router','Specify average number of HWIC cards per router',NULL,NULL,NULL,'0000-00-00 00:00:00','0000-00-00 00:00:00',110,1,'Number',NULL,1116,116,1361,NULL,0,NULL),(1363,7,NULL,'Estimate the average number of years before hardware is replaced','Estimate the average number of years before hardware is replaced',NULL,NULL,NULL,'0000-00-00 00:00:00','0000-00-00 00:00:00',110,1,'Number',NULL,1116,116,1362,NULL,0,NULL),(1364,8,NULL,'Specify the main switch manufacturer for each location','Specify the main switch manufacturer for each location',NULL,NULL,NULL,'0000-00-00 00:00:00','0000-00-00 00:00:00',110,1,'Dropdown',NULL,1116,116,1363,NULL,0,NULL),(1365,9,NULL,'Specify number of switches installed at each location','Specify number of switches installed at each location',NULL,NULL,NULL,'0000-00-00 00:00:00','0000-00-00 00:00:00',110,1,'Number',NULL,1116,116,1364,NULL,0,NULL),(1366,10,NULL,'Specify the average number of ports per switch','Specify the average number of ports per switch',NULL,NULL,NULL,'0000-00-00 00:00:00','0000-00-00 00:00:00',110,1,'Number',NULL,1116,116,1365,NULL,0,NULL),(1367,11,NULL,'Estimate the average number of years before hardware is replaced','Estimate the average number of years before hardware is replaced',NULL,NULL,NULL,'0000-00-00 00:00:00','0000-00-00 00:00:00',110,1,'Number',NULL,1116,116,1367,NULL,0,NULL),(1368,12,NULL,'Specify the main Wireless LAN Controller (WLC) manufacturer for each location','Specify the main Wireless LAN Controller (WLC) manufacturer for each location',NULL,NULL,NULL,'0000-00-00 00:00:00','0000-00-00 00:00:00',110,1,'Dropdown',NULL,1116,116,1368,NULL,0,NULL),(1369,13,NULL,'Specify number of WLC installed at each location','Specify number of WLC installed at each location',NULL,NULL,NULL,'0000-00-00 00:00:00','0000-00-00 00:00:00',110,1,'Number',NULL,1116,116,1369,NULL,0,NULL),(1370,14,NULL,'Specify the main Radio Access Point manufacturer for each location','Specify the main Radio Access Point manufacturer for each location',NULL,NULL,NULL,'0000-00-00 00:00:00','0000-00-00 00:00:00',110,1,'Dropdown',NULL,1116,116,1370,NULL,0,NULL),(1371,15,NULL,'Specify number of Radio Access Points installed at each location','Specify number of Radio Access Points installed at each location',NULL,NULL,NULL,'0000-00-00 00:00:00','0000-00-00 00:00:00',110,1,'Number',NULL,1116,116,1371,NULL,0,NULL),(1372,16,NULL,'Estimate the average number of years before hardware is replaced','Estimate the average number of years before hardware is replaced',NULL,NULL,NULL,'0000-00-00 00:00:00','0000-00-00 00:00:00',110,1,'Number',NULL,1116,116,1372,NULL,0,NULL),(1373,17,NULL,'Specify the data centre Power Usage Effectiveness or Office Location EPC Rating','Specify the data centre Power Usage Effectiveness or Office Location EPC Rating',NULL,NULL,NULL,'0000-00-00 00:00:00','0000-00-00 00:00:00',110,1,'Number',NULL,1116,116,1373,NULL,0,NULL),(1374,1,NULL,'For each location specify WAN bandwidth provisioned in Mbps','For each location specify WAN bandwidth provisioned in Mbps',NULL,NULL,NULL,'0000-00-00 00:00:00','0000-00-00 00:00:00',110,1,'Number',NULL,1117,116,1374,NULL,0,NULL),(1375,2,NULL,'For each location state average monthly data volume transferred across the network in MB','For each location state average monthly data volume transferred across the network in MB',NULL,NULL,NULL,'0000-00-00 00:00:00','0000-00-00 00:00:00',110,1,'Number',NULL,1117,116,1375,NULL,0,NULL),(1376,3,NULL,'Specify the main router manufacturer for each location','Specify the main router manufacturer for each location',NULL,NULL,NULL,'0000-00-00 00:00:00','0000-00-00 00:00:00',110,1,'Dropdown',NULL,1117,116,1376,NULL,0,NULL),(1377,4,NULL,'Specify number of routers installed at each location','Specify number of routers installed at each location',NULL,NULL,NULL,'0000-00-00 00:00:00','0000-00-00 00:00:00',110,1,'Number',NULL,1117,116,1377,NULL,0,NULL),(1378,5,NULL,'Specify average number of AIM modules per router','Specify average number of AIM modules per router',NULL,NULL,NULL,'0000-00-00 00:00:00','0000-00-00 00:00:00',110,1,'Number',NULL,1117,116,1378,NULL,0,NULL),(1379,6,NULL,'Specify average number of HWIC cards per router','Specify average number of HWIC cards per router',NULL,NULL,NULL,'0000-00-00 00:00:00','0000-00-00 00:00:00',110,1,'Number',NULL,1117,116,1379,NULL,0,NULL),(1380,7,NULL,'Estimate the average number of years before hardware is replaced','Estimate the average number of years before hardware is replaced',NULL,NULL,NULL,'0000-00-00 00:00:00','0000-00-00 00:00:00',110,1,'Number',NULL,1117,116,1380,NULL,0,NULL),(1381,8,NULL,'Specify the main switch manufacturer for each location','Specify the main switch manufacturer for each location',NULL,NULL,NULL,'0000-00-00 00:00:00','0000-00-00 00:00:00',110,1,'Dropdown',NULL,1117,116,1381,NULL,0,NULL),(1382,9,NULL,'Specify number of switches installed at each location','Specify number of switches installed at each location',NULL,NULL,NULL,'0000-00-00 00:00:00','0000-00-00 00:00:00',110,1,'Number',NULL,1117,116,1382,NULL,0,NULL),(1383,10,NULL,'Specify the average number of ports per switch','Specify the average number of ports per switch',NULL,NULL,NULL,'0000-00-00 00:00:00','0000-00-00 00:00:00',110,1,'Number',NULL,1117,116,1383,NULL,0,NULL),(1384,11,NULL,'Estimate the average number of years before hardware is replaced','Estimate the average number of years before hardware is replaced',NULL,NULL,NULL,'0000-00-00 00:00:00','0000-00-00 00:00:00',110,1,'Number',NULL,1117,116,1384,NULL,0,NULL),(1385,12,NULL,'Specify the main Firewall manufacturer for each location','Specify the main Firewall manufacturer for each location',NULL,NULL,NULL,'0000-00-00 00:00:00','0000-00-00 00:00:00',110,1,'Dropdown',NULL,1117,116,1385,NULL,0,NULL),(1386,13,NULL,'Specify number of Firewalls installed at each location','Specify number of Firewalls installed at each location',NULL,NULL,NULL,'0000-00-00 00:00:00','0000-00-00 00:00:00',110,1,'Number',NULL,1117,116,1386,NULL,0,NULL),(1387,14,NULL,'Estimate the average number of years before hardware is replaced','Estimate the average number of years before hardware is replaced',NULL,NULL,NULL,'0000-00-00 00:00:00','0000-00-00 00:00:00',110,1,'Number',NULL,1117,116,1387,NULL,0,NULL),(1388,15,NULL,'Specify the main Multiplexer manufacturer for each location','Specify the main Multiplexer manufacturer for each location',NULL,NULL,NULL,'0000-00-00 00:00:00','0000-00-00 00:00:00',110,1,'Dropdown',NULL,1117,116,1388,NULL,0,NULL),(1389,16,NULL,'Specify number of Multiplexer installed at each location','Specify number of Multiplexer installed at each location',NULL,NULL,NULL,'0000-00-00 00:00:00','0000-00-00 00:00:00',110,1,'Number',NULL,1117,116,1389,NULL,0,NULL),(1390,17,NULL,'Estimate the average number of years before hardware is replaced','Estimate the average number of years before hardware is replaced',NULL,NULL,NULL,'0000-00-00 00:00:00','0000-00-00 00:00:00',110,1,'Number',NULL,1117,116,1390,NULL,0,NULL),(1391,18,NULL,'Specify the data centre Power Usage Effectiveness or Office Location EPC Rating','Specify the data centre Power Usage Effectiveness or Office Location EPC Rating',NULL,NULL,NULL,'0000-00-00 00:00:00','0000-00-00 00:00:00',110,1,'Number',NULL,1117,116,1391,NULL,0,NULL),(1392,0,NULL,NULL,NULL,NULL,NULL,NULL,'0000-00-00 00:00:00','0000-00-00 00:00:00',NULL,NULL,NULL,NULL,NULL,NULL,NULL,NULL,0,NULL);

--
